-- Table structure for table `colors`
--

CREATE TABLE `colors` (
  `id` int(11) NOT NULL,
  `name` varchar(30) DEFAULT NULL,
  `code` varchar(10) DEFAULT NULL,
  `created_at` timestamp NOT NULL DEFAULT current_timestamp(),
  `updated_at` timestamp NOT NULL DEFAULT current_timestamp()
) ENGINE=InnoDB DEFAULT CHARSET=utf8 COLLATE=utf8_unicode_ci;

--
-- Dumping data for table `colors`
--

INSERT INTO `colors` (`id`, `name`, `code`, `created_at`, `updated_at`) VALUES
(1, 'IndianRed', '#CD5C5C', '2018-11-05 02:12:26', '2018-11-05 02:12:26'),
(2, 'LightCoral', '#F08080', '2018-11-05 02:12:26', '2018-11-05 02:12:26'),
(3, 'Salmon', '#FA8072', '2018-11-05 02:12:26', '2018-11-05 02:12:26'),
(4, 'DarkSalmon', '#E9967A', '2018-11-05 02:12:26', '2018-11-05 02:12:26'),
(5, 'LightSalmon', '#FFA07A', '2018-11-05 02:12:26', '2018-11-05 02:12:26'),
(6, 'Crimson', '#DC143C', '2018-11-05 02:12:26', '2018-11-05 02:12:26'),
(7, 'Red', '#FF0000', '2018-11-05 02:12:26', '2018-11-05 02:12:26'),
(8, 'FireBrick', '#B22222', '2018-11-05 02:12:26', '2018-11-05 02:12:26'),
(9, 'DarkRed', '#8B0000', '2018-11-05 02:12:26', '2018-11-05 02:12:26'),
(10, 'Pink', '#FFC0CB', '2018-11-05 02:12:26', '2018-11-05 02:12:26'),
(11, 'LightPink', '#FFB6C1', '2018-11-05 02:12:26', '2018-11-05 02:12:26'),
(12, 'HotPink', '#FF69B4', '2018-11-05 02:12:26', '2018-11-05 02:12:26'),
(13, 'DeepPink', '#FF1493', '2018-11-05 02:12:26', '2018-11-05 02:12:26'),
(14, 'MediumVioletRed', '#C71585', '2018-11-05 02:12:26', '2018-11-05 02:12:26'),
(15, 'PaleVioletRed', '#DB7093', '2018-11-05 02:12:26', '2018-11-05 02:12:26'),
(16, 'LightSalmon', '#FFA07A', '2018-11-05 02:12:26', '2018-11-05 02:12:26'),
(17, 'Coral', '#FF7F50', '2018-11-05 02:12:26', '2018-11-05 02:12:26'),
(18, 'Tomato', '#FF6347', '2018-11-05 02:12:26', '2018-11-05 02:12:26'),
(19, 'OrangeRed', '#FF4500', '2018-11-05 02:12:26', '2018-11-05 02:12:26'),
(20, 'DarkOrange', '#FF8C00', '2018-11-05 02:12:26', '2018-11-05 02:12:26'),
(21, 'Orange', '#FFA500', '2018-11-05 02:12:26', '2018-11-05 02:12:26'),
(22, 'Gold', '#FFD700', '2018-11-05 02:12:26', '2018-11-05 02:12:26'),
(23, 'Yellow', '#FFFF00', '2018-11-05 02:12:26', '2018-11-05 02:12:26'),
(24, 'LightYellow', '#FFFFE0', '2018-11-05 02:12:26', '2018-11-05 02:12:26'),
(25, 'LemonChiffon', '#FFFACD', '2018-11-05 02:12:26', '2018-11-05 02:12:26'),
(26, 'LightGoldenrodYellow', '#FAFAD2', '2018-11-05 02:12:27', '2018-11-05 02:12:27'),
(27, 'PapayaWhip', '#FFEFD5', '2018-11-05 02:12:27', '2018-11-05 02:12:27'),
(28, 'Moccasin', '#FFE4B5', '2018-11-05 02:12:27', '2018-11-05 02:12:27'),
(29, 'PeachPuff', '#FFDAB9', '2018-11-05 02:12:27', '2018-11-05 02:12:27'),
(30, 'PaleGoldenrod', '#EEE8AA', '2018-11-05 02:12:27', '2018-11-05 02:12:27'),
(31, 'Khaki', '#F0E68C', '2018-11-05 02:12:27', '2018-11-05 02:12:27'),
(32, 'DarkKhaki', '#BDB76B', '2018-11-05 02:12:27', '2018-11-05 02:12:27'),
(33, 'Lavender', '#E6E6FA', '2018-11-05 02:12:27', '2018-11-05 02:12:27'),
(34, 'Thistle', '#D8BFD8', '2018-11-05 02:12:27', '2018-11-05 02:12:27'),
(35, 'Plum', '#DDA0DD', '2018-11-05 02:12:27', '2018-11-05 02:12:27'),
(36, 'Violet', '#EE82EE', '2018-11-05 02:12:27', '2018-11-05 02:12:27'),
(37, 'Orchid', '#DA70D6', '2018-11-05 02:12:27', '2018-11-05 02:12:27'),
(38, 'Fuchsia', '#FF00FF', '2018-11-05 02:12:27', '2018-11-05 02:12:27'),
(39, 'Magenta', '#FF00FF', '2018-11-05 02:12:27', '2018-11-05 02:12:27'),
(40, 'MediumOrchid', '#BA55D3', '2018-11-05 02:12:27', '2018-11-05 02:12:27'),
(41, 'MediumPurple', '#9370DB', '2018-11-05 02:12:27', '2018-11-05 02:12:27'),
(42, 'Amethyst', '#9966CC', '2018-11-05 02:12:27', '2018-11-05 02:12:27'),
(43, 'BlueViolet', '#8A2BE2', '2018-11-05 02:12:27', '2018-11-05 02:12:27'),
(44, 'DarkViolet', '#9400D3', '2018-11-05 02:12:27', '2018-11-05 02:12:27'),
(45, 'DarkOrchid', '#9932CC', '2018-11-05 02:12:27', '2018-11-05 02:12:27'),
(46, 'DarkMagenta', '#8B008B', '2018-11-05 02:12:27', '2018-11-05 02:12:27'),
(47, 'Purple', '#800080', '2018-11-05 02:12:27', '2018-11-05 02:12:27'),
(48, 'Indigo', '#4B0082', '2018-11-05 02:12:27', '2018-11-05 02:12:27'),
(49, 'SlateBlue', '#6A5ACD', '2018-11-05 02:12:27', '2018-11-05 02:12:27'),
(50, 'DarkSlateBlue', '#483D8B', '2018-11-05 02:12:27', '2018-11-05 02:12:27'),
(51, 'MediumSlateBlue', '#7B68EE', '2018-11-05 02:12:27', '2018-11-05 02:12:27'),
(52, 'GreenYellow', '#ADFF2F', '2018-11-05 02:12:27', '2018-11-05 02:12:27'),
(53, 'Chartreuse', '#7FFF00', '2018-11-05 02:12:27', '2018-11-05 02:12:27'),
(54, 'LawnGreen', '#7CFC00', '2018-11-05 02:12:27', '2018-11-05 02:12:27'),
(55, 'Lime', '#00FF00', '2018-11-05 02:12:27', '2018-11-05 02:12:27'),
(56, 'LimeGreen', '#32CD32', '2018-11-05 02:12:27', '2018-11-05 02:12:27'),
(57, 'PaleGreen', '#98FB98', '2018-11-05 02:12:27', '2018-11-05 02:12:27'),
(58, 'LightGreen', '#90EE90', '2018-11-05 02:12:27', '2018-11-05 02:12:27'),
(59, 'MediumSpringGreen', '#00FA9A', '2018-11-05 02:12:27', '2018-11-05 02:12:27'),
(60, 'SpringGreen', '#00FF7F', '2018-11-05 02:12:27', '2018-11-05 02:12:27'),
(61, 'MediumSeaGreen', '#3CB371', '2018-11-05 02:12:27', '2018-11-05 02:12:27'),
(62, 'SeaGreen', '#2E8B57', '2018-11-05 02:12:27', '2018-11-05 02:12:27'),
(63, 'ForestGreen', '#228B22', '2018-11-05 02:12:28', '2018-11-05 02:12:28'),
(64, 'Green', '#008000', '2018-11-05 02:12:28', '2018-11-05 02:12:28'),
(65, 'DarkGreen', '#006400', '2018-11-05 02:12:28', '2018-11-05 02:12:28'),
(66, 'YellowGreen', '#9ACD32', '2018-11-05 02:12:28', '2018-11-05 02:12:28'),
(67, 'OliveDrab', '#6B8E23', '2018-11-05 02:12:28', '2018-11-05 02:12:28'),
(68, 'Olive', '#808000', '2018-11-05 02:12:28', '2018-11-05 02:12:28'),
(69, 'DarkOliveGreen', '#556B2F', '2018-11-05 02:12:28', '2018-11-05 02:12:28'),
(70, 'MediumAquamarine', '#66CDAA', '2018-11-05 02:12:28', '2018-11-05 02:12:28'),
(71, 'DarkSeaGreen', '#8FBC8F', '2018-11-05 02:12:28', '2018-11-05 02:12:28'),
(72, 'LightSeaGreen', '#20B2AA', '2018-11-05 02:12:28', '2018-11-05 02:12:28'),
(73, 'DarkCyan', '#008B8B', '2018-11-05 02:12:28', '2018-11-05 02:12:28'),
(74, 'Teal', '#008080', '2018-11-05 02:12:28', '2018-11-05 02:12:28'),
(75, 'Aqua', '#00FFFF', '2018-11-05 02:12:28', '2018-11-05 02:12:28'),
(76, 'Cyan', '#00FFF1', '2018-11-05 02:12:28', '2018-11-05 02:12:28'),
(77, 'LightCyan', '#E0FFFF', '2018-11-05 02:12:28', '2018-11-05 02:12:28'),
(78, 'PaleTurquoise', '#AFEEEE', '2018-11-05 02:12:28', '2018-11-05 02:12:28'),
(79, 'Aquamarine', '#7FFFD4', '2018-11-05 02:12:28', '2018-11-05 02:12:28'),
(80, 'Turquoise', '#40E0D0', '2018-11-05 02:12:28', '2018-11-05 02:12:28'),
(81, 'MediumTurquoise', '#48D1CC', '2018-11-05 02:12:28', '2018-11-05 02:12:28'),
(82, 'DarkTurquoise', '#00CED1', '2018-11-05 02:12:28', '2018-11-05 02:12:28'),
(83, 'CadetBlue', '#5F9EA0', '2018-11-05 02:12:28', '2018-11-05 02:12:28'),
(84, 'SteelBlue', '#4682B4', '2018-11-05 02:12:28', '2018-11-05 02:12:28'),
(85, 'LightSteelBlue', '#B0C4DE', '2018-11-05 02:12:28', '2018-11-05 02:12:28'),
(86, 'PowderBlue', '#B0E0E6', '2018-11-05 02:12:28', '2018-11-05 02:12:28'),
(87, 'LightBlue', '#ADD8E6', '2018-11-05 02:12:28', '2018-11-05 02:12:28'),
(88, 'SkyBlue', '#87CEEB', '2018-11-05 02:12:28', '2018-11-05 02:12:28'),
(89, 'LightSkyBlue', '#87CEFA', '2018-11-05 02:12:28', '2018-11-05 02:12:28'),
(90, 'DeepSkyBlue', '#00BFFF', '2018-11-05 02:12:28', '2018-11-05 02:12:28'),
(91, 'DodgerBlue', '#1E90FF', '2018-11-05 02:12:28', '2018-11-05 02:12:28'),
(92, 'CornflowerBlue', '#6495ED', '2018-11-05 02:12:28', '2018-11-05 02:12:28'),
(93, 'MediumSlateBlue', '#7B68EE', '2018-11-05 02:12:28', '2018-11-05 02:12:28'),
(94, 'RoyalBlue', '#4169E1', '2018-11-05 02:12:28', '2018-11-05 02:12:28'),
(95, 'Blue', '#0000FF', '2018-11-05 02:12:28', '2018-11-05 02:12:28'),
(96, 'MediumBlue', '#0000CD', '2018-11-05 02:12:28', '2018-11-05 02:12:28'),
(97, 'DarkBlue', '#00008B', '2018-11-05 02:12:28', '2018-11-05 02:12:28'),
(98, 'Navy', '#000080', '2018-11-05 02:12:28', '2018-11-05 02:12:28'),
(99, 'MidnightBlue', '#191970', '2018-11-05 02:12:29', '2018-11-05 02:12:29'),
(100, 'Cornsilk', '#FFF8DC', '2018-11-05 02:12:29', '2018-11-05 02:12:29'),
(101, 'BlanchedAlmond', '#FFEBCD', '2018-11-05 02:12:29', '2018-11-05 02:12:29'),
(102, 'Bisque', '#FFE4C4', '2018-11-05 02:12:29', '2018-11-05 02:12:29'),
(103, 'NavajoWhite', '#FFDEAD', '2018-11-05 02:12:29', '2018-11-05 02:12:29'),
(104, 'Wheat', '#F5DEB3', '2018-11-05 02:12:29', '2018-11-05 02:12:29'),
(105, 'BurlyWood', '#DEB887', '2018-11-05 02:12:29', '2018-11-05 02:12:29'),
(106, 'Tan', '#D2B48C', '2018-11-05 02:12:29', '2018-11-05 02:12:29'),
(107, 'RosyBrown', '#BC8F8F', '2018-11-05 02:12:29', '2018-11-05 02:12:29'),
(108, 'SandyBrown', '#F4A460', '2018-11-05 02:12:29', '2018-11-05 02:12:29'),
(109, 'Goldenrod', '#DAA520', '2018-11-05 02:12:29', '2018-11-05 02:12:29'),
(110, 'DarkGoldenrod', '#B8860B', '2018-11-05 02:12:29', '2018-11-05 02:12:29'),
(111, 'Peru', '#CD853F', '2018-11-05 02:12:29', '2018-11-05 02:12:29'),
(112, 'Chocolate', '#D2691E', '2018-11-05 02:12:29', '2018-11-05 02:12:29'),
(113, 'SaddleBrown', '#8B4513', '2018-11-05 02:12:29', '2018-11-05 02:12:29'),
(114, 'Sienna', '#A0522D', '2018-11-05 02:12:29', '2018-11-05 02:12:29'),
(115, 'Brown', '#A52A2A', '2018-11-05 02:12:29', '2018-11-05 02:12:29'),
(116, 'Maroon', '#800000', '2018-11-05 02:12:29', '2018-11-05 02:12:29'),
(117, 'White', '#FFFFFF', '2018-11-05 02:12:29', '2018-11-05 02:12:29'),
(118, 'Snow', '#FFFAFA', '2018-11-05 02:12:29', '2018-11-05 02:12:29'),
(119, 'Honeydew', '#F0FFF0', '2018-11-05 02:12:29', '2018-11-05 02:12:29'),
(120, 'MintCream', '#F5FFFA', '2018-11-05 02:12:29', '2018-11-05 02:12:29'),
(121, 'Azure', '#F0FFFF', '2018-11-05 02:12:29', '2018-11-05 02:12:29'),
(122, 'AliceBlue', '#F0F8FF', '2018-11-05 02:12:29', '2018-11-05 02:12:29'),
(123, 'GhostWhite', '#F8F8FF', '2018-11-05 02:12:29', '2018-11-05 02:12:29'),
(124, 'WhiteSmoke', '#F5F5F5', '2018-11-05 02:12:29', '2018-11-05 02:12:29'),
(125, 'Seashell', '#FFF5EE', '2018-11-05 02:12:29', '2018-11-05 02:12:29'),
(126, 'Beige', '#F5F5DC', '2018-11-05 02:12:29', '2018-11-05 02:12:29'),
(127, 'OldLace', '#FDF5E6', '2018-11-05 02:12:29', '2018-11-05 02:12:29'),
(128, 'FloralWhite', '#FFFAF0', '2018-11-05 02:12:29', '2018-11-05 02:12:29'),
(129, 'Ivory', '#FFFFF0', '2018-11-05 02:12:30', '2018-11-05 02:12:30'),
(130, 'AntiqueWhite', '#FAEBD7', '2018-11-05 02:12:30', '2018-11-05 02:12:30'),
(131, 'Linen', '#FAF0E6', '2018-11-05 02:12:30', '2018-11-05 02:12:30'),
(132, 'LavenderBlush', '#FFF0F5', '2018-11-05 02:12:30', '2018-11-05 02:12:30'),
(133, 'MistyRose', '#FFE4E1', '2018-11-05 02:12:30', '2018-11-05 02:12:30'),
(134, 'Gainsboro', '#DCDCDC', '2018-11-05 02:12:30', '2018-11-05 02:12:30'),
(135, 'LightGrey', '#D3D3D3', '2018-11-05 02:12:30', '2018-11-05 02:12:30'),
(136, 'Silver', '#C0C0C0', '2018-11-05 02:12:30', '2018-11-05 02:12:30'),
(137, 'DarkGray', '#A9A9A9', '2018-11-05 02:12:30', '2018-11-05 02:12:30'),
(138, 'Gray', '#808080', '2018-11-05 02:12:30', '2018-11-05 02:12:30'),
(139, 'DimGray', '#696969', '2018-11-05 02:12:30', '2018-11-05 02:12:30'),
(140, 'LightSlateGray', '#778899', '2018-11-05 02:12:30', '2018-11-05 02:12:30'),
(141, 'SlateGray', '#708090', '2018-11-05 02:12:30', '2018-11-05 02:12:30'),
(142, 'DarkSlateGray', '#2F4F4F', '2018-11-05 02:12:30', '2018-11-05 02:12:30'),
(143, 'Black', '#000000', '2018-11-05 02:12:30', '2018-11-05 02:12:30');

-- --------------------------------------------------------

--
-- Table structure for table `contacts`
--

CREATE TABLE `contacts` (
  `id` int(11) NOT NULL,
  `user_id` int(11) NOT NULL,
  `email` varchar(160) DEFAULT NULL,
  `username` varchar(160) DEFAULT NULL,
  `category` varchar(160) NOT NULL,
  `subject` varchar(500) NOT NULL,
  `body` text NOT NULL,
  `ticket_no` varchar(50) NOT NULL,
  `admin_note` text DEFAULT NULL,
  `status` enum('Open','Close','Delete') NOT NULL,
  `created_at` datetime NOT NULL,
  `updated_at` datetime NOT NULL
) ENGINE=MyISAM DEFAULT CHARSET=latin1 COLLATE=latin1_swedish_ci;

-- --------------------------------------------------------

--
-- Table structure for table `countries`
--

CREATE TABLE `countries` (
  `id` int(11) NOT NULL,
  `sortname` varchar(3) CHARACTER SET utf8mb4 COLLATE utf8mb4_unicode_ci NOT NULL,
  `timezone` varchar(255) DEFAULT '',
  `name` varchar(150) NOT NULL,
  `dial_code` int(11) NOT NULL,
  `currency_code` varchar(3) DEFAULT NULL,
  `currency_symbol` varchar(100) CHARACTER SET utf8 COLLATE utf8_bin DEFAULT NULL,
  `base_fare` float(8,2) DEFAULT NULL,
  `per_km_rate` float(8,2) DEFAULT NULL,
  `per_minute_price` float(8,2) DEFAULT NULL,
  `status` tinyint(4) NOT NULL DEFAULT 0,
  `created_at` timestamp NOT NULL DEFAULT current_timestamp(),
  `updated_at` timestamp NOT NULL DEFAULT current_timestamp()
) ENGINE=InnoDB DEFAULT CHARSET=utf8mb4 COLLATE=utf8mb4_general_ci;

--
-- Dumping data for table `countries`
--

INSERT INTO `countries` (`id`, `sortname`, `timezone`, `name`, `dial_code`, `currency_code`, `currency_symbol`, `base_fare`, `per_km_rate`, `per_minute_price`, `status`, `created_at`, `updated_at`) VALUES
(1, 'AF', 'Asia/Kabul', 'Afghanistan', 93, 'AFN', '؋', NULL, NULL, NULL, 0, '2020-09-08 07:33:00', '2025-03-15 06:38:43'),
(2, 'AL', 'Europe/Tirane', 'Albania', 355, 'ALL', 'Lek', NULL, NULL, NULL, 0, '2020-09-08 07:33:00', '2025-03-15 06:38:43'),
(3, 'DZ', 'Africa/Algiers', 'Algeria', 213, 'DZD', 'دج', NULL, NULL, NULL, 0, '2020-09-08 07:33:00', '2025-03-15 06:38:44'),
(4, 'AS', 'Pacific/Pago_Pago', 'American Samoa', 1684, 'USD', '$', NULL, NULL, NULL, 0, '2020-09-08 07:33:00', '2025-03-15 06:38:44'),
(5, 'AD', 'Europe/Andorra', 'Andorra', 376, 'EUR', '€', NULL, NULL, NULL, 0, '2020-09-08 07:33:00', '2024-05-20 04:51:01'),
(6, 'AO', 'Africa/Luanda', 'Angola', 244, 'AOA', 'Kz', NULL, NULL, NULL, 0, '2020-09-08 07:33:00', '2024-05-20 04:51:03'),
(7, 'AI', 'America/Anguilla', 'Anguilla', 1264, 'XCD', '$', NULL, NULL, NULL, 0, '2020-09-08 07:33:00', '2024-05-20 04:51:04'),
(8, 'AQ', 'Antarctica/Casey', 'Antarctica', 0, 'AAD', '$', NULL, NULL, NULL, 0, '2020-09-08 07:33:00', '2024-05-20 04:51:06'),
(9, 'AG', 'America/Antigua', 'Antigua And Barbuda', 1268, 'XCD', '$', NULL, NULL, NULL, 0, '2020-09-08 07:33:00', '2024-05-20 04:51:15'),
(10, 'AR', 'America/Argentina/Buenos_Aires', 'Argentina', 54, 'ARS', '$', NULL, NULL, NULL, 0, '2020-09-08 07:33:00', '2024-05-20 04:51:16'),
(11, 'AM', 'Asia/Yerevan', 'Armenia', 374, 'AMD', '֏', NULL, NULL, NULL, 0, '2020-09-08 07:33:00', '2024-05-20 04:51:47'),
(12, 'AW', 'America/Aruba', 'Aruba', 297, 'AWG', 'ƒ', NULL, NULL, NULL, 0, '2020-09-08 07:33:00', '2024-05-20 04:51:46'),
(13, 'AU', 'Antarctica/Macquarie', 'Australia', 61, 'AUD', '$', 20.00, 4.00, 2.00, 0, '2020-09-08 07:33:00', '2025-07-29 03:46:06'),
(14, 'AT', 'Europe/Vienna', 'Austria', 43, 'EUR', '€', NULL, NULL, NULL, 0, '2020-09-08 07:33:00', '2024-05-20 04:51:37'),
(15, 'AZ', 'Asia/Baku', 'Azerbaijan', 994, 'AZN', 'm', NULL, NULL, NULL, 0, '2020-09-08 07:33:00', '2024-05-20 04:51:36'),
(16, 'BS', 'America/Nassau', 'Bahamas The', 1242, 'BSD', 'B$', NULL, NULL, NULL, 0, '2020-09-08 07:33:00', '2024-05-20 04:51:35'),
(17, 'BH', 'Asia/Bahrain', 'Bahrain', 973, 'BHD', '.د.ب', NULL, NULL, NULL, 0, '2020-09-08 07:33:00', '2024-05-20 04:51:33'),
(18, 'BD', 'Asia/Dhaka', 'Bangladesh', 880, 'BDT', '৳', NULL, NULL, NULL, 0, '2020-09-08 07:33:00', '2024-05-20 04:51:32'),
(19, 'BB', 'America/Barbados', 'Barbados', 1246, 'BBD', 'Bds$', NULL, NULL, NULL, 0, '2020-09-08 07:33:00', '2024-05-20 04:51:31'),
(20, 'BY', 'Europe/Minsk', 'Belarus', 375, 'BYN', 'Br', NULL, NULL, NULL, 0, '2020-09-08 07:33:00', '2024-05-20 04:51:26'),
(21, 'BE', 'Europe/Brussels', 'Belgium', 32, 'EUR', '€', NULL, NULL, NULL, 0, '2020-09-08 07:33:00', '2020-09-08 07:33:00'),
(22, 'BZ', 'America/Belize', 'Belize', 501, 'BZD', '$', NULL, NULL, NULL, 0, '2020-09-08 07:33:00', '2020-09-08 07:33:00'),
(23, 'BJ', 'Africa/Porto-Novo', 'Benin', 229, 'XOF', 'CFA', NULL, NULL, NULL, 0, '2020-09-08 07:33:00', '2020-09-08 07:33:00'),
(24, 'BM', 'Atlantic/Bermuda', 'Bermuda', 1441, 'BMD', '$', NULL, NULL, NULL, 0, '2020-09-08 07:33:00', '2020-09-08 07:33:00'),
(25, 'BT', 'Asia/Thimphu', 'Bhutan', 975, 'BTN', 'Nu.', NULL, NULL, NULL, 0, '2020-09-08 07:33:00', '2020-09-08 07:33:00'),
(26, 'BO', 'America/La_Paz', 'Bolivia', 591, 'BOB', 'Bs.', NULL, NULL, NULL, 0, '2020-09-08 07:33:00', '2020-09-08 07:33:00'),
(27, 'BA', 'Europe/Sarajevo', 'Bosnia and Herzegovina', 387, 'BAM', 'KM', NULL, NULL, NULL, 0, '2020-09-08 07:33:00', '2020-09-08 07:33:00'),
(28, 'BW', 'Africa/Gaborone', 'Botswana', 267, 'BWP', 'P', NULL, NULL, NULL, 0, '2020-09-08 07:33:00', '2020-09-08 07:33:00'),
(29, 'BV', 'Indian/Bouvet', 'Bouvet Island', 0, 'NOK', 'kr', NULL, NULL, NULL, 0, '2020-09-08 07:33:00', '2020-09-08 07:33:00'),
(30, 'BR', 'America/Araguaina', 'Brazil', 55, 'BRL', 'R$', NULL, NULL, NULL, 0, '2020-09-08 07:33:00', '2020-09-08 07:33:00'),
(31, 'IO', 'Indian/Chagos', 'British Indian Ocean Territory', 246, 'USD', '$', NULL, NULL, NULL, 0, '2020-09-08 07:33:00', '2020-09-08 07:33:00'),
(32, 'BN', 'Asia/Brunei', 'Brunei', 673, 'BND', 'B$', NULL, NULL, NULL, 0, '2020-09-08 07:33:00', '2020-09-08 07:33:00'),
(33, 'BG', 'Europe/Sofia', 'Bulgaria', 359, 'BGN', 'Лв.', NULL, NULL, NULL, 0, '2020-09-08 07:33:00', '2020-09-08 07:33:00'),
(34, 'BF', 'Africa/Ouagadougou', 'Burkina Faso', 226, 'XOF', 'CFA', NULL, NULL, NULL, 0, '2020-09-08 07:33:00', '2020-09-08 07:33:00'),
(35, 'BI', 'Africa/Bujumbura', 'Burundi', 257, 'BIF', 'FBu', NULL, NULL, NULL, 0, '2020-09-08 07:33:00', '2020-09-08 07:33:00'),
(36, 'KH', 'Asia/Phnom_Penh', 'Cambodia', 855, 'KHR', 'KHR', NULL, NULL, NULL, 0, '2020-09-08 07:33:00', '2020-09-08 07:33:00'),
(37, 'CM', 'Africa/Douala', 'Cameroon', 237, 'XAF', 'FCFA', NULL, NULL, NULL, 0, '2020-09-08 07:33:00', '2020-09-08 07:33:00'),
(38, 'CA', 'America/Atikokan', 'Canada', 1, 'CAD', '$', NULL, NULL, NULL, 0, '2020-09-08 07:33:00', '2020-09-08 07:33:00'),
(39, 'CV', 'Atlantic/Cape_Verde', 'Cape Verde', 238, 'CVE', '$', NULL, NULL, NULL, 0, '2020-09-08 07:33:00', '2020-09-08 07:33:00'),
(40, 'KY', 'America/Cayman', 'Cayman Islands', 1345, 'KYD', '$', NULL, NULL, NULL, 0, '2020-09-08 07:33:00', '2020-09-08 07:33:00'),
(41, 'CF', 'Africa/Bangui', 'Central African Republic', 236, 'XAF', 'FCFA', NULL, NULL, NULL, 0, '2020-09-08 07:33:00', '2020-09-08 07:33:00'),
(42, 'TD', 'Africa/Ndjamena', 'Chad', 235, 'XAF', 'FCFA', NULL, NULL, NULL, 0, '2020-09-08 07:33:00', '2020-09-08 07:33:00'),
(43, 'CL', 'America/Santiago', 'Chile', 56, 'CLP', '$', NULL, NULL, NULL, 0, '2020-09-08 07:33:00', '2020-09-08 07:33:00'),
(44, 'CN', 'Asia/Chongqing', 'China', 86, 'CNY', '¥', NULL, NULL, NULL, 0, '2020-09-08 07:33:00', '2020-09-08 07:33:00'),
(45, 'CX', 'Indian/Christmas', 'Christmas Island', 61, 'AUD', '$', NULL, NULL, NULL, 0, '2020-09-08 07:33:00', '2020-09-08 07:33:00'),
(46, 'CC', 'Indian/Cocos', 'Cocos (Keeling) Islands', 672, 'AUD', '$', NULL, NULL, NULL, 0, '2020-09-08 07:33:00', '2020-09-08 07:33:00'),
(47, 'CO', 'America/Bogota', 'Colombia', 57, 'COP', '$', NULL, NULL, NULL, 0, '2020-09-08 07:33:00', '2020-09-08 07:33:00'),
(48, 'KM', 'Indian/Comoro', 'Comoros', 269, 'KMF', 'CF', NULL, NULL, NULL, 0, '2020-09-08 07:33:00', '2020-09-08 07:33:00'),
(49, 'CG', 'Africa/Brazzaville', 'Republic Of The Congo', 242, 'CDF', 'FC', NULL, NULL, NULL, 0, '2020-09-08 07:33:00', '2020-09-08 07:33:00'),
(50, 'CD', 'Africa/Kinshasa', 'Democratic Republic Of The Congo', 242, 'CDF', 'FC', NULL, NULL, NULL, 0, '2020-09-08 07:33:00', '2020-09-08 07:33:00'),
(51, 'CK', 'Pacific/Rarotonga', 'Cook Islands', 682, 'NZD', '$', NULL, NULL, NULL, 0, '2020-09-08 07:33:00', '2020-09-08 07:33:00'),
(52, 'CR', 'America/Costa_Rica', 'Costa Rica', 506, 'CRC', '₡', NULL, NULL, NULL, 0, '2020-09-08 07:33:00', '2020-09-08 07:33:00'),
(53, 'CI', 'Africa/Abidjan', 'Cote D\'Ivoire (Ivory Coast)', 225, 'XOF', 'CFA', NULL, NULL, NULL, 0, '2020-09-08 07:33:00', '2020-09-08 07:33:00'),
(54, 'HR', 'Europe/Zagreb', 'Croatia (Hrvatska)', 385, 'HRK', 'kn', NULL, NULL, NULL, 0, '2020-09-08 07:33:00', '2020-09-08 07:33:00'),
(55, 'CU', 'America/Havana', 'Cuba', 53, 'CUP', '$', NULL, NULL, NULL, 0, '2020-09-08 07:33:00', '2020-09-08 07:33:00'),
(56, 'CY', 'Asia/Nicosia', 'Cyprus', 357, 'EUR', '€', NULL, NULL, NULL, 0, '2020-09-08 07:33:00', '2020-09-08 07:33:00'),
(57, 'CZ', 'Europe/Prague', 'Czech Republic', 420, 'CZK', 'Kč', NULL, NULL, NULL, 0, '2020-09-08 07:33:00', '2020-09-08 07:33:00'),
(58, 'DK', 'Europe/Copenhagen', 'Denmark', 45, 'DKK', 'Kr.', NULL, NULL, NULL, 0, '2020-09-08 07:33:00', '2020-09-08 07:33:00'),
(59, 'DJ', 'Africa/Djibouti', 'Djibouti', 253, 'DJF', 'Fdj', NULL, NULL, NULL, 0, '2020-09-08 07:33:00', '2020-09-08 07:33:00'),
(60, 'DM', 'America/Dominica', 'Dominica', 1767, 'XCD', '$', NULL, NULL, NULL, 0, '2020-09-08 07:33:00', '2020-09-08 07:33:00'),
(61, 'DO', 'America/Santo_Domingo', 'Dominican Republic', 1809, 'DOP', '$', NULL, NULL, NULL, 0, '2020-09-08 07:33:00', '2020-09-08 07:33:00'),
(62, 'TP', 'Asia/Dili', 'East Timor', 670, 'USD', '$', NULL, NULL, NULL, 0, '2020-09-08 07:33:00', '2020-09-08 07:33:00'),
(63, 'EC', 'America/Guayaquil', 'Ecuador', 593, 'USD', '$', NULL, NULL, NULL, 0, '2020-09-08 07:33:00', '2020-09-08 07:33:00'),
(64, 'EG', 'Africa/Cairo', 'Egypt', 20, 'EGP', 'ج.م', NULL, NULL, NULL, 0, '2020-09-08 07:33:00', '2020-09-08 07:33:00'),
(65, 'SV', 'America/El_Salvador', 'El Salvador', 503, 'USD', '$', NULL, NULL, NULL, 0, '2020-09-08 07:33:00', '2020-09-08 07:33:00'),
(66, 'GQ', 'Africa/Malabo', 'Equatorial Guinea', 240, 'XAF', 'FCFA', NULL, NULL, NULL, 0, '2020-09-08 07:33:00', '2020-09-08 07:33:00'),
(67, 'ER', 'Africa/Asmara', 'Eritrea', 291, 'ERN', 'Nfk', NULL, NULL, NULL, 0, '2020-09-08 07:33:00', '2024-05-20 04:52:31'),
(68, 'EE', 'Europe/Tallinn', 'Estonia', 372, 'EUR', '€', NULL, NULL, NULL, 0, '2020-09-08 07:33:00', '2020-09-08 07:33:00'),
(69, 'ET', 'Africa/Addis_Ababa', 'Ethiopia', 251, 'ETB', 'Nkf', NULL, NULL, NULL, 0, '2020-09-08 07:33:00', '2020-09-08 07:33:00'),
(70, 'XA', 'Indian/Christmas', 'External Territories of Australia', 61, 'AUD', '$', NULL, NULL, NULL, 0, '2020-09-08 07:33:00', '2020-09-08 07:33:00'),
(71, 'FK', 'Atlantic/Stanley', 'Falkland Islands', 500, 'FKP', '£', NULL, NULL, NULL, 0, '2020-09-08 07:33:00', '2020-09-08 07:33:00'),
(72, 'FO', 'Atlantic/Faroe', 'Faroe Islands', 298, 'DKK', 'Kr.', NULL, NULL, NULL, 0, '2020-09-08 07:33:00', '2020-09-08 07:33:00'),
(73, 'FJ', 'Pacific/Fiji', 'Fiji Islands', 679, 'FJD', 'FJ$', NULL, NULL, NULL, 0, '2020-09-08 07:33:00', '2020-09-08 07:33:00'),
(74, 'FI', 'Europe/Helsinki', 'Finland', 358, 'EUR', '€', NULL, NULL, NULL, 0, '2020-09-08 07:33:00', '2020-09-08 07:33:00'),
(75, 'FR', 'Europe/Paris', 'France', 33, 'EUR', '€', NULL, NULL, NULL, 0, '2020-09-08 07:33:00', '2020-09-08 07:33:00'),
(76, 'GF', 'America/Cayenne', 'French Guiana', 594, 'EUR', '€', NULL, NULL, NULL, 0, '2020-09-08 07:33:00', '2020-09-08 07:33:00'),
(77, 'PF', 'Pacific/Gambier', 'French Polynesia', 689, 'XPF', '₣', NULL, NULL, NULL, 0, '2020-09-08 07:33:00', '2020-09-08 07:33:00'),
(78, 'TF', 'Indian/Kerguelen', 'French Southern Territories', 0, 'EUR', '€', NULL, NULL, NULL, 0, '2020-09-08 07:33:00', '2020-09-08 07:33:00'),
(79, 'GA', 'Africa/Libreville', 'Gabon', 241, 'XAF', 'FCFA', NULL, NULL, NULL, 0, '2020-09-08 07:33:00', '2020-09-08 07:33:00'),
(80, 'GM', 'Africa/Banjul', 'Gambia The', 220, 'GMD', 'D', NULL, NULL, NULL, 0, '2020-09-08 07:33:00', '2020-09-08 07:33:00'),
(81, 'GE', 'Asia/Tbilisi', 'Georgia', 995, 'GEL', 'ლ', NULL, NULL, NULL, 0, '2020-09-08 07:33:00', '2020-09-08 07:33:00'),
(82, 'DE', 'Europe/Berlin', 'Germany', 49, 'EUR', '€', NULL, NULL, NULL, 0, '2020-09-08 07:33:00', '2020-09-08 07:33:00'),
(83, 'GH', 'Africa/Accra', 'Ghana', 233, 'GHS', '₵', 20.00, 3.00, 4.00, 1, '2020-09-08 07:33:00', '2025-09-20 04:09:08'),
(84, 'GI', 'Europe/Gibraltar', 'Gibraltar', 350, 'GIP', '£', NULL, NULL, NULL, 0, '2020-09-08 07:33:00', '2020-09-08 07:33:00'),
(85, 'GR', 'Europe/Athens', 'Greece', 30, 'EUR', '€', NULL, NULL, NULL, 0, '2020-09-08 07:33:00', '2020-09-08 07:33:00'),
(86, 'GL', 'America/Danmarkshavn', 'Greenland', 299, 'DKK', 'Kr.', NULL, NULL, NULL, 0, '2020-09-08 07:33:00', '2020-09-08 07:33:00'),
(87, 'GD', 'America/Grenada', 'Grenada', 1473, 'XCD', '$', NULL, NULL, NULL, 0, '2020-09-08 07:33:00', '2020-09-08 07:33:00'),
(88, 'GP', 'America/Guadeloupe', 'Guadeloupe', 590, 'EUR', '€', NULL, NULL, NULL, 0, '2020-09-08 07:33:00', '2020-09-08 07:33:00'),
(89, 'GU', 'Pacific/Guam', 'Guam', 1671, 'USD', '$', NULL, NULL, NULL, 0, '2020-09-08 07:33:00', '2020-09-08 07:33:00'),
(90, 'GT', 'America/Guatemala', 'Guatemala', 502, 'GTQ', 'Q', NULL, NULL, NULL, 0, '2020-09-08 07:33:00', '2020-09-08 07:33:00'),
(91, 'XU', 'Europe/Guernsey', 'Guernsey and Alderney', 44, 'GBP', '£', NULL, NULL, NULL, 0, '2020-09-08 07:33:00', '2020-09-08 07:33:00'),
(92, 'GN', 'Africa/Conakry', 'Guinea', 224, 'GNF', 'FG', NULL, NULL, NULL, 0, '2020-09-08 07:33:00', '2020-09-08 07:33:00'),
(93, 'GW', 'Africa/Bissau', 'Guinea-Bissau', 245, 'XOF', 'CFA', NULL, NULL, NULL, 0, '2020-09-08 07:33:00', '2020-09-08 07:33:00'),
(94, 'GY', 'America/Guyana', 'Guyana', 592, 'GYD', '$', 20.00, 2.00, 3.00, 0, '2020-09-08 07:33:00', '2025-09-20 04:06:20'),
(95, 'HT', 'America/Port-au-Prince', 'Haiti', 509, 'HTG', 'G', NULL, NULL, NULL, 0, '2020-09-08 07:33:00', '2020-09-08 07:33:00'),
(96, 'HM', 'Indian/Kerguelen', 'Heard and McDonald Islands', 0, 'AUD', '$', NULL, NULL, NULL, 0, '2020-09-08 07:33:00', '2020-09-08 07:33:00'),
(97, 'HN', 'America/Tegucigalpa', 'Honduras', 504, 'HNL', 'L', NULL, NULL, NULL, 0, '2020-09-08 07:33:00', '2020-09-08 07:33:00'),
(98, 'HK', 'Asia/Hong_Kong', 'Hong Kong S.A.R.', 852, 'HKD', '$', NULL, NULL, NULL, 0, '2020-09-08 07:33:00', '2020-09-08 07:33:00'),
(99, 'HU', 'Europe/Budapest', 'Hungary', 36, 'HUF', 'Ft', NULL, NULL, NULL, 0, '2020-09-08 07:33:00', '2020-09-08 07:33:00'),
(100, 'IS', 'Atlantic/Reykjavik', 'Iceland', 354, 'ISK', 'kr', NULL, NULL, NULL, 0, '2020-09-08 07:33:00', '2020-09-08 07:33:00'),
(101, 'IN', 'Asia/Kolkata', 'India', 91, 'INR', '₹', 20.00, 5.00, 3.00, 1, '2020-09-08 07:33:00', '2025-07-28 04:47:07'),
(102, 'ID', 'Asia/Jakarta', 'Indonesia', 62, 'IDR', 'Rp', NULL, NULL, NULL, 0, '2020-09-08 07:33:00', '2020-09-08 07:33:00'),
(103, 'IR', 'Asia/Tehran', 'Iran', 98, 'IRR', '﷼', NULL, NULL, NULL, 0, '2020-09-08 07:33:00', '2020-09-08 07:33:00'),
(104, 'IQ', 'Asia/Baghdad', 'Iraq', 964, 'IQD', 'د.ع', NULL, NULL, NULL, 0, '2020-09-08 07:33:00', '2020-09-08 07:33:00'),
(105, 'IE', 'Europe/Dublin', 'Ireland', 353, 'EUR', '€', NULL, NULL, NULL, 0, '2020-09-08 07:33:00', '2020-09-08 07:33:00'),
(106, 'IL', 'Asia/Jerusalem', 'Israel', 972, 'ILS', '₪', NULL, NULL, NULL, 0, '2020-09-08 07:33:00', '2020-09-08 07:33:00'),
(107, 'IT', 'Europe/Rome', 'Italy', 39, 'EUR', '€', NULL, NULL, NULL, 0, '2020-09-08 07:33:00', '2020-09-08 07:33:00'),
(108, 'JM', 'America/Jamaica', 'Jamaica', 1876, 'JMD', 'J$', NULL, NULL, NULL, 0, '2020-09-08 07:33:00', '2020-09-08 07:33:00'),
(109, 'JP', 'Asia/Tokyo', 'Japan', 81, 'JPY', '¥', NULL, NULL, NULL, 0, '2020-09-08 07:33:00', '2020-09-08 07:33:00'),
(110, 'XJ', 'Europe/Jersey', 'Jersey', 44, 'GBP', '£', NULL, NULL, NULL, 0, '2020-09-08 07:33:00', '2020-09-08 07:33:00'),
(111, 'JO', 'Asia/Amman', 'Jordan', 962, 'JOD', 'ا.د', NULL, NULL, NULL, 0, '2020-09-08 07:33:00', '2020-09-08 07:33:00'),
(112, 'KZ', 'Asia/Almaty', 'Kazakhstan', 7, 'KZT', 'лв', NULL, NULL, NULL, 0, '2020-09-08 07:33:00', '2020-09-08 07:33:00'),
(113, 'KE', 'Africa/Nairobi', 'Kenya', 254, 'KES', 'KSh', NULL, NULL, NULL, 0, '2020-09-08 07:33:00', '2020-09-08 07:33:00'),
(114, 'KI', 'Pacific/Enderbury', 'Kiribati', 686, 'AUD', '$', NULL, NULL, NULL, 0, '2020-09-08 07:33:00', '2020-09-08 07:33:00'),
(115, 'KP', 'Asia/Pyongyang', 'Korea North', 850, 'KPW', '₩', NULL, NULL, NULL, 0, '2020-09-08 07:33:00', '2020-09-08 07:33:00'),
(116, 'KR', 'Asia/Seoul', 'Korea South', 82, 'KPW', '₩', NULL, NULL, NULL, 0, '2020-09-08 07:33:00', '2020-09-08 07:33:00'),
(117, 'KW', 'Asia/Kuwait', 'Kuwait', 965, 'KWD', 'ك.د', NULL, NULL, NULL, 0, '2020-09-08 07:33:00', '2020-09-08 07:33:00'),
(118, 'KG', 'Asia/Bishkek', 'Kyrgyzstan', 996, 'KGS', 'лв', NULL, NULL, NULL, 0, '2020-09-08 07:33:00', '2020-09-08 07:33:00'),
(119, 'LA', 'Asia/Vientiane', 'Laos', 856, 'LAK', '₭', NULL, NULL, NULL, 0, '2020-09-08 07:33:00', '2020-09-08 07:33:00'),
(120, 'LV', 'Europe/Riga', 'Latvia', 371, 'EUR', '€', NULL, NULL, NULL, 0, '2020-09-08 07:33:00', '2020-09-08 07:33:00'),
(121, 'LB', 'Asia/Beirut', 'Lebanon', 961, 'LBP', '£', NULL, NULL, NULL, 0, '2020-09-08 07:33:00', '2020-09-08 07:33:00'),
(122, 'LS', 'Africa/Maseru', 'Lesotho', 266, 'LSL', 'L', NULL, NULL, NULL, 0, '2020-09-08 07:33:00', '2020-09-08 07:33:00'),
(123, 'LR', 'Africa/Monrovia', 'Liberia', 231, 'LRD', '$', NULL, NULL, NULL, 0, '2020-09-08 07:33:00', '2020-09-08 07:33:00'),
(124, 'LY', 'Africa/Tripoli', 'Libya', 218, 'LYD', 'د.ل', NULL, NULL, NULL, 0, '2020-09-08 07:33:00', '2020-09-08 07:33:00'),
(125, 'LI', 'Europe/Vaduz', 'Liechtenstein', 423, 'CHF', 'CHf', NULL, NULL, NULL, 0, '2020-09-08 07:33:00', '2020-09-08 07:33:00'),
(126, 'LT', 'Europe/Vilnius', 'Lithuania', 370, 'EUR', '€', NULL, NULL, NULL, 0, '2020-09-08 07:33:00', '2020-09-08 07:33:00'),
(127, 'LU', 'Europe/Luxembourg', 'Luxembourg', 352, 'EUR', '€', NULL, NULL, NULL, 0, '2020-09-08 07:33:00', '2020-09-08 07:33:00'),
(128, 'MO', 'Asia/Macau', 'Macau S.A.R.', 853, 'MOP', '$', NULL, NULL, NULL, 0, '2020-09-08 07:33:00', '2020-09-08 07:33:00'),
(129, 'MK', 'Europe/Skopje', 'Macedonia', 389, 'MKD', 'ден', NULL, NULL, NULL, 0, '2020-09-08 07:33:00', '2020-09-08 07:33:00'),
(130, 'MG', 'Indian/Antananarivo', 'Madagascar', 261, 'MGA', 'Ar', NULL, NULL, NULL, 0, '2020-09-08 07:33:00', '2020-09-08 07:33:00'),
(131, 'MW', 'Africa/Blantyre', 'Malawi', 265, 'MWK', 'MK', NULL, NULL, NULL, 0, '2020-09-08 07:33:00', '2020-09-08 07:33:00'),
(132, 'MY', 'Asia/Kuala_Lumpur', 'Malaysia', 60, 'MYR', 'RM', NULL, NULL, NULL, 0, '2020-09-08 07:33:00', '2020-09-08 07:33:00'),
(133, 'MV', 'Indian/Maldives', 'Maldives', 960, 'MVR', 'Rf', NULL, NULL, NULL, 0, '2020-09-08 07:33:00', '2020-09-08 07:33:00'),
(134, 'ML', 'Africa/Bamako', 'Mali', 223, 'XOF', 'CFA', NULL, NULL, NULL, 0, '2020-09-08 07:33:00', '2020-09-08 07:33:00'),
(135, 'MT', 'Europe/Malta', 'Malta', 356, 'EUR', '€', NULL, NULL, NULL, 0, '2020-09-08 07:33:00', '2020-09-08 07:33:00'),
(136, 'XM', 'Europe/Isle_of_Man', 'Man (Isle of)', 44, 'GBP', '£', NULL, NULL, NULL, 0, '2020-09-08 07:33:00', '2020-09-08 07:33:00'),
(137, 'MH', 'Pacific/Kwajalein', 'Marshall Islands', 692, 'USD', '$', NULL, NULL, NULL, 0, '2020-09-08 07:33:00', '2020-09-08 07:33:00'),
(138, 'MQ', 'America/Martinique', 'Martinique', 596, 'EUR', '€', NULL, NULL, NULL, 0, '2020-09-08 07:33:00', '2020-09-08 07:33:00'),
(139, 'MR', 'Africa/Nouakchott', 'Mauritania', 222, 'MRO', 'MRU', NULL, NULL, NULL, 0, '2020-09-08 07:33:00', '2020-09-08 07:33:00'),
(140, 'MU', 'Indian/Mauritius', 'Mauritius', 230, 'MUR', '₨', NULL, NULL, NULL, 0, '2020-09-08 07:33:00', '2020-09-08 07:33:00'),
(141, 'YT', 'Indian/Mayotte', 'Mayotte', 269, 'EUR', '€', NULL, NULL, NULL, 0, '2020-09-08 07:33:00', '2020-09-08 07:33:00'),
(142, 'MX', 'America/Bahia_Banderas', 'Mexico', 52, 'MXN', '$', NULL, NULL, NULL, 0, '2020-09-08 07:33:00', '2020-09-08 07:33:00'),
(143, 'FM', 'Pacific/Chuuk', 'Micronesia', 691, 'USD', '$', NULL, NULL, NULL, 0, '2020-09-08 07:33:00', '2020-09-08 07:33:00'),
(144, 'MD', 'Europe/Chisinau', 'Moldova', 373, 'MDL', 'L', NULL, NULL, NULL, 0, '2020-09-08 07:33:00', '2020-09-08 07:33:00'),
(145, 'MC', 'Europe/Monaco', 'Monaco', 377, 'EUR', '€', NULL, NULL, NULL, 0, '2020-09-08 07:33:00', '2020-09-08 07:33:00'),
(146, 'MN', 'Asia/Choibalsan', 'Mongolia', 976, 'MNT', '₮', NULL, NULL, NULL, 0, '2020-09-08 07:33:00', '2020-09-08 07:33:00'),
(147, 'MS', 'America/Montserrat', 'Montserrat', 1664, 'XCD', '$', NULL, NULL, NULL, 0, '2020-09-08 07:33:00', '2020-09-08 07:33:00'),
(148, 'MA', 'Africa/Casablanca', 'Morocco', 212, 'MAD', 'DH', NULL, NULL, NULL, 0, '2020-09-08 07:33:00', '2020-09-08 07:33:00'),
(149, 'MZ', 'Africa/Maputo', 'Mozambique', 258, 'MZN', 'MT', NULL, NULL, NULL, 0, '2020-09-08 07:33:00', '2020-09-08 07:33:00'),
(150, 'MM', 'Asia/Rangoon', 'Myanmar', 95, 'MMK', 'K', NULL, NULL, NULL, 0, '2020-09-08 07:33:00', '2020-09-08 07:33:00'),
(151, 'NA', 'Africa/Windhoek', 'Namibia', 264, 'NAD', '$', NULL, NULL, NULL, 0, '2020-09-08 07:33:00', '2020-09-08 07:33:00'),
(152, 'NR', 'Pacific/Nauru', 'Nauru', 674, 'AUD', '$', NULL, NULL, NULL, 0, '2020-09-08 07:33:00', '2020-09-08 07:33:00'),
(153, 'NP', 'Asia/Kathmandu', 'Nepal', 977, 'NPR', '₨', NULL, NULL, NULL, 0, '2020-09-08 07:33:00', '2020-09-08 07:33:00'),
(154, 'AN', 'America/Curacao', 'Netherlands Antilles', 599, 'ANG', 'ƒ', NULL, NULL, NULL, 0, '2020-09-08 07:33:00', '2020-09-08 07:33:00'),
(155, 'NL', 'Europe/Amsterdam', 'Netherlands The', 31, 'ANG', 'ƒ', NULL, NULL, NULL, 0, '2020-09-08 07:33:00', '2020-09-08 07:33:00'),
(156, 'NC', 'Pacific/Noumea', 'New Caledonia', 687, 'XPF', '₣', NULL, NULL, NULL, 0, '2020-09-08 07:33:00', '2020-09-08 07:33:00'),
(157, 'NZ', 'Pacific/Auckland', 'New Zealand', 64, 'NZD', '$', NULL, NULL, NULL, 0, '2020-09-08 07:33:00', '2020-09-08 07:33:00'),
(158, 'NI', 'America/Managua', 'Nicaragua', 505, 'NIO', 'C$', NULL, NULL, NULL, 0, '2020-09-08 07:33:00', '2020-09-08 07:33:00'),
(159, 'NE', 'Africa/Niamey', 'Niger', 227, 'XOF', 'CFA', NULL, NULL, NULL, 0, '2020-09-08 07:33:00', '2020-09-08 07:33:00'),
(160, 'NG', 'Africa/Lagos', 'Nigeria', 234, 'NGN', '₦', NULL, NULL, NULL, 0, '2020-09-08 07:33:00', '2020-09-08 07:33:00'),
(161, 'NU', 'Pacific/Niue', 'Niue', 683, 'NZD', '$', NULL, NULL, NULL, 0, '2020-09-08 07:33:00', '2020-09-08 07:33:00'),
(162, 'NF', 'Pacific/Norfolk', 'Norfolk Island', 672, 'AUD', '$', NULL, NULL, NULL, 0, '2020-09-08 07:33:00', '2020-09-08 07:33:00'),
(163, 'MP', 'Pacific/Saipan', 'Northern Mariana Islands', 1670, 'USD', '$', NULL, NULL, NULL, 0, '2020-09-08 07:33:00', '2020-09-08 07:33:00'),
(164, 'NO', 'Europe/Oslo', 'Norway', 47, 'NOK', 'kr', NULL, NULL, NULL, 0, '2020-09-08 07:33:00', '2020-09-08 07:33:00'),
(165, 'OM', 'Asia/Muscat', 'Oman', 968, 'OMR', '.ع.ر', NULL, NULL, NULL, 0, '2020-09-08 07:33:00', '2020-09-08 07:33:00'),
(166, 'PK', 'Asia/Karachi', 'Pakistan', 92, 'PKR', '₨', NULL, NULL, NULL, 0, '2020-09-08 07:33:00', '2020-09-08 07:33:00'),
(167, 'PW', 'Pacific/Palau', 'Palau', 680, 'USD', '$', NULL, NULL, NULL, 0, '2020-09-08 07:33:00', '2020-09-08 07:33:00'),
(168, 'PS', 'Asia/Gaza', 'Palestinian Territory Occupied', 970, 'ILS', '₪', NULL, NULL, NULL, 0, '2020-09-08 07:33:00', '2020-09-08 07:33:00'),
(169, 'PA', 'America/Panama', 'Panama', 507, 'PAB', 'B/.', NULL, NULL, NULL, 0, '2020-09-08 07:33:00', '2020-09-08 07:33:00'),
(170, 'PG', 'Pacific/Port_Moresby', 'Papua new Guinea', 675, 'PGK', 'K', NULL, NULL, NULL, 0, '2020-09-08 07:33:00', '2020-09-08 07:33:00'),
(171, 'PY', 'America/Asuncion', 'Paraguay', 595, 'PYG', '₲', NULL, NULL, NULL, 0, '2020-09-08 07:33:00', '2020-09-08 07:33:00'),
(172, 'PE', 'America/Lima', 'Peru', 51, 'PEN', 'S/.', NULL, NULL, NULL, 0, '2020-09-08 07:33:00', '2020-09-08 07:33:00'),
(173, 'PH', 'Asia/Manila', 'Philippines', 63, 'PHP', '₱', NULL, NULL, NULL, 0, '2020-09-08 07:33:00', '2020-09-08 07:33:00'),
(174, 'PN', 'Pacific/Pitcairn', 'Pitcairn Island', 0, 'NZD', '$', NULL, NULL, NULL, 0, '2020-09-08 07:33:00', '2020-09-08 07:33:00'),
(175, 'PL', 'Europe/Warsaw', 'Poland', 48, 'PLN', 'zł', NULL, NULL, NULL, 0, '2020-09-08 07:33:00', '2020-09-08 07:33:00'),
(176, 'PT', 'Atlantic/Azores', 'Portugal', 351, 'EUR', '€', NULL, NULL, NULL, 0, '2020-09-08 07:33:00', '2020-09-08 07:33:00'),
(177, 'PR', 'America/Puerto_Rico', 'Puerto Rico', 1787, 'USD', '$', NULL, NULL, NULL, 0, '2020-09-08 07:33:00', '2020-09-08 07:33:00'),
(178, 'QA', 'Asia/Qatar', 'Qatar', 974, 'QAR', 'ق.ر', NULL, NULL, NULL, 0, '2020-09-08 07:33:00', '2020-09-08 07:33:00'),
(179, 'RE', 'Indian/Reunion', 'Reunion', 262, 'EUR', '€', NULL, NULL, NULL, 0, '2020-09-08 07:33:00', '2020-09-08 07:33:00'),
(180, 'RO', 'Europe/Bucharest', 'Romania', 40, 'RON', 'lei', NULL, NULL, NULL, 0, '2020-09-08 07:33:00', '2020-09-08 07:33:00'),
(181, 'RU', 'Asia/Anadyr', 'Russia', 70, 'RUB', '₽', NULL, NULL, NULL, 0, '2020-09-08 07:33:00', '2020-09-08 07:33:00'),
(182, 'RW', 'Africa/Kigali', 'Rwanda', 250, 'RWF', 'FRw', NULL, NULL, NULL, 0, '2020-09-08 07:33:00', '2020-09-08 07:33:00'),
(183, 'SH', 'Atlantic/St_Helena', 'Saint Helena', 290, 'SHP', '£', NULL, NULL, NULL, 0, '2020-09-08 07:33:00', '2020-09-08 07:33:00'),
(184, 'KN', 'America/St_Kitts', 'Saint Kitts And Nevis', 1869, 'XCD', '$', NULL, NULL, NULL, 0, '2020-09-08 07:33:00', '2020-09-08 07:33:00'),
(185, 'LC', 'America/St_Lucia', 'Saint Lucia', 1758, 'XCD', '$', NULL, NULL, NULL, 0, '2020-09-08 07:33:00', '2020-09-08 07:33:00'),
(186, 'PM', 'America/Miquelon', 'Saint Pierre and Miquelon', 508, 'EUR', '€', NULL, NULL, NULL, 0, '2020-09-08 07:33:00', '2020-09-08 07:33:00'),
(187, 'VC', 'America/St_Vincent', 'Saint Vincent And The Grenadines', 1784, 'XCD', '$', NULL, NULL, NULL, 0, '2020-09-08 07:33:00', '2020-09-08 07:33:00'),
(188, 'WS', 'Pacific/Apia', 'Samoa', 684, 'WST', 'SAT', NULL, NULL, NULL, 0, '2020-09-08 07:33:00', '2020-09-08 07:33:00'),
(189, 'SM', 'Europe/San_Marino', 'San Marino', 378, 'EUR', '€', NULL, NULL, NULL, 0, '2020-09-08 07:33:00', '2020-09-08 07:33:00'),
(190, 'ST', 'Africa/Sao_Tome', 'Sao Tome and Principe', 239, 'STD', 'Db', NULL, NULL, NULL, 0, '2020-09-08 07:33:00', '2020-09-08 07:33:00'),
(191, 'SA', 'Asia/Riyadh', 'Saudi Arabia', 966, 'SAR', '﷼', NULL, NULL, NULL, 0, '2020-09-08 07:33:00', '2020-09-08 07:33:00'),
(192, 'SN', 'Africa/Dakar', 'Senegal', 221, 'XOF', 'CFA', NULL, NULL, NULL, 0, '2020-09-08 07:33:00', '2020-09-08 07:33:00'),
(193, 'RS', 'Europe/Belgrade', 'Serbia', 381, 'RSD', 'din', NULL, NULL, NULL, 0, '2020-09-08 07:33:00', '2020-09-08 07:33:00'),
(194, 'SC', 'Indian/Mahe', 'Seychelles', 248, 'SCR', 'SRe', NULL, NULL, NULL, 0, '2020-09-08 07:33:00', '2020-09-08 07:33:00'),
(195, 'SL', 'Africa/Freetown', 'Sierra Leone', 232, 'SLL', 'Le', NULL, NULL, NULL, 0, '2020-09-08 07:33:00', '2020-09-08 07:33:00'),
(196, 'SG', 'Asia/Singapore', 'Singapore', 65, 'SGD', '$', NULL, NULL, NULL, 0, '2020-09-08 07:33:00', '2020-09-08 07:33:00'),
(197, 'SK', 'Europe/Bratislava', 'Slovakia', 421, 'EUR', '€', NULL, NULL, NULL, 0, '2020-09-08 07:33:00', '2020-09-08 07:33:00'),
(198, 'SI', 'Europe/Ljubljana', 'Slovenia', 386, 'EUR', '€', NULL, NULL, NULL, 0, '2020-09-08 07:33:00', '2020-09-08 07:33:00'),
(199, 'XG', 'Atlantic/Stanley', 'Smaller Territories of the UK', 44, 'GBP', '£', NULL, NULL, NULL, 0, '2020-09-08 07:33:00', '2020-09-08 07:33:00'),
(200, 'SB', 'Pacific/Guadalcanal', 'Solomon Islands', 677, 'SBD', 'Si$', NULL, NULL, NULL, 0, '2020-09-08 07:33:00', '2020-09-08 07:33:00'),
(201, 'SO', 'Africa/Mogadishu', 'Somalia', 252, 'SOS', 'Sh.so.', NULL, NULL, NULL, 0, '2020-09-08 07:33:00', '2020-09-08 07:33:00'),
(202, 'ZA', 'Africa/Johannesburg', 'South Africa', 27, 'ZAR', 'R', NULL, NULL, NULL, 0, '2020-09-08 07:33:00', '2020-09-08 07:33:00'),
(203, 'GS', 'Atlantic/South_Georgia', 'South Georgia', 0, 'GBP', '£', NULL, NULL, NULL, 0, '2020-09-08 07:33:00', '2020-09-08 07:33:00'),
(204, 'SS', 'Africa/Juba', 'South Sudan', 211, 'SSP', '£', NULL, NULL, NULL, 0, '2020-09-08 07:33:00', '2020-09-08 07:33:00'),
(205, 'ES', 'Africa/Ceuta', 'Spain', 34, 'EUR', '€', NULL, NULL, NULL, 0, '2020-09-08 07:33:00', '2020-09-08 07:33:00'),
(206, 'LK', 'Asia/Colombo', 'Sri Lanka', 94, 'LKR', 'Rs', NULL, NULL, NULL, 0, '2020-09-08 07:33:00', '2020-09-08 07:33:00'),
(207, 'SD', 'Africa/Khartoum', 'Sudan', 249, 'SDG', '.س.ج', NULL, NULL, NULL, 0, '2020-09-08 07:33:00', '2020-09-08 07:33:00'),
(208, 'SR', 'America/Paramaribo', 'Suriname', 597, 'SRD', '$', NULL, NULL, NULL, 0, '2020-09-08 07:33:00', '2020-09-08 07:33:00'),
(209, 'SJ', 'Arctic/Longyearbyen', 'Svalbard And Jan Mayen Islands', 47, 'NOK', 'kr', NULL, NULL, NULL, 0, '2020-09-08 07:33:00', '2020-09-08 07:33:00'),
(210, 'SZ', 'Africa/Mbabane', 'Swaziland', 268, 'SZL', 'E', NULL, NULL, NULL, 0, '2020-09-08 07:33:00', '2020-09-08 07:33:00'),
(211, 'SE', 'Europe/Stockholm', 'Sweden', 46, 'SEK', 'kr', NULL, NULL, NULL, 0, '2020-09-08 07:33:00', '2020-09-08 07:33:00'),
(212, 'CH', 'Europe/Zurich', 'Switzerland', 41, 'CHF', 'CHf', NULL, NULL, NULL, 0, '2020-09-08 07:33:00', '2020-09-08 07:33:00'),
(213, 'SY', 'Asia/Damascus', 'Syria', 963, 'SYP', 'LS', NULL, NULL, NULL, 0, '2020-09-08 07:33:00', '2020-09-08 07:33:00'),
(214, 'TW', 'Asia/Taipei', 'Taiwan', 886, 'TWD', '$', NULL, NULL, NULL, 0, '2020-09-08 07:33:00', '2020-09-08 07:33:00'),
(215, 'TJ', 'Asia/Dushanbe', 'Tajikistan', 992, 'TJS', 'SM', NULL, NULL, NULL, 0, '2020-09-08 07:33:00', '2020-09-08 07:33:00'),
(216, 'TZ', 'Africa/Dar_es_Salaam', 'Tanzania', 255, 'TZS', 'TSh', NULL, NULL, NULL, 0, '2020-09-08 07:33:00', '2020-09-08 07:33:00'),
(217, 'TH', 'Asia/Bangkok', 'Thailand', 66, 'THB', '฿', NULL, NULL, NULL, 0, '2020-09-08 07:33:00', '2020-09-08 07:33:00'),
(218, 'TG', 'Africa/Lome', 'Togo', 228, 'XOF', 'CFA', NULL, NULL, NULL, 0, '2020-09-08 07:33:00', '2020-09-08 07:33:00'),
(219, 'TK', 'Pacific/Fakaofo', 'Tokelau', 690, 'NZD', '$', NULL, NULL, NULL, 0, '2020-09-08 07:33:00', '2020-09-08 07:33:00'),
(220, 'TO', 'Pacific/Tongatapu', 'Tonga', 676, 'TOP', '$', NULL, NULL, NULL, 0, '2020-09-08 07:33:00', '2020-09-08 07:33:00'),
(221, 'TT', 'America/Port_of_Spain', 'Trinidad And Tobago', 1868, 'TTD', '$', NULL, NULL, NULL, 0, '2020-09-08 07:33:00', '2020-09-08 07:33:00'),
(222, 'TN', 'Africa/Tunis', 'Tunisia', 216, 'TND', 'ت.د', NULL, NULL, NULL, 0, '2020-09-08 07:33:00', '2020-09-08 07:33:00'),
(223, 'TR', 'Europe/Istanbul', 'Turkey', 90, 'TRY', '₺', NULL, NULL, NULL, 0, '2020-09-08 07:33:00', '2020-09-08 07:33:00'),
(224, 'TM', 'Asia/Ashgabat', 'Turkmenistan', 7370, 'TMT', 'T', NULL, NULL, NULL, 0, '2020-09-08 07:33:00', '2020-09-08 07:33:00'),
(225, 'TC', 'America/Grand_Turk', 'Turks And Caicos Islands', 1649, 'USD', '$', NULL, NULL, NULL, 0, '2020-09-08 07:33:00', '2020-09-08 07:33:00'),
(226, 'TV', 'Pacific/Funafuti', 'Tuvalu', 688, 'AUD', '$', NULL, NULL, NULL, 0, '2020-09-08 07:33:00', '2020-09-08 07:33:00'),
(227, 'UG', 'Africa/Kampala', 'Uganda', 256, 'UGX', 'USh', NULL, NULL, NULL, 0, '2020-09-08 07:33:00', '2020-09-08 07:33:00'),
(228, 'UA', 'Europe/Kiev', 'Ukraine', 380, 'UAH', '₴', NULL, NULL, NULL, 0, '2020-09-08 07:33:00', '2020-09-08 07:33:00'),
(229, 'AE', 'Asia/Dubai', 'United Arab Emirates', 971, 'AED', 'إ.د', NULL, NULL, NULL, 0, '2020-09-08 07:33:00', '2020-09-08 07:33:00'),
(230, 'GB', 'Europe/London', 'United Kingdom', 44, 'GBP', '£', NULL, NULL, NULL, 0, '2020-09-08 07:33:00', '2020-09-08 07:33:00'),
(231, 'US', 'America/Adak', 'United States', 1, 'USD', '$', NULL, NULL, NULL, 0, '2020-09-08 07:33:00', '2020-09-08 07:33:00'),
(232, 'UM', 'Pacific/Johnston', 'United States Minor Outlying Islands', 1, 'USD', '$', NULL, NULL, NULL, 0, '2020-09-08 07:33:00', '2020-09-08 07:33:00'),
(233, 'UY', 'America/Montevideo', 'Uruguay', 598, 'UYU', '$', NULL, NULL, NULL, 0, '2020-09-08 07:33:00', '2020-09-08 07:33:00'),
(234, 'UZ', 'Asia/Samarkand', 'Uzbekistan', 998, 'UZS', 'лв', NULL, NULL, NULL, 0, '2020-09-08 07:33:00', '2020-09-08 07:33:00'),
(235, 'VU', 'Pacific/Efate', 'Vanuatu', 678, 'VUV', 'VT', NULL, NULL, NULL, 0, '2020-09-08 07:33:00', '2020-09-08 07:33:00'),
(236, 'VA', 'Europe/Vatican', 'Vatican City State (Holy See)', 39, 'EUR', '€', NULL, NULL, NULL, 0, '2020-09-08 07:33:00', '2020-09-08 07:33:00'),
(237, 'VE', 'America/Caracas', 'Venezuela', 58, 'VEF', 'Bs', NULL, NULL, NULL, 0, '2020-09-08 07:33:00', '2020-09-08 07:33:00'),
(238, 'VN', 'Asia/Ho_Chi_Minh', 'Vietnam', 84, 'VND', '₫', NULL, NULL, NULL, 0, '2020-09-08 07:33:00', '2020-09-08 07:33:00'),
(239, 'VG', 'America/Tortola', 'Virgin Islands (British)', 1284, 'USD', '$', NULL, NULL, NULL, 0, '2020-09-08 07:33:00', '2020-09-08 07:33:00'),
(240, 'VI', 'America/St_Thomas', 'Virgin Islands (US)', 1340, 'USD', '$', NULL, NULL, NULL, 0, '2020-09-08 07:33:00', '2020-09-08 07:33:00'),
(241, 'WF', 'Pacific/Wallis', 'Wallis And Futuna Islands', 681, 'XPF', '₣', NULL, NULL, NULL, 0, '2020-09-08 07:33:00', '2020-09-08 07:33:00'),
(242, 'EH', 'Africa/El_Aaiun', 'Western Sahara', 212, 'MAD', 'MAD', NULL, NULL, NULL, 0, '2020-09-08 07:33:00', '2020-09-08 07:33:00'),
(243, 'YE', 'Asia/Aden', 'Yemen', 967, 'YER', '﷼', NULL, NULL, NULL, 0, '2020-09-08 07:33:00', '2020-09-08 07:33:00'),
(244, 'YU', 'Europe/Belgrade', 'Yugoslavia', 38, 'YUM', 'din', NULL, NULL, NULL, 0, '2020-09-08 07:33:00', '2020-09-08 07:33:00'),
(245, 'ZM', 'Africa/Lusaka', 'Zambia', 260, 'ZMW', 'ZK', NULL, NULL, NULL, 0, '2020-09-08 07:33:00', '2020-09-08 07:33:00'),
(246, 'ZW', 'Africa/Harare', 'Zimbabwe', 263, 'ZWL', '$', NULL, NULL, NULL, 0, '2020-09-08 07:33:00', '2020-09-08 07:33:00');

-- --------------------------------------------------------

--
-- Table structure for table `country_vehicle_category`
--

CREATE TABLE `country_vehicle_category` (
  `id` int(11) NOT NULL,
  `country_id` int(11) NOT NULL,
  `vehicle_category_id` int(11) NOT NULL,
  `base_fare` float(8,2) DEFAULT NULL,
  `per_km_rate` float(8,2) DEFAULT NULL,
  `per_minute_price` float(8,2) DEFAULT NULL,
  `per_minute_waiting_price` float(8,2) DEFAULT NULL,
  `created_at` timestamp NOT NULL DEFAULT current_timestamp(),
  `updated_at` timestamp NOT NULL DEFAULT current_timestamp() ON UPDATE current_timestamp()
) ENGINE=InnoDB DEFAULT CHARSET=utf8mb4 COLLATE=utf8mb4_general_ci;

--
-- Dumping data for table `country_vehicle_category`
--

INSERT INTO `country_vehicle_category` (`id`, `country_id`, `vehicle_category_id`, `base_fare`, `per_km_rate`, `per_minute_price`, `per_minute_waiting_price`, `created_at`, `updated_at`) VALUES
(1, 83, 13, 10.00, 2.00, 2.00, 1.00, '2025-07-28 11:47:38', '2025-09-20 09:41:59'),
(2, 101, 13, 20.00, 5.00, 5.00, 1.00, '2025-07-28 11:47:38', '2025-09-11 07:06:37'),
(3, 101, 5, 48.00, 6.00, 8.00, 2.00, '2025-08-27 11:39:27', '2025-09-20 07:21:05'),
(4, 83, 5, 20.00, 3.00, 4.00, 1.00, '2025-08-27 11:39:46', '2025-09-20 09:42:04'),
(5, 83, 3, 12.00, 2.00, 3.00, 0.00, '2025-08-27 11:40:32', '2025-09-20 09:42:08'),
(6, 101, 3, 48.00, 5.00, 6.00, 0.00, '2025-08-27 11:40:32', '2025-09-20 07:20:57'),
(7, 83, 4, 15.00, 3.00, 4.00, 0.00, '2025-09-20 07:17:18', '2025-09-20 09:42:10'),
(8, 101, 4, 50.00, 6.00, 8.00, 2.00, '2025-09-20 07:17:18', '2025-09-20 07:19:07'),
(9, 83, 6, 20.00, 2.00, 3.00, 1.00, '2025-09-20 07:18:20', '2025-09-20 09:42:13'),
(10, 101, 6, 50.00, 6.00, 7.00, 2.00, '2025-09-20 07:18:20', '2025-09-20 07:18:20'),
(11, 83, 7, 15.00, 1.00, 2.00, 1.00, '2025-09-20 07:18:43', '2025-09-20 09:42:15'),
(12, 101, 7, 45.00, 5.00, 6.00, 2.00, '2025-09-20 07:18:43', '2025-09-20 07:18:43'),
(13, 83, 8, 30.00, 3.00, 4.00, 1.00, '2025-09-20 07:19:51', '2025-09-20 09:42:18'),
(14, 101, 8, 60.00, 10.00, 10.00, 3.00, '2025-09-20 07:19:51', '2025-09-20 07:19:51'),
(15, 83, 9, 50.00, 4.00, 5.00, 2.00, '2025-09-20 07:20:20', '2025-09-20 09:42:21'),
(16, 101, 9, 100.00, 10.00, 12.00, 4.00, '2025-09-20 07:20:20', '2025-09-20 07:20:20'),
(17, 83, 15, 10.00, 1.00, 2.00, 1.00, '2025-09-20 07:22:09', '2025-09-20 09:42:23'),
(18, 101, 15, 48.00, 5.00, 6.00, 2.00, '2025-09-20 07:22:09', '2025-09-22 05:10:41');

-- --------------------------------------------------------

--
-- Table structure for table `coupons`
--

CREATE TABLE `coupons` (
  `id` int(11) NOT NULL,
  `type` varchar(255) NOT NULL,
  `code` varchar(255) NOT NULL,
  `details` longtext DEFAULT NULL,
  `discount` double(8,2) NOT NULL,
  `discount_type` varchar(100) NOT NULL,
  `start_date` datetime NOT NULL,
  `end_date` datetime NOT NULL,
  `status` enum('Enable','Disable') NOT NULL DEFAULT 'Enable',
  `created_at` timestamp NOT NULL DEFAULT current_timestamp(),
  `updated_at` timestamp NOT NULL DEFAULT current_timestamp()
) ENGINE=InnoDB DEFAULT CHARSET=utf8 COLLATE=utf8_unicode_ci;

--
-- Dumping data for table `coupons`
--

INSERT INTO `coupons` (`id`, `type`, `code`, `details`, `discount`, `discount_type`, `start_date`, `end_date`, `status`, `created_at`, `updated_at`) VALUES
(1, 'ride_base', 'RIDE0001', '[{\"usage_type\":\"unlimited\",\"max_discount\":\"2\"}]', 10.00, 'percent', '2025-10-01 00:00:00', '2025-11-30 00:00:00', 'Enable', '2025-10-01 01:44:24', '2025-10-01 01:44:24'),
(2, 'cart_base', 'Cart0001', '[{\"usage_type\":\"limited\",\"maximum_usage\":\"20\",\"min_buy\":\"100\"}]', 15.00, 'amount', '2025-10-01 00:00:00', '2025-11-30 00:00:00', 'Enable', '2025-10-01 01:48:35', '2025-10-01 01:48:35'),
(3, 'customer_base', 'Customer001', '[{\"usage_type\":\"unlimited\",\"min_buy\":\"100\",\"max_discount\":\"20\"},{\"user_id\":\"37\",\"min_buy\":\"100\",\"max_discount\":\"20\"},{\"user_id\":\"38\",\"min_buy\":\"100\",\"max_discount\":\"20\"}]', 10.00, 'percent', '2025-10-01 00:00:00', '2025-11-30 00:00:00', 'Enable', '2025-10-01 01:49:40', '2025-10-01 03:50:46'),
(4, 'seller_base', 'Seller001', '[{\"usage_type\":\"per_user\",\"min_buy\":\"100\",\"max_discount\":\"16\"},{\"user_id\":\"6\",\"min_buy\":\"100\",\"max_discount\":\"16\"}]', 20.00, 'percent', '2025-10-01 00:00:00', '2025-11-28 00:00:00', 'Enable', '2025-10-01 02:05:11', '2025-10-01 03:51:25'),
(5, 'product_base', 'Kiwi001', '[{\"usage_type\":\"unlimited\",\"max_discount\":\"15\"},{\"category_id\":\"1\",\"subcategory_id\":\"14\",\"product_id\":\"2\"},{\"category_id\":\"2\",\"subcategory_id\":\"6\",\"product_id\":\"4\"}]', 5.00, 'percent', '2025-10-01 00:00:00', '2025-11-20 00:00:00', 'Enable', '2025-10-01 02:07:09', '2025-10-01 03:10:31'),
(6, 'register_base', 'Register001', '[{\"usage_type\":\"unlimited\"},{\"remarks\":\"Register\"}]', 50.00, 'points', '2025-10-01 00:00:00', '2025-11-30 00:00:00', 'Enable', '2025-10-01 02:11:00', '2025-10-01 02:11:00'),
(7, 'category_base', 'Category001', '[{\"usage_type\":\"limited\",\"maximum_usage\":\"10\",\"max_discount\":\"20\"},{\"category_id\":\"1\",\"subcategory_id\":\"12\"},{\"category_id\":\"1\",\"subcategory_id\":\"14\"},{\"category_id\":\"2\"},[]]', 10.00, 'percent', '2025-10-01 00:00:00', '2025-11-30 00:00:00', 'Enable', '2025-10-01 02:15:02', '2025-10-01 04:15:55'),
(8, 'offer_base', 'Offer', '[{\"usage_type\":\"unlimited\",\"max_discount\":\"40\"}]', 10.00, 'percent', '2025-10-01 00:00:00', '2025-11-30 00:00:00', 'Enable', '2025-10-01 03:12:35', '2025-10-01 03:58:45');

-- --------------------------------------------------------

--
-- Table structure for table `coupon_usages`
--

CREATE TABLE `coupon_usages` (
  `id` int(11) NOT NULL,
  `user_id` int(11) NOT NULL,
  `coupon_id` int(11) NOT NULL,
  `created_at` timestamp NOT NULL DEFAULT current_timestamp(),
  `updated_at` timestamp NOT NULL DEFAULT current_timestamp()
) ENGINE=InnoDB DEFAULT CHARSET=utf8 COLLATE=utf8_unicode_ci;

--
-- Dumping data for table `coupon_usages`
--

INSERT INTO `coupon_usages` (`id`, `user_id`, `coupon_id`, `created_at`, `updated_at`) VALUES
(14, 37, 61, '2025-09-21 23:43:30', '2025-09-21 23:43:30');

-- --------------------------------------------------------

--
-- Table structure for table `delivery_charges`
--

CREATE TABLE `delivery_charges` (
  `id` int(11) NOT NULL,
  `country_id` int(11) DEFAULT NULL,
  `from_km` decimal(10,2) DEFAULT 0.00,
  `to_km` decimal(10,2) DEFAULT 0.00,
  `amount` decimal(10,2) DEFAULT 0.00,
  `created_at` timestamp NULL DEFAULT NULL,
  `updated_at` timestamp NULL DEFAULT NULL,
  `deleted_at` timestamp NULL DEFAULT NULL
) ENGINE=InnoDB DEFAULT CHARSET=latin1 COLLATE=latin1_swedish_ci;

--
-- Dumping data for table `delivery_charges`
--

INSERT INTO `delivery_charges` (`id`, `country_id`, `from_km`, `to_km`, `amount`, `created_at`, `updated_at`, `deleted_at`) VALUES
(3, 94, 0.00, 5.00, 15.00, '2025-08-19 04:30:03', '2025-08-19 04:30:03', NULL),
(4, 94, 5.00, 10.00, 25.00, '2025-08-19 04:30:03', '2025-08-19 04:30:03', NULL),
(5, 94, 10.00, 15.00, 40.00, '2025-08-19 04:30:03', '2025-08-19 04:34:10', NULL),
(6, 101, 0.00, 5.00, 10.00, '2025-09-05 03:29:23', '2025-09-17 23:52:01', '2025-09-17 23:52:01'),
(7, 101, 5.00, 10.00, 20.00, '2025-09-05 03:29:23', '2025-09-17 23:52:01', '2025-09-17 23:52:01'),
(8, 101, 0.00, 5.00, 20.00, '2025-09-17 23:52:01', '2025-09-17 23:52:01', NULL),
(9, 101, 5.00, 10.00, 40.00, '2025-09-17 23:52:01', '2025-09-17 23:52:01', NULL);

-- --------------------------------------------------------

--
-- Table structure for table `drivers`
--

CREATE TABLE `drivers` (
  `id` int(11) NOT NULL,
  `user_id` int(11) DEFAULT NULL,
  `type` enum('Delivery','Ride') NOT NULL DEFAULT 'Ride',
  `dob` date DEFAULT NULL,
  `gender` enum('Male','Female','Other','N/A') NOT NULL DEFAULT 'N/A',
  `address` varchar(255) DEFAULT NULL,
  `country` varchar(160) DEFAULT NULL,
  `country_id` int(11) DEFAULT NULL,
  `state_id` int(11) DEFAULT NULL,
  `city_id` int(11) DEFAULT NULL,
  `state` varchar(160) DEFAULT NULL,
  `city` varchar(160) DEFAULT NULL,
  `postcode` varchar(20) DEFAULT NULL,
  `landmark` varchar(255) DEFAULT NULL,
  `license_number` varchar(255) DEFAULT NULL,
  `license_expiry` varchar(255) DEFAULT NULL,
  `license_image` varchar(255) DEFAULT NULL,
  `rides_count` int(11) DEFAULT 0,
  `rating` float(8,2) DEFAULT NULL,
  `rating_count` int(11) DEFAULT 0,
  `wallet` float(8,2) DEFAULT NULL,
  `latitude` varchar(90) DEFAULT NULL,
  `longitude` varchar(90) DEFAULT NULL,
  `is_active` int(11) NOT NULL DEFAULT 0,
  `has_ride` tinyint(4) NOT NULL DEFAULT 0,
  `is_blocked` tinyint(4) NOT NULL DEFAULT 0 COMMENT '0 = unblocked\r\n1 = 24 hours blocked\r\n2 = temp blocked',
  `blocked_until` datetime DEFAULT NULL,
  `created_at` timestamp NOT NULL DEFAULT current_timestamp(),
  `updated_at` timestamp NOT NULL DEFAULT current_timestamp() ON UPDATE current_timestamp()
) ENGINE=InnoDB DEFAULT CHARSET=utf8mb4 COLLATE=utf8mb4_general_ci;

--
-- Dumping data for table `drivers`
--

INSERT INTO `drivers` (`id`, `user_id`, `type`, `dob`, `gender`, `address`, `country`, `country_id`, `state_id`, `city_id`, `state`, `city`, `postcode`, `landmark`, `license_number`, `license_expiry`, `license_image`, `rides_count`, `rating`, `rating_count`, `wallet`, `latitude`, `longitude`, `is_active`, `has_ride`, `is_blocked`, `blocked_until`, `created_at`, `updated_at`) VALUES
(1, 4, 'Ride', '2007-04-18', 'Male', '32A, Aman Nagar, Jalandhar', 'India', 101, 32, 3203, 'Punjab', 'Jalandhar', '144342', 'Petrol Pump', 'pb203939933', '2025-09-13', 'drivers/license_image/ekaw8gdHsI5E92b8TwXIzCPz1M6jaga70wGIUM2h.webp', 0, 0.00, 0, 0.00, '31.4260', '75.6762', 1, 0, 0, NULL, '2025-07-29 06:11:19', '2025-09-30 04:21:26'),
(2, 5, 'Ride', '2007-03-06', 'Male', '3rd floor Vasal Mall', 'India', 101, 32, 3203, 'Punjab', 'Jalandhar', '144342', 'Near Bank', 'LIC83030394944', '2026-03-13', 'drivers/license_image/E76XAgbiiTn9Pb5rL4g68Uk1b35yBLq4zZeWhv8u.jpg', 2, 0.00, 0, 89.56, '31.3260', '75.3762', 1, 0, 0, NULL, '2025-07-31 04:29:35', '2025-10-02 22:54:31'),
(3, 7, 'Delivery', '2007-01-03', 'Female', 'Partap baag, jalandhar', 'India', 101, 32, 3203, 'Punjab', 'Jalandhar', '144001', 'Near Bank', 'LIC8303039001', '2026-01-16', 'drivers/license_image/79lO3oFcmrFtCw1vHoOw5WRbwcPnD7QRugXgObz1.webp', 3, 5.00, 1, 0.00, '31.35346152783715', '75.66381297733736', 1, 0, 0, '2025-10-07 15:46:31', '2025-08-28 04:56:29', '2025-10-06 10:21:16');

-- --------------------------------------------------------

--
-- Table structure for table `driver_block_logs`
--

CREATE TABLE `driver_block_logs` (
  `id` bigint(20) UNSIGNED NOT NULL,
  `driver_id` bigint(20) UNSIGNED NOT NULL,
  `block_type` tinyint(4) NOT NULL COMMENT '1=24hr, 2=temp block, 0=unblock',
  `reason` varchar(255) DEFAULT NULL,
  `ride_id` bigint(20) UNSIGNED DEFAULT NULL,
  `blocked_at` timestamp NULL DEFAULT NULL,
  `unblocked_at` timestamp NULL DEFAULT NULL,
  `created_at` timestamp NULL DEFAULT current_timestamp(),
  `updated_at` timestamp NULL DEFAULT current_timestamp() ON UPDATE current_timestamp()
) ENGINE=InnoDB DEFAULT CHARSET=utf8mb4 COLLATE=utf8mb4_unicode_ci;

--
-- Dumping data for table `driver_block_logs`
--

INSERT INTO `driver_block_logs` (`id`, `driver_id`, `block_type`, `reason`, `ride_id`, `blocked_at`, `unblocked_at`, `created_at`, `updated_at`) VALUES
(1, 3, 1, 'Daily cancellations >= 3', 5, '2025-10-01 05:17:52', NULL, '2025-10-01 05:17:52', '2025-10-01 05:17:52'),
(2, 3, 0, '24hr block expired', NULL, NULL, '2025-10-03 23:33:34', '2025-10-03 23:33:34', '2025-10-03 23:33:34');

-- --------------------------------------------------------

--
-- Table structure for table `durations`
--

CREATE TABLE `durations` (
  `id` int(11) NOT NULL,
  `name` int(11) NOT NULL,
  `weeks` enum('Day','Week','Month','Year') NOT NULL DEFAULT 'Day',
  `status` tinyint(4) NOT NULL DEFAULT 1,
  `created_at` datetime NOT NULL,
  `updated_at` timestamp NOT NULL DEFAULT current_timestamp() ON UPDATE current_timestamp()
) ENGINE=InnoDB DEFAULT CHARSET=latin1 COLLATE=latin1_swedish_ci;

--
-- Dumping data for table `durations`
--

INSERT INTO `durations` (`id`, `name`, `weeks`, `status`, `created_at`, `updated_at`) VALUES
(1, 1, 'Year', 1, '2025-08-14 10:45:39', '2025-09-25 04:55:12'),
(2, 1, 'Month', 1, '2025-08-14 10:45:58', '2025-09-25 04:55:16'),
(3, 6, 'Month', 1, '2025-08-14 07:08:46', '2025-09-25 04:55:20'),
(14, 1, 'Week', 1, '2025-08-14 07:08:46', '2025-09-25 04:55:20');

-- --------------------------------------------------------

--
-- Table structure for table `emails`
--

CREATE TABLE `emails` (
  `id` int(11) NOT NULL,
  `subject` varchar(260) NOT NULL,
  `body` text NOT NULL,
  `send_to` text NOT NULL,
  `user_id` int(11) NOT NULL DEFAULT 0,
  `type` varchar(61) NOT NULL DEFAULT '',
  `message_type` enum('Email','Push Notification') NOT NULL DEFAULT 'Email',
  `icon` varchar(190) DEFAULT NULL,
  `status` enum('Enable','Deleted','Starred','Spam') NOT NULL DEFAULT 'Enable',
  `created_at` datetime NOT NULL,
  `updated_at` timestamp NOT NULL DEFAULT current_timestamp() ON UPDATE current_timestamp()
) ENGINE=InnoDB DEFAULT CHARSET=latin1 COLLATE=latin1_swedish_ci;

--
-- Dumping data for table `emails`
--

INSERT INTO `emails` (`id`, `subject`, `body`, `send_to`, `user_id`, `type`, `message_type`, `icon`, `status`, `created_at`, `updated_at`) VALUES
(1, 'Testing', '<p>Lorum ipsum</p>', '[\"satwantbambra@gmail.com\"]', 1, 'User', 'Email', NULL, 'Enable', '2025-10-08 05:58:33', '2025-10-08 00:28:33');

-- --------------------------------------------------------

--
-- Table structure for table `email_details`
--

CREATE TABLE `email_details` (
  `id` int(11) NOT NULL,
  `user_id` int(11) NOT NULL,
  `email_id` int(11) NOT NULL,
  `seen` tinyint(4) NOT NULL,
  `created_at` datetime NOT NULL DEFAULT current_timestamp(),
  `updated_at` datetime NOT NULL DEFAULT current_timestamp() ON UPDATE current_timestamp()
) ENGINE=InnoDB DEFAULT CHARSET=utf8 COLLATE=utf8_unicode_ci;

--
-- Dumping data for table `email_details`
--

INSERT INTO `email_details` (`id`, `user_id`, `email_id`, `seen`, `created_at`, `updated_at`) VALUES
(1, 37, 1, 0, '2025-10-08 11:28:33', '2025-10-08 11:28:33');

-- --------------------------------------------------------

--
-- Table structure for table `failed_jobs`
--

CREATE TABLE `failed_jobs` (
  `id` bigint(20) UNSIGNED NOT NULL,
  `uuid` varchar(255) NOT NULL,
  `connection` text NOT NULL,
  `queue` text NOT NULL,
  `payload` longtext NOT NULL,
  `exception` longtext NOT NULL,
  `failed_at` timestamp NOT NULL DEFAULT current_timestamp()
) ENGINE=InnoDB DEFAULT CHARSET=utf8mb4 COLLATE=utf8mb4_unicode_ci;

--
-- Dumping data for table `failed_jobs`
--

INSERT INTO `failed_jobs` (`id`, `uuid`, `connection`, `queue`, `payload`, `exception`, `failed_at`) VALUES
(1, '7654ed1a-64f3-4497-9b8a-f37a5c3059a8', 'redis', 'default', '{\"uuid\":\"7654ed1a-64f3-4497-9b8a-f37a5c3059a8\",\"displayName\":\"App\\\\Mail\\\\AccountApproveEmail\",\"job\":\"Illuminate\\\\Queue\\\\CallQueuedHandler@call\",\"maxTries\":null,\"maxExceptions\":null,\"failOnTimeout\":false,\"backoff\":null,\"timeout\":null,\"retryUntil\":null,\"data\":{\"commandName\":\"Illuminate\\\\Mail\\\\SendQueuedMailable\",\"command\":\"O:34:\\\"Illuminate\\\\Mail\\\\SendQueuedMailable\\\":16:{s:8:\\\"mailable\\\";O:28:\\\"App\\\\Mail\\\\AccountApproveEmail\\\":3:{s:4:\\\"data\\\";a:5:{s:4:\\\"view\\\";s:21:\\\"emails.accountApprove\\\";s:7:\\\"subject\\\";s:44:\\\"Account Registration satwantbambra@gmail.com\\\";s:4:\\\"name\\\";s:13:\\\"Satwant singh\\\";s:9:\\\"greetings\\\";s:15:\\\"Congratulations\\\";s:7:\\\"content\\\";s:281:\\\"Your Account on TOPSYAPP has been created by Admin. Now you can login to your account on TOPSYAPP App with the below credentials. <br>Following are the credentials for login <br><br> <b>Login ID: <\\/b>9872038507<br><b>Password: <\\/b>12345678<br><b>url: <\\/b>https:\\/\\/localhost\\/topsyapp\\\";}s:2:\\\"to\\\";a:1:{i:0;a:2:{s:4:\\\"name\\\";N;s:7:\\\"address\\\";s:23:\\\"satwantbambra@gmail.com\\\";}}s:6:\\\"mailer\\\";s:4:\\\"smtp\\\";}s:5:\\\"tries\\\";N;s:7:\\\"timeout\\\";N;s:13:\\\"maxExceptions\\\";N;s:17:\\\"shouldBeEncrypted\\\";b:0;s:10:\\\"connection\\\";N;s:5:\\\"queue\\\";N;s:12:\\\"messageGroup\\\";N;s:5:\\\"delay\\\";N;s:11:\\\"afterCommit\\\";N;s:10:\\\"middleware\\\";a:0:{}s:7:\\\"chained\\\";a:0:{}s:15:\\\"chainConnection\\\";N;s:10:\\\"chainQueue\\\";N;s:19:\\\"chainCatchCallbacks\\\";N;s:3:\\\"job\\\";N;}\"},\"createdAt\":1758171375,\"id\":\"mvm4kb2znR1AuT4rHmn6CoHO3ccyCTly\",\"attempts\":0,\"delay\":null}', 'InvalidArgumentException: View [content.logo] not found. in D:\\Xampp\\htdocs\\topsyapp\\vendor\\laravel\\framework\\src\\Illuminate\\View\\FileViewFinder.php:138\nStack trace:\n#0 D:\\Xampp\\htdocs\\topsyapp\\vendor\\laravel\\framework\\src\\Illuminate\\View\\FileViewFinder.php(78): Illuminate\\View\\FileViewFinder->findInPaths(\'content.logo\', Array)\n#1 D:\\Xampp\\htdocs\\topsyapp\\vendor\\laravel\\framework\\src\\Illuminate\\View\\Factory.php(150): Illuminate\\View\\FileViewFinder->find(\'content.logo\')\n#2 D:\\Xampp\\htdocs\\topsyapp\\storage\\framework\\views\\c308615bb157aed8289979953597e1f5.php(46): Illuminate\\View\\Factory->make(\'content.logo\', Array)\n#3 D:\\Xampp\\htdocs\\topsyapp\\vendor\\laravel\\framework\\src\\Illuminate\\Filesystem\\Filesystem.php(123): require(\'D:\\\\Xampp\\\\htdocs...\')\n#4 D:\\Xampp\\htdocs\\topsyapp\\vendor\\laravel\\framework\\src\\Illuminate\\Filesystem\\Filesystem.php(124): Illuminate\\Filesystem\\Filesystem::Illuminate\\Filesystem\\{closure}()\n#5 D:\\Xampp\\htdocs\\topsyapp\\vendor\\laravel\\framework\\src\\Illuminate\\View\\Engines\\PhpEngine.php(57): Illuminate\\Filesystem\\Filesystem->getRequire(\'D:\\\\Xampp\\\\htdocs...\', Array)\n#6 D:\\Xampp\\htdocs\\topsyapp\\vendor\\livewire\\livewire\\src\\Mechanisms\\ExtendBlade\\ExtendedCompilerEngine.php(22): Illuminate\\View\\Engines\\PhpEngine->evaluatePath(\'D:\\\\Xampp\\\\htdocs...\', Array)\n#7 D:\\Xampp\\htdocs\\topsyapp\\vendor\\laravel\\framework\\src\\Illuminate\\View\\Engines\\CompilerEngine.php(76): Livewire\\Mechanisms\\ExtendBlade\\ExtendedCompilerEngine->evaluatePath(\'D:\\\\Xampp\\\\htdocs...\', Array)\n#8 D:\\Xampp\\htdocs\\topsyapp\\vendor\\livewire\\livewire\\src\\Mechanisms\\ExtendBlade\\ExtendedCompilerEngine.php(10): Illuminate\\View\\Engines\\CompilerEngine->get(\'D:\\\\Xampp\\\\htdocs...\', Array)\n#9 D:\\Xampp\\htdocs\\topsyapp\\vendor\\laravel\\framework\\src\\Illuminate\\View\\View.php(208): Livewire\\Mechanisms\\ExtendBlade\\ExtendedCompilerEngine->get(\'D:\\\\Xampp\\\\htdocs...\', Array)\n#10 D:\\Xampp\\htdocs\\topsyapp\\vendor\\laravel\\framework\\src\\Illuminate\\View\\View.php(191): Illuminate\\View\\View->getContents()\n#11 D:\\Xampp\\htdocs\\topsyapp\\vendor\\laravel\\framework\\src\\Illuminate\\View\\View.php(160): Illuminate\\View\\View->renderContents()\n#12 D:\\Xampp\\htdocs\\topsyapp\\vendor\\laravel\\framework\\src\\Illuminate\\Mail\\Mailer.php(444): Illuminate\\View\\View->render()\n#13 D:\\Xampp\\htdocs\\topsyapp\\vendor\\laravel\\framework\\src\\Illuminate\\Mail\\Mailer.php(419): Illuminate\\Mail\\Mailer->renderView(\'emails.accountA...\', Array)\n#14 D:\\Xampp\\htdocs\\topsyapp\\vendor\\laravel\\framework\\src\\Illuminate\\Mail\\Mailer.php(312): Illuminate\\Mail\\Mailer->addContent(Object(Illuminate\\Mail\\Message), \'emails.accountA...\', NULL, NULL, Array)\n#15 D:\\Xampp\\htdocs\\topsyapp\\vendor\\laravel\\framework\\src\\Illuminate\\Mail\\Mailable.php(207): Illuminate\\Mail\\Mailer->send(\'emails.accountA...\', Array, Object(Closure))\n#16 D:\\Xampp\\htdocs\\topsyapp\\vendor\\laravel\\framework\\src\\Illuminate\\Support\\Traits\\Localizable.php(19): Illuminate\\Mail\\Mailable->Illuminate\\Mail\\{closure}()\n#17 D:\\Xampp\\htdocs\\topsyapp\\vendor\\laravel\\framework\\src\\Illuminate\\Mail\\Mailable.php(200): Illuminate\\Mail\\Mailable->withLocale(NULL, Object(Closure))\n#18 D:\\Xampp\\htdocs\\topsyapp\\vendor\\laravel\\framework\\src\\Illuminate\\Mail\\SendQueuedMailable.php(82): Illuminate\\Mail\\Mailable->send(Object(Illuminate\\Mail\\MailManager))\n#19 D:\\Xampp\\htdocs\\topsyapp\\vendor\\laravel\\framework\\src\\Illuminate\\Container\\BoundMethod.php(36): Illuminate\\Mail\\SendQueuedMailable->handle(Object(Illuminate\\Mail\\MailManager))\n#20 D:\\Xampp\\htdocs\\topsyapp\\vendor\\laravel\\framework\\src\\Illuminate\\Container\\Util.php(43): Illuminate\\Container\\BoundMethod::Illuminate\\Container\\{closure}()\n#21 D:\\Xampp\\htdocs\\topsyapp\\vendor\\laravel\\framework\\src\\Illuminate\\Container\\BoundMethod.php(96): Illuminate\\Container\\Util::unwrapIfClosure(Object(Closure))\n#22 D:\\Xampp\\htdocs\\topsyapp\\vendor\\laravel\\framework\\src\\Illuminate\\Container\\BoundMethod.php(35): Illuminate\\Container\\BoundMethod::callBoundMethod(Object(Illuminate\\Foundation\\Application), Array, Object(Closure))\n#23 D:\\Xampp\\htdocs\\topsyapp\\vendor\\laravel\\framework\\src\\Illuminate\\Container\\Container.php(836): Illuminate\\Container\\BoundMethod::call(Object(Illuminate\\Foundation\\Application), Array, Array, NULL)\n#24 D:\\Xampp\\htdocs\\topsyapp\\vendor\\laravel\\framework\\src\\Illuminate\\Bus\\Dispatcher.php(132): Illuminate\\Container\\Container->call(Array)\n#25 D:\\Xampp\\htdocs\\topsyapp\\vendor\\laravel\\framework\\src\\Illuminate\\Pipeline\\Pipeline.php(180): Illuminate\\Bus\\Dispatcher->Illuminate\\Bus\\{closure}(Object(Illuminate\\Mail\\SendQueuedMailable))\n#26 D:\\Xampp\\htdocs\\topsyapp\\vendor\\laravel\\framework\\src\\Illuminate\\Pipeline\\Pipeline.php(137): Illuminate\\Pipeline\\Pipeline->Illuminate\\Pipeline\\{closure}(Object(Illuminate\\Mail\\SendQueuedMailable))\n#27 D:\\Xampp\\htdocs\\topsyapp\\vendor\\laravel\\framework\\src\\Illuminate\\Bus\\Dispatcher.php(136): Illuminate\\Pipeline\\Pipeline->then(Object(Closure))\n#28 D:\\Xampp\\htdocs\\topsyapp\\vendor\\laravel\\framework\\src\\Illuminate\\Queue\\CallQueuedHandler.php(134): Illuminate\\Bus\\Dispatcher->dispatchNow(Object(Illuminate\\Mail\\SendQueuedMailable), false)\n#29 D:\\Xampp\\htdocs\\topsyapp\\vendor\\laravel\\framework\\src\\Illuminate\\Pipeline\\Pipeline.php(180): Illuminate\\Queue\\CallQueuedHandler->Illuminate\\Queue\\{closure}(Object(Illuminate\\Mail\\SendQueuedMailable))\n#30 D:\\Xampp\\htdocs\\topsyapp\\vendor\\laravel\\framework\\src\\Illuminate\\Pipeline\\Pipeline.php(137): Illuminate\\Pipeline\\Pipeline->Illuminate\\Pipeline\\{closure}(Object(Illuminate\\Mail\\SendQueuedMailable))\n#31 D:\\Xampp\\htdocs\\topsyapp\\vendor\\laravel\\framework\\src\\Illuminate\\Queue\\CallQueuedHandler.php(127): Illuminate\\Pipeline\\Pipeline->then(Object(Closure))\n#32 D:\\Xampp\\htdocs\\topsyapp\\vendor\\laravel\\framework\\src\\Illuminate\\Queue\\CallQueuedHandler.php(68): Illuminate\\Queue\\CallQueuedHandler->dispatchThroughMiddleware(Object(Illuminate\\Queue\\Jobs\\RedisJob), Object(Illuminate\\Mail\\SendQueuedMailable))\n#33 D:\\Xampp\\htdocs\\topsyapp\\vendor\\laravel\\framework\\src\\Illuminate\\Queue\\Jobs\\Job.php(102): Illuminate\\Queue\\CallQueuedHandler->call(Object(Illuminate\\Queue\\Jobs\\RedisJob), Array)\n#34 D:\\Xampp\\htdocs\\topsyapp\\vendor\\laravel\\framework\\src\\Illuminate\\Queue\\Worker.php(444): Illuminate\\Queue\\Jobs\\Job->fire()\n#35 D:\\Xampp\\htdocs\\topsyapp\\vendor\\laravel\\framework\\src\\Illuminate\\Queue\\Worker.php(394): Illuminate\\Queue\\Worker->process(\'redis\', Object(Illuminate\\Queue\\Jobs\\RedisJob), Object(Illuminate\\Queue\\WorkerOptions))\n#36 D:\\Xampp\\htdocs\\topsyapp\\vendor\\laravel\\framework\\src\\Illuminate\\Queue\\Worker.php(180): Illuminate\\Queue\\Worker->runJob(Object(Illuminate\\Queue\\Jobs\\RedisJob), \'redis\', Object(Illuminate\\Queue\\WorkerOptions))\n#37 D:\\Xampp\\htdocs\\topsyapp\\vendor\\laravel\\framework\\src\\Illuminate\\Queue\\Console\\WorkCommand.php(148): Illuminate\\Queue\\Worker->daemon(\'redis\', \'default\', Object(Illuminate\\Queue\\WorkerOptions))\n#38 D:\\Xampp\\htdocs\\topsyapp\\vendor\\laravel\\framework\\src\\Illuminate\\Queue\\Console\\WorkCommand.php(131): Illuminate\\Queue\\Console\\WorkCommand->runWorker(\'redis\', \'default\')\n#39 D:\\Xampp\\htdocs\\topsyapp\\vendor\\laravel\\framework\\src\\Illuminate\\Container\\BoundMethod.php(36): Illuminate\\Queue\\Console\\WorkCommand->handle()\n#40 D:\\Xampp\\htdocs\\topsyapp\\vendor\\laravel\\framework\\src\\Illuminate\\Container\\Util.php(43): Illuminate\\Container\\BoundMethod::Illuminate\\Container\\{closure}()\n#41 D:\\Xampp\\htdocs\\topsyapp\\vendor\\laravel\\framework\\src\\Illuminate\\Container\\BoundMethod.php(96): Illuminate\\Container\\Util::unwrapIfClosure(Object(Closure))\n#42 D:\\Xampp\\htdocs\\topsyapp\\vendor\\laravel\\framework\\src\\Illuminate\\Container\\BoundMethod.php(35): Illuminate\\Container\\BoundMethod::callBoundMethod(Object(Illuminate\\Foundation\\Application), Array, Object(Closure))\n#43 D:\\Xampp\\htdocs\\topsyapp\\vendor\\laravel\\framework\\src\\Illuminate\\Container\\Container.php(836): Illuminate\\Container\\BoundMethod::call(Object(Illuminate\\Foundation\\Application), Array, Array, NULL)\n#44 D:\\Xampp\\htdocs\\topsyapp\\vendor\\laravel\\framework\\src\\Illuminate\\Console\\Command.php(211): Illuminate\\Container\\Container->call(Array)\n#45 D:\\Xampp\\htdocs\\topsyapp\\vendor\\symfony\\console\\Command\\Command.php(318): Illuminate\\Console\\Command->execute(Object(Symfony\\Component\\Console\\Input\\ArgvInput), Object(Illuminate\\Console\\OutputStyle))\n#46 D:\\Xampp\\htdocs\\topsyapp\\vendor\\laravel\\framework\\src\\Illuminate\\Console\\Command.php(180): Symfony\\Component\\Console\\Command\\Command->run(Object(Symfony\\Component\\Console\\Input\\ArgvInput), Object(Illuminate\\Console\\OutputStyle))\n#47 D:\\Xampp\\htdocs\\topsyapp\\vendor\\symfony\\console\\Application.php(1110): Illuminate\\Console\\Command->run(Object(Symfony\\Component\\Console\\Input\\ArgvInput), Object(Symfony\\Component\\Console\\Output\\ConsoleOutput))\n#48 D:\\Xampp\\htdocs\\topsyapp\\vendor\\symfony\\console\\Application.php(359): Symfony\\Component\\Console\\Application->doRunCommand(Object(Illuminate\\Queue\\Console\\WorkCommand), Object(Symfony\\Component\\Console\\Input\\ArgvInput), Object(Symfony\\Component\\Console\\Output\\ConsoleOutput))\n#49 D:\\Xampp\\htdocs\\topsyapp\\vendor\\symfony\\console\\Application.php(194): Symfony\\Component\\Console\\Application->doRun(Object(Symfony\\Component\\Console\\Input\\ArgvInput), Object(Symfony\\Component\\Console\\Output\\ConsoleOutput))\n#50 D:\\Xampp\\htdocs\\topsyapp\\vendor\\laravel\\framework\\src\\Illuminate\\Foundation\\Console\\Kernel.php(197): Symfony\\Component\\Console\\Application->run(Object(Symfony\\Component\\Console\\Input\\ArgvInput), Object(Symfony\\Component\\Console\\Output\\ConsoleOutput))\n#51 D:\\Xampp\\htdocs\\topsyapp\\vendor\\laravel\\framework\\src\\Illuminate\\Foundation\\Application.php(1235): Illuminate\\Foundation\\Console\\Kernel->handle(Object(Symfony\\Component\\Console\\Input\\ArgvInput), Object(Symfony\\Component\\Console\\Output\\ConsoleOutput))\n#52 D:\\Xampp\\htdocs\\topsyapp\\artisan(17): Illuminate\\Foundation\\Application->handleCommand(Object(Symfony\\Component\\Console\\Input\\ArgvInput))\n#53 {main}\n\nNext Illuminate\\View\\ViewException: View [content.logo] not found. (View: D:\\Xampp\\htdocs\\topsyapp\\resources\\views\\emails\\accountApprove.blade.php) in D:\\Xampp\\htdocs\\topsyapp\\vendor\\laravel\\framework\\src\\Illuminate\\View\\FileViewFinder.php:138\nStack trace:\n#0 D:\\Xampp\\htdocs\\topsyapp\\vendor\\livewire\\livewire\\src\\Mechanisms\\ExtendBlade\\ExtendedCompilerEngine.php(58): Illuminate\\View\\Engines\\CompilerEngine->handleViewException(Object(InvalidArgumentException), 0)\n#1 D:\\Xampp\\htdocs\\topsyapp\\vendor\\laravel\\framework\\src\\Illuminate\\View\\Engines\\PhpEngine.php(59): Livewire\\Mechanisms\\ExtendBlade\\ExtendedCompilerEngine->handleViewException(Object(InvalidArgumentException), 0)\n#2 D:\\Xampp\\htdocs\\topsyapp\\vendor\\livewire\\livewire\\src\\Mechanisms\\ExtendBlade\\ExtendedCompilerEngine.php(22): Illuminate\\View\\Engines\\PhpEngine->evaluatePath(\'D:\\\\Xampp\\\\htdocs...\', Array)\n#3 D:\\Xampp\\htdocs\\topsyapp\\vendor\\laravel\\framework\\src\\Illuminate\\View\\Engines\\CompilerEngine.php(76): Livewire\\Mechanisms\\ExtendBlade\\ExtendedCompilerEngine->evaluatePath(\'D:\\\\Xampp\\\\htdocs...\', Array)\n#4 D:\\Xampp\\htdocs\\topsyapp\\vendor\\livewire\\livewire\\src\\Mechanisms\\ExtendBlade\\ExtendedCompilerEngine.php(10): Illuminate\\View\\Engines\\CompilerEngine->get(\'D:\\\\Xampp\\\\htdocs...\', Array)\n#5 D:\\Xampp\\htdocs\\topsyapp\\vendor\\laravel\\framework\\src\\Illuminate\\View\\View.php(208): Livewire\\Mechanisms\\ExtendBlade\\ExtendedCompilerEngine->get(\'D:\\\\Xampp\\\\htdocs...\', Array)\n#6 D:\\Xampp\\htdocs\\topsyapp\\vendor\\laravel\\framework\\src\\Illuminate\\View\\View.php(191): Illuminate\\View\\View->getContents()\n#7 D:\\Xampp\\htdocs\\topsyapp\\vendor\\laravel\\framework\\src\\Illuminate\\View\\View.php(160): Illuminate\\View\\View->renderContents()\n#8 D:\\Xampp\\htdocs\\topsyapp\\vendor\\laravel\\framework\\src\\Illuminate\\Mail\\Mailer.php(444): Illuminate\\View\\View->render()\n#9 D:\\Xampp\\htdocs\\topsyapp\\vendor\\laravel\\framework\\src\\Illuminate\\Mail\\Mailer.php(419): Illuminate\\Mail\\Mailer->renderView(\'emails.accountA...\', Array)\n#10 D:\\Xampp\\htdocs\\topsyapp\\vendor\\laravel\\framework\\src\\Illuminate\\Mail\\Mailer.php(312): Illuminate\\Mail\\Mailer->addContent(Object(Illuminate\\Mail\\Message), \'emails.accountA...\', NULL, NULL, Array)\n#11 D:\\Xampp\\htdocs\\topsyapp\\vendor\\laravel\\framework\\src\\Illuminate\\Mail\\Mailable.php(207): Illuminate\\Mail\\Mailer->send(\'emails.accountA...\', Array, Object(Closure))\n#12 D:\\Xampp\\htdocs\\topsyapp\\vendor\\laravel\\framework\\src\\Illuminate\\Support\\Traits\\Localizable.php(19): Illuminate\\Mail\\Mailable->Illuminate\\Mail\\{closure}()\n#13 D:\\Xampp\\htdocs\\topsyapp\\vendor\\laravel\\framework\\src\\Illuminate\\Mail\\Mailable.php(200): Illuminate\\Mail\\Mailable->withLocale(NULL, Object(Closure))\n#14 D:\\Xampp\\htdocs\\topsyapp\\vendor\\laravel\\framework\\src\\Illuminate\\Mail\\SendQueuedMailable.php(82): Illuminate\\Mail\\Mailable->send(Object(Illuminate\\Mail\\MailManager))\n#15 D:\\Xampp\\htdocs\\topsyapp\\vendor\\laravel\\framework\\src\\Illuminate\\Container\\BoundMethod.php(36): Illuminate\\Mail\\SendQueuedMailable->handle(Object(Illuminate\\Mail\\MailManager))\n#16 D:\\Xampp\\htdocs\\topsyapp\\vendor\\laravel\\framework\\src\\Illuminate\\Container\\Util.php(43): Illuminate\\Container\\BoundMethod::Illuminate\\Container\\{closure}()\n#17 D:\\Xampp\\htdocs\\topsyapp\\vendor\\laravel\\framework\\src\\Illuminate\\Container\\BoundMethod.php(96): Illuminate\\Container\\Util::unwrapIfClosure(Object(Closure))\n#18 D:\\Xampp\\htdocs\\topsyapp\\vendor\\laravel\\framework\\src\\Illuminate\\Container\\BoundMethod.php(35): Illuminate\\Container\\BoundMethod::callBoundMethod(Object(Illuminate\\Foundation\\Application), Array, Object(Closure))\n#19 D:\\Xampp\\htdocs\\topsyapp\\vendor\\laravel\\framework\\src\\Illuminate\\Container\\Container.php(836): Illuminate\\Container\\BoundMethod::call(Object(Illuminate\\Foundation\\Application), Array, Array, NULL)\n#20 D:\\Xampp\\htdocs\\topsyapp\\vendor\\laravel\\framework\\src\\Illuminate\\Bus\\Dispatcher.php(132): Illuminate\\Container\\Container->call(Array)\n#21 D:\\Xampp\\htdocs\\topsyapp\\vendor\\laravel\\framework\\src\\Illuminate\\Pipeline\\Pipeline.php(180): Illuminate\\Bus\\Dispatcher->Illuminate\\Bus\\{closure}(Object(Illuminate\\Mail\\SendQueuedMailable))\n#22 D:\\Xampp\\htdocs\\topsyapp\\vendor\\laravel\\framework\\src\\Illuminate\\Pipeline\\Pipeline.php(137): Illuminate\\Pipeline\\Pipeline->Illuminate\\Pipeline\\{closure}(Object(Illuminate\\Mail\\SendQueuedMailable))\n#23 D:\\Xampp\\htdocs\\topsyapp\\vendor\\laravel\\framework\\src\\Illuminate\\Bus\\Dispatcher.php(136): Illuminate\\Pipeline\\Pipeline->then(Object(Closure))\n#24 D:\\Xampp\\htdocs\\topsyapp\\vendor\\laravel\\framework\\src\\Illuminate\\Queue\\CallQueuedHandler.php(134): Illuminate\\Bus\\Dispatcher->dispatchNow(Object(Illuminate\\Mail\\SendQueuedMailable), false)\n#25 D:\\Xampp\\htdocs\\topsyapp\\vendor\\laravel\\framework\\src\\Illuminate\\Pipeline\\Pipeline.php(180): Illuminate\\Queue\\CallQueuedHandler->Illuminate\\Queue\\{closure}(Object(Illuminate\\Mail\\SendQueuedMailable))\n#26 D:\\Xampp\\htdocs\\topsyapp\\vendor\\laravel\\framework\\src\\Illuminate\\Pipeline\\Pipeline.php(137): Illuminate\\Pipeline\\Pipeline->Illuminate\\Pipeline\\{closure}(Object(Illuminate\\Mail\\SendQueuedMailable))\n#27 D:\\Xampp\\htdocs\\topsyapp\\vendor\\laravel\\framework\\src\\Illuminate\\Queue\\CallQueuedHandler.php(127): Illuminate\\Pipeline\\Pipeline->then(Object(Closure))\n#28 D:\\Xampp\\htdocs\\topsyapp\\vendor\\laravel\\framework\\src\\Illuminate\\Queue\\CallQueuedHandler.php(68): Illuminate\\Queue\\CallQueuedHandler->dispatchThroughMiddleware(Object(Illuminate\\Queue\\Jobs\\RedisJob), Object(Illuminate\\Mail\\SendQueuedMailable))\n#29 D:\\Xampp\\htdocs\\topsyapp\\vendor\\laravel\\framework\\src\\Illuminate\\Queue\\Jobs\\Job.php(102): Illuminate\\Queue\\CallQueuedHandler->call(Object(Illuminate\\Queue\\Jobs\\RedisJob), Array)\n#30 D:\\Xampp\\htdocs\\topsyapp\\vendor\\laravel\\framework\\src\\Illuminate\\Queue\\Worker.php(444): Illuminate\\Queue\\Jobs\\Job->fire()\n#31 D:\\Xampp\\htdocs\\topsyapp\\vendor\\laravel\\framework\\src\\Illuminate\\Queue\\Worker.php(394): Illuminate\\Queue\\Worker->process(\'redis\', Object(Illuminate\\Queue\\Jobs\\RedisJob), Object(Illuminate\\Queue\\WorkerOptions))\n#32 D:\\Xampp\\htdocs\\topsyapp\\vendor\\laravel\\framework\\src\\Illuminate\\Queue\\Worker.php(180): Illuminate\\Queue\\Worker->runJob(Object(Illuminate\\Queue\\Jobs\\RedisJob), \'redis\', Object(Illuminate\\Queue\\WorkerOptions))\n#33 D:\\Xampp\\htdocs\\topsyapp\\vendor\\laravel\\framework\\src\\Illuminate\\Queue\\Console\\WorkCommand.php(148): Illuminate\\Queue\\Worker->daemon(\'redis\', \'default\', Object(Illuminate\\Queue\\WorkerOptions))\n#34 D:\\Xampp\\htdocs\\topsyapp\\vendor\\laravel\\framework\\src\\Illuminate\\Queue\\Console\\WorkCommand.php(131): Illuminate\\Queue\\Console\\WorkCommand->runWorker(\'redis\', \'default\')\n#35 D:\\Xampp\\htdocs\\topsyapp\\vendor\\laravel\\framework\\src\\Illuminate\\Container\\BoundMethod.php(36): Illuminate\\Queue\\Console\\WorkCommand->handle()\n#36 D:\\Xampp\\htdocs\\topsyapp\\vendor\\laravel\\framework\\src\\Illuminate\\Container\\Util.php(43): Illuminate\\Container\\BoundMethod::Illuminate\\Container\\{closure}()\n#37 D:\\Xampp\\htdocs\\topsyapp\\vendor\\laravel\\framework\\src\\Illuminate\\Container\\BoundMethod.php(96): Illuminate\\Container\\Util::unwrapIfClosure(Object(Closure))\n#38 D:\\Xampp\\htdocs\\topsyapp\\vendor\\laravel\\framework\\src\\Illuminate\\Container\\BoundMethod.php(35): Illuminate\\Container\\BoundMethod::callBoundMethod(Object(Illuminate\\Foundation\\Application), Array, Object(Closure))\n#39 D:\\Xampp\\htdocs\\topsyapp\\vendor\\laravel\\framework\\src\\Illuminate\\Container\\Container.php(836): Illuminate\\Container\\BoundMethod::call(Object(Illuminate\\Foundation\\Application), Array, Array, NULL)\n#40 D:\\Xampp\\htdocs\\topsyapp\\vendor\\laravel\\framework\\src\\Illuminate\\Console\\Command.php(211): Illuminate\\Container\\Container->call(Array)\n#41 D:\\Xampp\\htdocs\\topsyapp\\vendor\\symfony\\console\\Command\\Command.php(318): Illuminate\\Console\\Command->execute(Object(Symfony\\Component\\Console\\Input\\ArgvInput), Object(Illuminate\\Console\\OutputStyle))\n#42 D:\\Xampp\\htdocs\\topsyapp\\vendor\\laravel\\framework\\src\\Illuminate\\Console\\Command.php(180): Symfony\\Component\\Console\\Command\\Command->run(Object(Symfony\\Component\\Console\\Input\\ArgvInput), Object(Illuminate\\Console\\OutputStyle))\n#43 D:\\Xampp\\htdocs\\topsyapp\\vendor\\symfony\\console\\Application.php(1110): Illuminate\\Console\\Command->run(Object(Symfony\\Component\\Console\\Input\\ArgvInput), Object(Symfony\\Component\\Console\\Output\\ConsoleOutput))\n#44 D:\\Xampp\\htdocs\\topsyapp\\vendor\\symfony\\console\\Application.php(359): Symfony\\Component\\Console\\Application->doRunCommand(Object(Illuminate\\Queue\\Console\\WorkCommand), Object(Symfony\\Component\\Console\\Input\\ArgvInput), Object(Symfony\\Component\\Console\\Output\\ConsoleOutput))\n#45 D:\\Xampp\\htdocs\\topsyapp\\vendor\\symfony\\console\\Application.php(194): Symfony\\Component\\Console\\Application->doRun(Object(Symfony\\Component\\Console\\Input\\ArgvInput), Object(Symfony\\Component\\Console\\Output\\ConsoleOutput))\n#46 D:\\Xampp\\htdocs\\topsyapp\\vendor\\laravel\\framework\\src\\Illuminate\\Foundation\\Console\\Kernel.php(197): Symfony\\Component\\Console\\Application->run(Object(Symfony\\Component\\Console\\Input\\ArgvInput), Object(Symfony\\Component\\Console\\Output\\ConsoleOutput))\n#47 D:\\Xampp\\htdocs\\topsyapp\\vendor\\laravel\\framework\\src\\Illuminate\\Foundation\\Application.php(1235): Illuminate\\Foundation\\Console\\Kernel->handle(Object(Symfony\\Component\\Console\\Input\\ArgvInput), Object(Symfony\\Component\\Console\\Output\\ConsoleOutput))\n#48 D:\\Xampp\\htdocs\\topsyapp\\artisan(17): Illuminate\\Foundation\\Application->handleCommand(Object(Symfony\\Component\\Console\\Input\\ArgvInput))\n#49 {main}', '2025-09-20 03:12:56'),
(2, 'b0851d51-5be5-4ff9-a03a-5cad97d09c44', 'redis', 'default', '{\"uuid\":\"b0851d51-5be5-4ff9-a03a-5cad97d09c44\",\"displayName\":\"App\\\\Mail\\\\AccountApproveEmail\",\"job\":\"Illuminate\\\\Queue\\\\CallQueuedHandler@call\",\"maxTries\":null,\"maxExceptions\":null,\"failOnTimeout\":false,\"backoff\":null,\"timeout\":null,\"retryUntil\":null,\"data\":{\"commandName\":\"Illuminate\\\\Mail\\\\SendQueuedMailable\",\"command\":\"O:34:\\\"Illuminate\\\\Mail\\\\SendQueuedMailable\\\":16:{s:8:\\\"mailable\\\";O:28:\\\"App\\\\Mail\\\\AccountApproveEmail\\\":3:{s:4:\\\"data\\\";a:5:{s:4:\\\"view\\\";s:21:\\\"emails.accountApprove\\\";s:7:\\\"subject\\\";s:37:\\\"Account Registration aman@yopmail.com\\\";s:4:\\\"name\\\";s:14:\\\"Amanpreet kaur\\\";s:9:\\\"greetings\\\";s:15:\\\"Congratulations\\\";s:7:\\\"content\\\";s:281:\\\"Your Account on TOPSYAPP has been created by Admin. Now you can login to your account on TOPSYAPP App with the below credentials. <br>Following are the credentials for login <br><br> <b>Login ID: <\\/b>9041170046<br><b>Password: <\\/b>12345678<br><b>url: <\\/b>https:\\/\\/localhost\\/topsyapp\\\";}s:2:\\\"to\\\";a:1:{i:0;a:2:{s:4:\\\"name\\\";N;s:7:\\\"address\\\";s:16:\\\"aman@yopmail.com\\\";}}s:6:\\\"mailer\\\";s:4:\\\"smtp\\\";}s:5:\\\"tries\\\";N;s:7:\\\"timeout\\\";N;s:13:\\\"maxExceptions\\\";N;s:17:\\\"shouldBeEncrypted\\\";b:0;s:10:\\\"connection\\\";N;s:5:\\\"queue\\\";N;s:12:\\\"messageGroup\\\";N;s:5:\\\"delay\\\";N;s:11:\\\"afterCommit\\\";N;s:10:\\\"middleware\\\";a:0:{}s:7:\\\"chained\\\";a:0:{}s:15:\\\"chainConnection\\\";N;s:10:\\\"chainQueue\\\";N;s:19:\\\"chainCatchCallbacks\\\";N;s:3:\\\"job\\\";N;}\"},\"createdAt\":1758171643,\"id\":\"RfGlXgViJw7ieniTBBH66Vn46ghJVigN\",\"attempts\":0,\"delay\":null}', 'InvalidArgumentException: View [content.logo] not found. in D:\\Xampp\\htdocs\\topsyapp\\vendor\\laravel\\framework\\src\\Illuminate\\View\\FileViewFinder.php:138\nStack trace:\n#0 D:\\Xampp\\htdocs\\topsyapp\\vendor\\laravel\\framework\\src\\Illuminate\\View\\FileViewFinder.php(78): Illuminate\\View\\FileViewFinder->findInPaths(\'content.logo\', Array)\n#1 D:\\Xampp\\htdocs\\topsyapp\\vendor\\laravel\\framework\\src\\Illuminate\\View\\Factory.php(150): Illuminate\\View\\FileViewFinder->find(\'content.logo\')\n#2 D:\\Xampp\\htdocs\\topsyapp\\storage\\framework\\views\\c308615bb157aed8289979953597e1f5.php(46): Illuminate\\View\\Factory->make(\'content.logo\', Array)\n#3 D:\\Xampp\\htdocs\\topsyapp\\vendor\\laravel\\framework\\src\\Illuminate\\Filesystem\\Filesystem.php(123): require(\'D:\\\\Xampp\\\\htdocs...\')\n#4 D:\\Xampp\\htdocs\\topsyapp\\vendor\\laravel\\framework\\src\\Illuminate\\Filesystem\\Filesystem.php(124): Illuminate\\Filesystem\\Filesystem::Illuminate\\Filesystem\\{closure}()\n#5 D:\\Xampp\\htdocs\\topsyapp\\vendor\\laravel\\framework\\src\\Illuminate\\View\\Engines\\PhpEngine.php(57): Illuminate\\Filesystem\\Filesystem->getRequire(\'D:\\\\Xampp\\\\htdocs...\', Array)\n#6 D:\\Xampp\\htdocs\\topsyapp\\vendor\\livewire\\livewire\\src\\Mechanisms\\ExtendBlade\\ExtendedCompilerEngine.php(22): Illuminate\\View\\Engines\\PhpEngine->evaluatePath(\'D:\\\\Xampp\\\\htdocs...\', Array)\n#7 D:\\Xampp\\htdocs\\topsyapp\\vendor\\laravel\\framework\\src\\Illuminate\\View\\Engines\\CompilerEngine.php(76): Livewire\\Mechanisms\\ExtendBlade\\ExtendedCompilerEngine->evaluatePath(\'D:\\\\Xampp\\\\htdocs...\', Array)\n#8 D:\\Xampp\\htdocs\\topsyapp\\vendor\\livewire\\livewire\\src\\Mechanisms\\ExtendBlade\\ExtendedCompilerEngine.php(10): Illuminate\\View\\Engines\\CompilerEngine->get(\'D:\\\\Xampp\\\\htdocs...\', Array)\n#9 D:\\Xampp\\htdocs\\topsyapp\\vendor\\laravel\\framework\\src\\Illuminate\\View\\View.php(208): Livewire\\Mechanisms\\ExtendBlade\\ExtendedCompilerEngine->get(\'D:\\\\Xampp\\\\htdocs...\', Array)\n#10 D:\\Xampp\\htdocs\\topsyapp\\vendor\\laravel\\framework\\src\\Illuminate\\View\\View.php(191): Illuminate\\View\\View->getContents()\n#11 D:\\Xampp\\htdocs\\topsyapp\\vendor\\laravel\\framework\\src\\Illuminate\\View\\View.php(160): Illuminate\\View\\View->renderContents()\n#12 D:\\Xampp\\htdocs\\topsyapp\\vendor\\laravel\\framework\\src\\Illuminate\\Mail\\Mailer.php(444): Illuminate\\View\\View->render()\n#13 D:\\Xampp\\htdocs\\topsyapp\\vendor\\laravel\\framework\\src\\Illuminate\\Mail\\Mailer.php(419): Illuminate\\Mail\\Mailer->renderView(\'emails.accountA...\', Array)\n#14 D:\\Xampp\\htdocs\\topsyapp\\vendor\\laravel\\framework\\src\\Illuminate\\Mail\\Mailer.php(312): Illuminate\\Mail\\Mailer->addContent(Object(Illuminate\\Mail\\Message), \'emails.accountA...\', NULL, NULL, Array)\n#15 D:\\Xampp\\htdocs\\topsyapp\\vendor\\laravel\\framework\\src\\Illuminate\\Mail\\Mailable.php(207): Illuminate\\Mail\\Mailer->send(\'emails.accountA...\', Array, Object(Closure))\n#16 D:\\Xampp\\htdocs\\topsyapp\\vendor\\laravel\\framework\\src\\Illuminate\\Support\\Traits\\Localizable.php(19): Illuminate\\Mail\\Mailable->Illuminate\\Mail\\{closure}()\n#17 D:\\Xampp\\htdocs\\topsyapp\\vendor\\laravel\\framework\\src\\Illuminate\\Mail\\Mailable.php(200): Illuminate\\Mail\\Mailable->withLocale(NULL, Object(Closure))\n#18 D:\\Xampp\\htdocs\\topsyapp\\vendor\\laravel\\framework\\src\\Illuminate\\Mail\\SendQueuedMailable.php(82): Illuminate\\Mail\\Mailable->send(Object(Illuminate\\Mail\\MailManager))\n#19 D:\\Xampp\\htdocs\\topsyapp\\vendor\\laravel\\framework\\src\\Illuminate\\Container\\BoundMethod.php(36): Illuminate\\Mail\\SendQueuedMailable->handle(Object(Illuminate\\Mail\\MailManager))\n#20 D:\\Xampp\\htdocs\\topsyapp\\vendor\\laravel\\framework\\src\\Illuminate\\Container\\Util.php(43): Illuminate\\Container\\BoundMethod::Illuminate\\Container\\{closure}()\n#21 D:\\Xampp\\htdocs\\topsyapp\\vendor\\laravel\\framework\\src\\Illuminate\\Container\\BoundMethod.php(96): Illuminate\\Container\\Util::unwrapIfClosure(Object(Closure))\n#22 D:\\Xampp\\htdocs\\topsyapp\\vendor\\laravel\\framework\\src\\Illuminate\\Container\\BoundMethod.php(35): Illuminate\\Container\\BoundMethod::callBoundMethod(Object(Illuminate\\Foundation\\Application), Array, Object(Closure))\n#23 D:\\Xampp\\htdocs\\topsyapp\\vendor\\laravel\\framework\\src\\Illuminate\\Container\\Container.php(836): Illuminate\\Container\\BoundMethod::call(Object(Illuminate\\Foundation\\Application), Array, Array, NULL)\n#24 D:\\Xampp\\htdocs\\topsyapp\\vendor\\laravel\\framework\\src\\Illuminate\\Bus\\Dispatcher.php(132): Illuminate\\Container\\Container->call(Array)\n#25 D:\\Xampp\\htdocs\\topsyapp\\vendor\\laravel\\framework\\src\\Illuminate\\Pipeline\\Pipeline.php(180): Illuminate\\Bus\\Dispatcher->Illuminate\\Bus\\{closure}(Object(Illuminate\\Mail\\SendQueuedMailable))\n#26 D:\\Xampp\\htdocs\\topsyapp\\vendor\\laravel\\framework\\src\\Illuminate\\Pipeline\\Pipeline.php(137): Illuminate\\Pipeline\\Pipeline->Illuminate\\Pipeline\\{closure}(Object(Illuminate\\Mail\\SendQueuedMailable))\n#27 D:\\Xampp\\htdocs\\topsyapp\\vendor\\laravel\\framework\\src\\Illuminate\\Bus\\Dispatcher.php(136): Illuminate\\Pipeline\\Pipeline->then(Object(Closure))\n#28 D:\\Xampp\\htdocs\\topsyapp\\vendor\\laravel\\framework\\src\\Illuminate\\Queue\\CallQueuedHandler.php(134): Illuminate\\Bus\\Dispatcher->dispatchNow(Object(Illuminate\\Mail\\SendQueuedMailable), false)\n#29 D:\\Xampp\\htdocs\\topsyapp\\vendor\\laravel\\framework\\src\\Illuminate\\Pipeline\\Pipeline.php(180): Illuminate\\Queue\\CallQueuedHandler->Illuminate\\Queue\\{closure}(Object(Illuminate\\Mail\\SendQueuedMailable))\n#30 D:\\Xampp\\htdocs\\topsyapp\\vendor\\laravel\\framework\\src\\Illuminate\\Pipeline\\Pipeline.php(137): Illuminate\\Pipeline\\Pipeline->Illuminate\\Pipeline\\{closure}(Object(Illuminate\\Mail\\SendQueuedMailable))\n#31 D:\\Xampp\\htdocs\\topsyapp\\vendor\\laravel\\framework\\src\\Illuminate\\Queue\\CallQueuedHandler.php(127): Illuminate\\Pipeline\\Pipeline->then(Object(Closure))\n#32 D:\\Xampp\\htdocs\\topsyapp\\vendor\\laravel\\framework\\src\\Illuminate\\Queue\\CallQueuedHandler.php(68): Illuminate\\Queue\\CallQueuedHandler->dispatchThroughMiddleware(Object(Illuminate\\Queue\\Jobs\\RedisJob), Object(Illuminate\\Mail\\SendQueuedMailable))\n#33 D:\\Xampp\\htdocs\\topsyapp\\vendor\\laravel\\framework\\src\\Illuminate\\Queue\\Jobs\\Job.php(102): Illuminate\\Queue\\CallQueuedHandler->call(Object(Illuminate\\Queue\\Jobs\\RedisJob), Array)\n#34 D:\\Xampp\\htdocs\\topsyapp\\vendor\\laravel\\framework\\src\\Illuminate\\Queue\\Worker.php(444): Illuminate\\Queue\\Jobs\\Job->fire()\n#35 D:\\Xampp\\htdocs\\topsyapp\\vendor\\laravel\\framework\\src\\Illuminate\\Queue\\Worker.php(394): Illuminate\\Queue\\Worker->process(\'redis\', Object(Illuminate\\Queue\\Jobs\\RedisJob), Object(Illuminate\\Queue\\WorkerOptions))\n#36 D:\\Xampp\\htdocs\\topsyapp\\vendor\\laravel\\framework\\src\\Illuminate\\Queue\\Worker.php(180): Illuminate\\Queue\\Worker->runJob(Object(Illuminate\\Queue\\Jobs\\RedisJob), \'redis\', Object(Illuminate\\Queue\\WorkerOptions))\n#37 D:\\Xampp\\htdocs\\topsyapp\\vendor\\laravel\\framework\\src\\Illuminate\\Queue\\Console\\WorkCommand.php(148): Illuminate\\Queue\\Worker->daemon(\'redis\', \'default\', Object(Illuminate\\Queue\\WorkerOptions))\n#38 D:\\Xampp\\htdocs\\topsyapp\\vendor\\laravel\\framework\\src\\Illuminate\\Queue\\Console\\WorkCommand.php(131): Illuminate\\Queue\\Console\\WorkCommand->runWorker(\'redis\', \'default\')\n#39 D:\\Xampp\\htdocs\\topsyapp\\vendor\\laravel\\framework\\src\\Illuminate\\Container\\BoundMethod.php(36): Illuminate\\Queue\\Console\\WorkCommand->handle()\n#40 D:\\Xampp\\htdocs\\topsyapp\\vendor\\laravel\\framework\\src\\Illuminate\\Container\\Util.php(43): Illuminate\\Container\\BoundMethod::Illuminate\\Container\\{closure}()\n#41 D:\\Xampp\\htdocs\\topsyapp\\vendor\\laravel\\framework\\src\\Illuminate\\Container\\BoundMethod.php(96): Illuminate\\Container\\Util::unwrapIfClosure(Object(Closure))\n#42 D:\\Xampp\\htdocs\\topsyapp\\vendor\\laravel\\framework\\src\\Illuminate\\Container\\BoundMethod.php(35): Illuminate\\Container\\BoundMethod::callBoundMethod(Object(Illuminate\\Foundation\\Application), Array, Object(Closure))\n#43 D:\\Xampp\\htdocs\\topsyapp\\vendor\\laravel\\framework\\src\\Illuminate\\Container\\Container.php(836): Illuminate\\Container\\BoundMethod::call(Object(Illuminate\\Foundation\\Application), Array, Array, NULL)\n#44 D:\\Xampp\\htdocs\\topsyapp\\vendor\\laravel\\framework\\src\\Illuminate\\Console\\Command.php(211): Illuminate\\Container\\Container->call(Array)\n#45 D:\\Xampp\\htdocs\\topsyapp\\vendor\\symfony\\console\\Command\\Command.php(318): Illuminate\\Console\\Command->execute(Object(Symfony\\Component\\Console\\Input\\ArgvInput), Object(Illuminate\\Console\\OutputStyle))\n#46 D:\\Xampp\\htdocs\\topsyapp\\vendor\\laravel\\framework\\src\\Illuminate\\Console\\Command.php(180): Symfony\\Component\\Console\\Command\\Command->run(Object(Symfony\\Component\\Console\\Input\\ArgvInput), Object(Illuminate\\Console\\OutputStyle))\n#47 D:\\Xampp\\htdocs\\topsyapp\\vendor\\symfony\\console\\Application.php(1110): Illuminate\\Console\\Command->run(Object(Symfony\\Component\\Console\\Input\\ArgvInput), Object(Symfony\\Component\\Console\\Output\\ConsoleOutput))\n#48 D:\\Xampp\\htdocs\\topsyapp\\vendor\\symfony\\console\\Application.php(359): Symfony\\Component\\Console\\Application->doRunCommand(Object(Illuminate\\Queue\\Console\\WorkCommand), Object(Symfony\\Component\\Console\\Input\\ArgvInput), Object(Symfony\\Component\\Console\\Output\\ConsoleOutput))\n#49 D:\\Xampp\\htdocs\\topsyapp\\vendor\\symfony\\console\\Application.php(194): Symfony\\Component\\Console\\Application->doRun(Object(Symfony\\Component\\Console\\Input\\ArgvInput), Object(Symfony\\Component\\Console\\Output\\ConsoleOutput))\n#50 D:\\Xampp\\htdocs\\topsyapp\\vendor\\laravel\\framework\\src\\Illuminate\\Foundation\\Console\\Kernel.php(197): Symfony\\Component\\Console\\Application->run(Object(Symfony\\Component\\Console\\Input\\ArgvInput), Object(Symfony\\Component\\Console\\Output\\ConsoleOutput))\n#51 D:\\Xampp\\htdocs\\topsyapp\\vendor\\laravel\\framework\\src\\Illuminate\\Foundation\\Application.php(1235): Illuminate\\Foundation\\Console\\Kernel->handle(Object(Symfony\\Component\\Console\\Input\\ArgvInput), Object(Symfony\\Component\\Console\\Output\\ConsoleOutput))\n#52 D:\\Xampp\\htdocs\\topsyapp\\artisan(17): Illuminate\\Foundation\\Application->handleCommand(Object(Symfony\\Component\\Console\\Input\\ArgvInput))\n#53 {main}\n\nNext Illuminate\\View\\ViewException: View [content.logo] not found. (View: D:\\Xampp\\htdocs\\topsyapp\\resources\\views\\emails\\accountApprove.blade.php) in D:\\Xampp\\htdocs\\topsyapp\\vendor\\laravel\\framework\\src\\Illuminate\\View\\FileViewFinder.php:138\nStack trace:\n#0 D:\\Xampp\\htdocs\\topsyapp\\vendor\\livewire\\livewire\\src\\Mechanisms\\ExtendBlade\\ExtendedCompilerEngine.php(58): Illuminate\\View\\Engines\\CompilerEngine->handleViewException(Object(InvalidArgumentException), 0)\n#1 D:\\Xampp\\htdocs\\topsyapp\\vendor\\laravel\\framework\\src\\Illuminate\\View\\Engines\\PhpEngine.php(59): Livewire\\Mechanisms\\ExtendBlade\\ExtendedCompilerEngine->handleViewException(Object(InvalidArgumentException), 0)\n#2 D:\\Xampp\\htdocs\\topsyapp\\vendor\\livewire\\livewire\\src\\Mechanisms\\ExtendBlade\\ExtendedCompilerEngine.php(22): Illuminate\\View\\Engines\\PhpEngine->evaluatePath(\'D:\\\\Xampp\\\\htdocs...\', Array)\n#3 D:\\Xampp\\htdocs\\topsyapp\\vendor\\laravel\\framework\\src\\Illuminate\\View\\Engines\\CompilerEngine.php(76): Livewire\\Mechanisms\\ExtendBlade\\ExtendedCompilerEngine->evaluatePath(\'D:\\\\Xampp\\\\htdocs...\', Array)\n#4 D:\\Xampp\\htdocs\\topsyapp\\vendor\\livewire\\livewire\\src\\Mechanisms\\ExtendBlade\\ExtendedCompilerEngine.php(10): Illuminate\\View\\Engines\\CompilerEngine->get(\'D:\\\\Xampp\\\\htdocs...\', Array)\n#5 D:\\Xampp\\htdocs\\topsyapp\\vendor\\laravel\\framework\\src\\Illuminate\\View\\View.php(208): Livewire\\Mechanisms\\ExtendBlade\\ExtendedCompilerEngine->get(\'D:\\\\Xampp\\\\htdocs...\', Array)\n#6 D:\\Xampp\\htdocs\\topsyapp\\vendor\\laravel\\framework\\src\\Illuminate\\View\\View.php(191): Illuminate\\View\\View->getContents()\n#7 D:\\Xampp\\htdocs\\topsyapp\\vendor\\laravel\\framework\\src\\Illuminate\\View\\View.php(160): Illuminate\\View\\View->renderContents()\n#8 D:\\Xampp\\htdocs\\topsyapp\\vendor\\laravel\\framework\\src\\Illuminate\\Mail\\Mailer.php(444): Illuminate\\View\\View->render()\n#9 D:\\Xampp\\htdocs\\topsyapp\\vendor\\laravel\\framework\\src\\Illuminate\\Mail\\Mailer.php(419): Illuminate\\Mail\\Mailer->renderView(\'emails.accountA...\', Array)\n#10 D:\\Xampp\\htdocs\\topsyapp\\vendor\\laravel\\framework\\src\\Illuminate\\Mail\\Mailer.php(312): Illuminate\\Mail\\Mailer->addContent(Object(Illuminate\\Mail\\Message), \'emails.accountA...\', NULL, NULL, Array)\n#11 D:\\Xampp\\htdocs\\topsyapp\\vendor\\laravel\\framework\\src\\Illuminate\\Mail\\Mailable.php(207): Illuminate\\Mail\\Mailer->send(\'emails.accountA...\', Array, Object(Closure))\n#12 D:\\Xampp\\htdocs\\topsyapp\\vendor\\laravel\\framework\\src\\Illuminate\\Support\\Traits\\Localizable.php(19): Illuminate\\Mail\\Mailable->Illuminate\\Mail\\{closure}()\n#13 D:\\Xampp\\htdocs\\topsyapp\\vendor\\laravel\\framework\\src\\Illuminate\\Mail\\Mailable.php(200): Illuminate\\Mail\\Mailable->withLocale(NULL, Object(Closure))\n#14 D:\\Xampp\\htdocs\\topsyapp\\vendor\\laravel\\framework\\src\\Illuminate\\Mail\\SendQueuedMailable.php(82): Illuminate\\Mail\\Mailable->send(Object(Illuminate\\Mail\\MailManager))\n#15 D:\\Xampp\\htdocs\\topsyapp\\vendor\\laravel\\framework\\src\\Illuminate\\Container\\BoundMethod.php(36): Illuminate\\Mail\\SendQueuedMailable->handle(Object(Illuminate\\Mail\\MailManager))\n#16 D:\\Xampp\\htdocs\\topsyapp\\vendor\\laravel\\framework\\src\\Illuminate\\Container\\Util.php(43): Illuminate\\Container\\BoundMethod::Illuminate\\Container\\{closure}()\n#17 D:\\Xampp\\htdocs\\topsyapp\\vendor\\laravel\\framework\\src\\Illuminate\\Container\\BoundMethod.php(96): Illuminate\\Container\\Util::unwrapIfClosure(Object(Closure))\n#18 D:\\Xampp\\htdocs\\topsyapp\\vendor\\laravel\\framework\\src\\Illuminate\\Container\\BoundMethod.php(35): Illuminate\\Container\\BoundMethod::callBoundMethod(Object(Illuminate\\Foundation\\Application), Array, Object(Closure))\n#19 D:\\Xampp\\htdocs\\topsyapp\\vendor\\laravel\\framework\\src\\Illuminate\\Container\\Container.php(836): Illuminate\\Container\\BoundMethod::call(Object(Illuminate\\Foundation\\Application), Array, Array, NULL)\n#20 D:\\Xampp\\htdocs\\topsyapp\\vendor\\laravel\\framework\\src\\Illuminate\\Bus\\Dispatcher.php(132): Illuminate\\Container\\Container->call(Array)\n#21 D:\\Xampp\\htdocs\\topsyapp\\vendor\\laravel\\framework\\src\\Illuminate\\Pipeline\\Pipeline.php(180): Illuminate\\Bus\\Dispatcher->Illuminate\\Bus\\{closure}(Object(Illuminate\\Mail\\SendQueuedMailable))\n#22 D:\\Xampp\\htdocs\\topsyapp\\vendor\\laravel\\framework\\src\\Illuminate\\Pipeline\\Pipeline.php(137): Illuminate\\Pipeline\\Pipeline->Illuminate\\Pipeline\\{closure}(Object(Illuminate\\Mail\\SendQueuedMailable))\n#23 D:\\Xampp\\htdocs\\topsyapp\\vendor\\laravel\\framework\\src\\Illuminate\\Bus\\Dispatcher.php(136): Illuminate\\Pipeline\\Pipeline->then(Object(Closure))\n#24 D:\\Xampp\\htdocs\\topsyapp\\vendor\\laravel\\framework\\src\\Illuminate\\Queue\\CallQueuedHandler.php(134): Illuminate\\Bus\\Dispatcher->dispatchNow(Object(Illuminate\\Mail\\SendQueuedMailable), false)\n#25 D:\\Xampp\\htdocs\\topsyapp\\vendor\\laravel\\framework\\src\\Illuminate\\Pipeline\\Pipeline.php(180): Illuminate\\Queue\\CallQueuedHandler->Illuminate\\Queue\\{closure}(Object(Illuminate\\Mail\\SendQueuedMailable))\n#26 D:\\Xampp\\htdocs\\topsyapp\\vendor\\laravel\\framework\\src\\Illuminate\\Pipeline\\Pipeline.php(137): Illuminate\\Pipeline\\Pipeline->Illuminate\\Pipeline\\{closure}(Object(Illuminate\\Mail\\SendQueuedMailable))\n#27 D:\\Xampp\\htdocs\\topsyapp\\vendor\\laravel\\framework\\src\\Illuminate\\Queue\\CallQueuedHandler.php(127): Illuminate\\Pipeline\\Pipeline->then(Object(Closure))\n#28 D:\\Xampp\\htdocs\\topsyapp\\vendor\\laravel\\framework\\src\\Illuminate\\Queue\\CallQueuedHandler.php(68): Illuminate\\Queue\\CallQueuedHandler->dispatchThroughMiddleware(Object(Illuminate\\Queue\\Jobs\\RedisJob), Object(Illuminate\\Mail\\SendQueuedMailable))\n#29 D:\\Xampp\\htdocs\\topsyapp\\vendor\\laravel\\framework\\src\\Illuminate\\Queue\\Jobs\\Job.php(102): Illuminate\\Queue\\CallQueuedHandler->call(Object(Illuminate\\Queue\\Jobs\\RedisJob), Array)\n#30 D:\\Xampp\\htdocs\\topsyapp\\vendor\\laravel\\framework\\src\\Illuminate\\Queue\\Worker.php(444): Illuminate\\Queue\\Jobs\\Job->fire()\n#31 D:\\Xampp\\htdocs\\topsyapp\\vendor\\laravel\\framework\\src\\Illuminate\\Queue\\Worker.php(394): Illuminate\\Queue\\Worker->process(\'redis\', Object(Illuminate\\Queue\\Jobs\\RedisJob), Object(Illuminate\\Queue\\WorkerOptions))\n#32 D:\\Xampp\\htdocs\\topsyapp\\vendor\\laravel\\framework\\src\\Illuminate\\Queue\\Worker.php(180): Illuminate\\Queue\\Worker->runJob(Object(Illuminate\\Queue\\Jobs\\RedisJob), \'redis\', Object(Illuminate\\Queue\\WorkerOptions))\n#33 D:\\Xampp\\htdocs\\topsyapp\\vendor\\laravel\\framework\\src\\Illuminate\\Queue\\Console\\WorkCommand.php(148): Illuminate\\Queue\\Worker->daemon(\'redis\', \'default\', Object(Illuminate\\Queue\\WorkerOptions))\n#34 D:\\Xampp\\htdocs\\topsyapp\\vendor\\laravel\\framework\\src\\Illuminate\\Queue\\Console\\WorkCommand.php(131): Illuminate\\Queue\\Console\\WorkCommand->runWorker(\'redis\', \'default\')\n#35 D:\\Xampp\\htdocs\\topsyapp\\vendor\\laravel\\framework\\src\\Illuminate\\Container\\BoundMethod.php(36): Illuminate\\Queue\\Console\\WorkCommand->handle()\n#36 D:\\Xampp\\htdocs\\topsyapp\\vendor\\laravel\\framework\\src\\Illuminate\\Container\\Util.php(43): Illuminate\\Container\\BoundMethod::Illuminate\\Container\\{closure}()\n#37 D:\\Xampp\\htdocs\\topsyapp\\vendor\\laravel\\framework\\src\\Illuminate\\Container\\BoundMethod.php(96): Illuminate\\Container\\Util::unwrapIfClosure(Object(Closure))\n#38 D:\\Xampp\\htdocs\\topsyapp\\vendor\\laravel\\framework\\src\\Illuminate\\Container\\BoundMethod.php(35): Illuminate\\Container\\BoundMethod::callBoundMethod(Object(Illuminate\\Foundation\\Application), Array, Object(Closure))\n#39 D:\\Xampp\\htdocs\\topsyapp\\vendor\\laravel\\framework\\src\\Illuminate\\Container\\Container.php(836): Illuminate\\Container\\BoundMethod::call(Object(Illuminate\\Foundation\\Application), Array, Array, NULL)\n#40 D:\\Xampp\\htdocs\\topsyapp\\vendor\\laravel\\framework\\src\\Illuminate\\Console\\Command.php(211): Illuminate\\Container\\Container->call(Array)\n#41 D:\\Xampp\\htdocs\\topsyapp\\vendor\\symfony\\console\\Command\\Command.php(318): Illuminate\\Console\\Command->execute(Object(Symfony\\Component\\Console\\Input\\ArgvInput), Object(Illuminate\\Console\\OutputStyle))\n#42 D:\\Xampp\\htdocs\\topsyapp\\vendor\\laravel\\framework\\src\\Illuminate\\Console\\Command.php(180): Symfony\\Component\\Console\\Command\\Command->run(Object(Symfony\\Component\\Console\\Input\\ArgvInput), Object(Illuminate\\Console\\OutputStyle))\n#43 D:\\Xampp\\htdocs\\topsyapp\\vendor\\symfony\\console\\Application.php(1110): Illuminate\\Console\\Command->run(Object(Symfony\\Component\\Console\\Input\\ArgvInput), Object(Symfony\\Component\\Console\\Output\\ConsoleOutput))\n#44 D:\\Xampp\\htdocs\\topsyapp\\vendor\\symfony\\console\\Application.php(359): Symfony\\Component\\Console\\Application->doRunCommand(Object(Illuminate\\Queue\\Console\\WorkCommand), Object(Symfony\\Component\\Console\\Input\\ArgvInput), Object(Symfony\\Component\\Console\\Output\\ConsoleOutput))\n#45 D:\\Xampp\\htdocs\\topsyapp\\vendor\\symfony\\console\\Application.php(194): Symfony\\Component\\Console\\Application->doRun(Object(Symfony\\Component\\Console\\Input\\ArgvInput), Object(Symfony\\Component\\Console\\Output\\ConsoleOutput))\n#46 D:\\Xampp\\htdocs\\topsyapp\\vendor\\laravel\\framework\\src\\Illuminate\\Foundation\\Console\\Kernel.php(197): Symfony\\Component\\Console\\Application->run(Object(Symfony\\Component\\Console\\Input\\ArgvInput), Object(Symfony\\Component\\Console\\Output\\ConsoleOutput))\n#47 D:\\Xampp\\htdocs\\topsyapp\\vendor\\laravel\\framework\\src\\Illuminate\\Foundation\\Application.php(1235): Illuminate\\Foundation\\Console\\Kernel->handle(Object(Symfony\\Component\\Console\\Input\\ArgvInput), Object(Symfony\\Component\\Console\\Output\\ConsoleOutput))\n#48 D:\\Xampp\\htdocs\\topsyapp\\artisan(17): Illuminate\\Foundation\\Application->handleCommand(Object(Symfony\\Component\\Console\\Input\\ArgvInput))\n#49 {main}', '2025-09-20 03:12:56');
INSERT INTO `failed_jobs` (`id`, `uuid`, `connection`, `queue`, `payload`, `exception`, `failed_at`) VALUES
(3, '420cf80e-5202-4b6d-ba1f-aaf226844eef', 'redis', 'default', '{\"uuid\":\"420cf80e-5202-4b6d-ba1f-aaf226844eef\",\"displayName\":\"App\\\\Mail\\\\AccountApproveEmail\",\"job\":\"Illuminate\\\\Queue\\\\CallQueuedHandler@call\",\"maxTries\":null,\"maxExceptions\":null,\"failOnTimeout\":false,\"backoff\":null,\"timeout\":null,\"retryUntil\":null,\"data\":{\"commandName\":\"Illuminate\\\\Mail\\\\SendQueuedMailable\",\"command\":\"O:34:\\\"Illuminate\\\\Mail\\\\SendQueuedMailable\\\":16:{s:8:\\\"mailable\\\";O:28:\\\"App\\\\Mail\\\\AccountApproveEmail\\\":3:{s:4:\\\"data\\\";a:5:{s:4:\\\"view\\\";s:21:\\\"emails.accountApprove\\\";s:7:\\\"subject\\\";s:39:\\\"Account Registration restro@example.com\\\";s:4:\\\"name\\\";s:6:\\\"Restro\\\";s:9:\\\"greetings\\\";s:15:\\\"Congratulations\\\";s:7:\\\"content\\\";s:301:\\\"Your Store Account on TOPSYAPP has been created by Admin. Now you can login to your account on TOPSYAPP Dashboard with the below credentials. <br>Following are the credentials for login <br><br> <b>Login ID: <\\/b>restro@example.com<br><b>Password: <\\/b>12345678<br><b>url: <\\/b>https:\\/\\/localhost\\/topsyapp\\\";}s:2:\\\"to\\\";a:1:{i:0;a:2:{s:4:\\\"name\\\";N;s:7:\\\"address\\\";s:18:\\\"restro@example.com\\\";}}s:6:\\\"mailer\\\";s:4:\\\"smtp\\\";}s:5:\\\"tries\\\";N;s:7:\\\"timeout\\\";N;s:13:\\\"maxExceptions\\\";N;s:17:\\\"shouldBeEncrypted\\\";b:0;s:10:\\\"connection\\\";N;s:5:\\\"queue\\\";N;s:12:\\\"messageGroup\\\";N;s:5:\\\"delay\\\";N;s:11:\\\"afterCommit\\\";N;s:10:\\\"middleware\\\";a:0:{}s:7:\\\"chained\\\";a:0:{}s:15:\\\"chainConnection\\\";N;s:10:\\\"chainQueue\\\";N;s:19:\\\"chainCatchCallbacks\\\";N;s:3:\\\"job\\\";N;}\"},\"createdAt\":1758175947,\"id\":\"NBpKEDzikiie31me9LWOXG3gIZhkduIo\",\"attempts\":0,\"delay\":null}', 'InvalidArgumentException: View [content.logo] not found. in D:\\Xampp\\htdocs\\topsyapp\\vendor\\laravel\\framework\\src\\Illuminate\\View\\FileViewFinder.php:138\nStack trace:\n#0 D:\\Xampp\\htdocs\\topsyapp\\vendor\\laravel\\framework\\src\\Illuminate\\View\\FileViewFinder.php(78): Illuminate\\View\\FileViewFinder->findInPaths(\'content.logo\', Array)\n#1 D:\\Xampp\\htdocs\\topsyapp\\vendor\\laravel\\framework\\src\\Illuminate\\View\\Factory.php(150): Illuminate\\View\\FileViewFinder->find(\'content.logo\')\n#2 D:\\Xampp\\htdocs\\topsyapp\\storage\\framework\\views\\c308615bb157aed8289979953597e1f5.php(46): Illuminate\\View\\Factory->make(\'content.logo\', Array)\n#3 D:\\Xampp\\htdocs\\topsyapp\\vendor\\laravel\\framework\\src\\Illuminate\\Filesystem\\Filesystem.php(123): require(\'D:\\\\Xampp\\\\htdocs...\')\n#4 D:\\Xampp\\htdocs\\topsyapp\\vendor\\laravel\\framework\\src\\Illuminate\\Filesystem\\Filesystem.php(124): Illuminate\\Filesystem\\Filesystem::Illuminate\\Filesystem\\{closure}()\n#5 D:\\Xampp\\htdocs\\topsyapp\\vendor\\laravel\\framework\\src\\Illuminate\\View\\Engines\\PhpEngine.php(57): Illuminate\\Filesystem\\Filesystem->getRequire(\'D:\\\\Xampp\\\\htdocs...\', Array)\n#6 D:\\Xampp\\htdocs\\topsyapp\\vendor\\livewire\\livewire\\src\\Mechanisms\\ExtendBlade\\ExtendedCompilerEngine.php(22): Illuminate\\View\\Engines\\PhpEngine->evaluatePath(\'D:\\\\Xampp\\\\htdocs...\', Array)\n#7 D:\\Xampp\\htdocs\\topsyapp\\vendor\\laravel\\framework\\src\\Illuminate\\View\\Engines\\CompilerEngine.php(76): Livewire\\Mechanisms\\ExtendBlade\\ExtendedCompilerEngine->evaluatePath(\'D:\\\\Xampp\\\\htdocs...\', Array)\n#8 D:\\Xampp\\htdocs\\topsyapp\\vendor\\livewire\\livewire\\src\\Mechanisms\\ExtendBlade\\ExtendedCompilerEngine.php(10): Illuminate\\View\\Engines\\CompilerEngine->get(\'D:\\\\Xampp\\\\htdocs...\', Array)\n#9 D:\\Xampp\\htdocs\\topsyapp\\vendor\\laravel\\framework\\src\\Illuminate\\View\\View.php(208): Livewire\\Mechanisms\\ExtendBlade\\ExtendedCompilerEngine->get(\'D:\\\\Xampp\\\\htdocs...\', Array)\n#10 D:\\Xampp\\htdocs\\topsyapp\\vendor\\laravel\\framework\\src\\Illuminate\\View\\View.php(191): Illuminate\\View\\View->getContents()\n#11 D:\\Xampp\\htdocs\\topsyapp\\vendor\\laravel\\framework\\src\\Illuminate\\View\\View.php(160): Illuminate\\View\\View->renderContents()\n#12 D:\\Xampp\\htdocs\\topsyapp\\vendor\\laravel\\framework\\src\\Illuminate\\Mail\\Mailer.php(444): Illuminate\\View\\View->render()\n#13 D:\\Xampp\\htdocs\\topsyapp\\vendor\\laravel\\framework\\src\\Illuminate\\Mail\\Mailer.php(419): Illuminate\\Mail\\Mailer->renderView(\'emails.accountA...\', Array)\n#14 D:\\Xampp\\htdocs\\topsyapp\\vendor\\laravel\\framework\\src\\Illuminate\\Mail\\Mailer.php(312): Illuminate\\Mail\\Mailer->addContent(Object(Illuminate\\Mail\\Message), \'emails.accountA...\', NULL, NULL, Array)\n#15 D:\\Xampp\\htdocs\\topsyapp\\vendor\\laravel\\framework\\src\\Illuminate\\Mail\\Mailable.php(207): Illuminate\\Mail\\Mailer->send(\'emails.accountA...\', Array, Object(Closure))\n#16 D:\\Xampp\\htdocs\\topsyapp\\vendor\\laravel\\framework\\src\\Illuminate\\Support\\Traits\\Localizable.php(19): Illuminate\\Mail\\Mailable->Illuminate\\Mail\\{closure}()\n#17 D:\\Xampp\\htdocs\\topsyapp\\vendor\\laravel\\framework\\src\\Illuminate\\Mail\\Mailable.php(200): Illuminate\\Mail\\Mailable->withLocale(NULL, Object(Closure))\n#18 D:\\Xampp\\htdocs\\topsyapp\\vendor\\laravel\\framework\\src\\Illuminate\\Mail\\SendQueuedMailable.php(82): Illuminate\\Mail\\Mailable->send(Object(Illuminate\\Mail\\MailManager))\n#19 D:\\Xampp\\htdocs\\topsyapp\\vendor\\laravel\\framework\\src\\Illuminate\\Container\\BoundMethod.php(36): Illuminate\\Mail\\SendQueuedMailable->handle(Object(Illuminate\\Mail\\MailManager))\n#20 D:\\Xampp\\htdocs\\topsyapp\\vendor\\laravel\\framework\\src\\Illuminate\\Container\\Util.php(43): Illuminate\\Container\\BoundMethod::Illuminate\\Container\\{closure}()\n#21 D:\\Xampp\\htdocs\\topsyapp\\vendor\\laravel\\framework\\src\\Illuminate\\Container\\BoundMethod.php(96): Illuminate\\Container\\Util::unwrapIfClosure(Object(Closure))\n#22 D:\\Xampp\\htdocs\\topsyapp\\vendor\\laravel\\framework\\src\\Illuminate\\Container\\BoundMethod.php(35): Illuminate\\Container\\BoundMethod::callBoundMethod(Object(Illuminate\\Foundation\\Application), Array, Object(Closure))\n#23 D:\\Xampp\\htdocs\\topsyapp\\vendor\\laravel\\framework\\src\\Illuminate\\Container\\Container.php(836): Illuminate\\Container\\BoundMethod::call(Object(Illuminate\\Foundation\\Application), Array, Array, NULL)\n#24 D:\\Xampp\\htdocs\\topsyapp\\vendor\\laravel\\framework\\src\\Illuminate\\Bus\\Dispatcher.php(132): Illuminate\\Container\\Container->call(Array)\n#25 D:\\Xampp\\htdocs\\topsyapp\\vendor\\laravel\\framework\\src\\Illuminate\\Pipeline\\Pipeline.php(180): Illuminate\\Bus\\Dispatcher->Illuminate\\Bus\\{closure}(Object(Illuminate\\Mail\\SendQueuedMailable))\n#26 D:\\Xampp\\htdocs\\topsyapp\\vendor\\laravel\\framework\\src\\Illuminate\\Pipeline\\Pipeline.php(137): Illuminate\\Pipeline\\Pipeline->Illuminate\\Pipeline\\{closure}(Object(Illuminate\\Mail\\SendQueuedMailable))\n#27 D:\\Xampp\\htdocs\\topsyapp\\vendor\\laravel\\framework\\src\\Illuminate\\Bus\\Dispatcher.php(136): Illuminate\\Pipeline\\Pipeline->then(Object(Closure))\n#28 D:\\Xampp\\htdocs\\topsyapp\\vendor\\laravel\\framework\\src\\Illuminate\\Queue\\CallQueuedHandler.php(134): Illuminate\\Bus\\Dispatcher->dispatchNow(Object(Illuminate\\Mail\\SendQueuedMailable), false)\n#29 D:\\Xampp\\htdocs\\topsyapp\\vendor\\laravel\\framework\\src\\Illuminate\\Pipeline\\Pipeline.php(180): Illuminate\\Queue\\CallQueuedHandler->Illuminate\\Queue\\{closure}(Object(Illuminate\\Mail\\SendQueuedMailable))\n#30 D:\\Xampp\\htdocs\\topsyapp\\vendor\\laravel\\framework\\src\\Illuminate\\Pipeline\\Pipeline.php(137): Illuminate\\Pipeline\\Pipeline->Illuminate\\Pipeline\\{closure}(Object(Illuminate\\Mail\\SendQueuedMailable))\n#31 D:\\Xampp\\htdocs\\topsyapp\\vendor\\laravel\\framework\\src\\Illuminate\\Queue\\CallQueuedHandler.php(127): Illuminate\\Pipeline\\Pipeline->then(Object(Closure))\n#32 D:\\Xampp\\htdocs\\topsyapp\\vendor\\laravel\\framework\\src\\Illuminate\\Queue\\CallQueuedHandler.php(68): Illuminate\\Queue\\CallQueuedHandler->dispatchThroughMiddleware(Object(Illuminate\\Queue\\Jobs\\RedisJob), Object(Illuminate\\Mail\\SendQueuedMailable))\n#33 D:\\Xampp\\htdocs\\topsyapp\\vendor\\laravel\\framework\\src\\Illuminate\\Queue\\Jobs\\Job.php(102): Illuminate\\Queue\\CallQueuedHandler->call(Object(Illuminate\\Queue\\Jobs\\RedisJob), Array)\n#34 D:\\Xampp\\htdocs\\topsyapp\\vendor\\laravel\\framework\\src\\Illuminate\\Queue\\Worker.php(444): Illuminate\\Queue\\Jobs\\Job->fire()\n#35 D:\\Xampp\\htdocs\\topsyapp\\vendor\\laravel\\framework\\src\\Illuminate\\Queue\\Worker.php(394): Illuminate\\Queue\\Worker->process(\'redis\', Object(Illuminate\\Queue\\Jobs\\RedisJob), Object(Illuminate\\Queue\\WorkerOptions))\n#36 D:\\Xampp\\htdocs\\topsyapp\\vendor\\laravel\\framework\\src\\Illuminate\\Queue\\Worker.php(180): Illuminate\\Queue\\Worker->runJob(Object(Illuminate\\Queue\\Jobs\\RedisJob), \'redis\', Object(Illuminate\\Queue\\WorkerOptions))\n#37 D:\\Xampp\\htdocs\\topsyapp\\vendor\\laravel\\framework\\src\\Illuminate\\Queue\\Console\\WorkCommand.php(148): Illuminate\\Queue\\Worker->daemon(\'redis\', \'default\', Object(Illuminate\\Queue\\WorkerOptions))\n#38 D:\\Xampp\\htdocs\\topsyapp\\vendor\\laravel\\framework\\src\\Illuminate\\Queue\\Console\\WorkCommand.php(131): Illuminate\\Queue\\Console\\WorkCommand->runWorker(\'redis\', \'default\')\n#39 D:\\Xampp\\htdocs\\topsyapp\\vendor\\laravel\\framework\\src\\Illuminate\\Container\\BoundMethod.php(36): Illuminate\\Queue\\Console\\WorkCommand->handle()\n#40 D:\\Xampp\\htdocs\\topsyapp\\vendor\\laravel\\framework\\src\\Illuminate\\Container\\Util.php(43): Illuminate\\Container\\BoundMethod::Illuminate\\Container\\{closure}()\n#41 D:\\Xampp\\htdocs\\topsyapp\\vendor\\laravel\\framework\\src\\Illuminate\\Container\\BoundMethod.php(96): Illuminate\\Container\\Util::unwrapIfClosure(Object(Closure))\n#42 D:\\Xampp\\htdocs\\topsyapp\\vendor\\laravel\\framework\\src\\Illuminate\\Container\\BoundMethod.php(35): Illuminate\\Container\\BoundMethod::callBoundMethod(Object(Illuminate\\Foundation\\Application), Array, Object(Closure))\n#43 D:\\Xampp\\htdocs\\topsyapp\\vendor\\laravel\\framework\\src\\Illuminate\\Container\\Container.php(836): Illuminate\\Container\\BoundMethod::call(Object(Illuminate\\Foundation\\Application), Array, Array, NULL)\n#44 D:\\Xampp\\htdocs\\topsyapp\\vendor\\laravel\\framework\\src\\Illuminate\\Console\\Command.php(211): Illuminate\\Container\\Container->call(Array)\n#45 D:\\Xampp\\htdocs\\topsyapp\\vendor\\symfony\\console\\Command\\Command.php(318): Illuminate\\Console\\Command->execute(Object(Symfony\\Component\\Console\\Input\\ArgvInput), Object(Illuminate\\Console\\OutputStyle))\n#46 D:\\Xampp\\htdocs\\topsyapp\\vendor\\laravel\\framework\\src\\Illuminate\\Console\\Command.php(180): Symfony\\Component\\Console\\Command\\Command->run(Object(Symfony\\Component\\Console\\Input\\ArgvInput), Object(Illuminate\\Console\\OutputStyle))\n#47 D:\\Xampp\\htdocs\\topsyapp\\vendor\\symfony\\console\\Application.php(1110): Illuminate\\Console\\Command->run(Object(Symfony\\Component\\Console\\Input\\ArgvInput), Object(Symfony\\Component\\Console\\Output\\ConsoleOutput))\n#48 D:\\Xampp\\htdocs\\topsyapp\\vendor\\symfony\\console\\Application.php(359): Symfony\\Component\\Console\\Application->doRunCommand(Object(Illuminate\\Queue\\Console\\WorkCommand), Object(Symfony\\Component\\Console\\Input\\ArgvInput), Object(Symfony\\Component\\Console\\Output\\ConsoleOutput))\n#49 D:\\Xampp\\htdocs\\topsyapp\\vendor\\symfony\\console\\Application.php(194): Symfony\\Component\\Console\\Application->doRun(Object(Symfony\\Component\\Console\\Input\\ArgvInput), Object(Symfony\\Component\\Console\\Output\\ConsoleOutput))\n#50 D:\\Xampp\\htdocs\\topsyapp\\vendor\\laravel\\framework\\src\\Illuminate\\Foundation\\Console\\Kernel.php(197): Symfony\\Component\\Console\\Application->run(Object(Symfony\\Component\\Console\\Input\\ArgvInput), Object(Symfony\\Component\\Console\\Output\\ConsoleOutput))\n#51 D:\\Xampp\\htdocs\\topsyapp\\vendor\\laravel\\framework\\src\\Illuminate\\Foundation\\Application.php(1235): Illuminate\\Foundation\\Console\\Kernel->handle(Object(Symfony\\Component\\Console\\Input\\ArgvInput), Object(Symfony\\Component\\Console\\Output\\ConsoleOutput))\n#52 D:\\Xampp\\htdocs\\topsyapp\\artisan(17): Illuminate\\Foundation\\Application->handleCommand(Object(Symfony\\Component\\Console\\Input\\ArgvInput))\n#53 {main}\n\nNext Illuminate\\View\\ViewException: View [content.logo] not found. (View: D:\\Xampp\\htdocs\\topsyapp\\resources\\views\\emails\\accountApprove.blade.php) in D:\\Xampp\\htdocs\\topsyapp\\vendor\\laravel\\framework\\src\\Illuminate\\View\\FileViewFinder.php:138\nStack trace:\n#0 D:\\Xampp\\htdocs\\topsyapp\\vendor\\livewire\\livewire\\src\\Mechanisms\\ExtendBlade\\ExtendedCompilerEngine.php(58): Illuminate\\View\\Engines\\CompilerEngine->handleViewException(Object(InvalidArgumentException), 0)\n#1 D:\\Xampp\\htdocs\\topsyapp\\vendor\\laravel\\framework\\src\\Illuminate\\View\\Engines\\PhpEngine.php(59): Livewire\\Mechanisms\\ExtendBlade\\ExtendedCompilerEngine->handleViewException(Object(InvalidArgumentException), 0)\n#2 D:\\Xampp\\htdocs\\topsyapp\\vendor\\livewire\\livewire\\src\\Mechanisms\\ExtendBlade\\ExtendedCompilerEngine.php(22): Illuminate\\View\\Engines\\PhpEngine->evaluatePath(\'D:\\\\Xampp\\\\htdocs...\', Array)\n#3 D:\\Xampp\\htdocs\\topsyapp\\vendor\\laravel\\framework\\src\\Illuminate\\View\\Engines\\CompilerEngine.php(76): Livewire\\Mechanisms\\ExtendBlade\\ExtendedCompilerEngine->evaluatePath(\'D:\\\\Xampp\\\\htdocs...\', Array)\n#4 D:\\Xampp\\htdocs\\topsyapp\\vendor\\livewire\\livewire\\src\\Mechanisms\\ExtendBlade\\ExtendedCompilerEngine.php(10): Illuminate\\View\\Engines\\CompilerEngine->get(\'D:\\\\Xampp\\\\htdocs...\', Array)\n#5 D:\\Xampp\\htdocs\\topsyapp\\vendor\\laravel\\framework\\src\\Illuminate\\View\\View.php(208): Livewire\\Mechanisms\\ExtendBlade\\ExtendedCompilerEngine->get(\'D:\\\\Xampp\\\\htdocs...\', Array)\n#6 D:\\Xampp\\htdocs\\topsyapp\\vendor\\laravel\\framework\\src\\Illuminate\\View\\View.php(191): Illuminate\\View\\View->getContents()\n#7 D:\\Xampp\\htdocs\\topsyapp\\vendor\\laravel\\framework\\src\\Illuminate\\View\\View.php(160): Illuminate\\View\\View->renderContents()\n#8 D:\\Xampp\\htdocs\\topsyapp\\vendor\\laravel\\framework\\src\\Illuminate\\Mail\\Mailer.php(444): Illuminate\\View\\View->render()\n#9 D:\\Xampp\\htdocs\\topsyapp\\vendor\\laravel\\framework\\src\\Illuminate\\Mail\\Mailer.php(419): Illuminate\\Mail\\Mailer->renderView(\'emails.accountA...\', Array)\n#10 D:\\Xampp\\htdocs\\topsyapp\\vendor\\laravel\\framework\\src\\Illuminate\\Mail\\Mailer.php(312): Illuminate\\Mail\\Mailer->addContent(Object(Illuminate\\Mail\\Message), \'emails.accountA...\', NULL, NULL, Array)\n#11 D:\\Xampp\\htdocs\\topsyapp\\vendor\\laravel\\framework\\src\\Illuminate\\Mail\\Mailable.php(207): Illuminate\\Mail\\Mailer->send(\'emails.accountA...\', Array, Object(Closure))\n#12 D:\\Xampp\\htdocs\\topsyapp\\vendor\\laravel\\framework\\src\\Illuminate\\Support\\Traits\\Localizable.php(19): Illuminate\\Mail\\Mailable->Illuminate\\Mail\\{closure}()\n#13 D:\\Xampp\\htdocs\\topsyapp\\vendor\\laravel\\framework\\src\\Illuminate\\Mail\\Mailable.php(200): Illuminate\\Mail\\Mailable->withLocale(NULL, Object(Closure))\n#14 D:\\Xampp\\htdocs\\topsyapp\\vendor\\laravel\\framework\\src\\Illuminate\\Mail\\SendQueuedMailable.php(82): Illuminate\\Mail\\Mailable->send(Object(Illuminate\\Mail\\MailManager))\n#15 D:\\Xampp\\htdocs\\topsyapp\\vendor\\laravel\\framework\\src\\Illuminate\\Container\\BoundMethod.php(36): Illuminate\\Mail\\SendQueuedMailable->handle(Object(Illuminate\\Mail\\MailManager))\n#16 D:\\Xampp\\htdocs\\topsyapp\\vendor\\laravel\\framework\\src\\Illuminate\\Container\\Util.php(43): Illuminate\\Container\\BoundMethod::Illuminate\\Container\\{closure}()\n#17 D:\\Xampp\\htdocs\\topsyapp\\vendor\\laravel\\framework\\src\\Illuminate\\Container\\BoundMethod.php(96): Illuminate\\Container\\Util::unwrapIfClosure(Object(Closure))\n#18 D:\\Xampp\\htdocs\\topsyapp\\vendor\\laravel\\framework\\src\\Illuminate\\Container\\BoundMethod.php(35): Illuminate\\Container\\BoundMethod::callBoundMethod(Object(Illuminate\\Foundation\\Application), Array, Object(Closure))\n#19 D:\\Xampp\\htdocs\\topsyapp\\vendor\\laravel\\framework\\src\\Illuminate\\Container\\Container.php(836): Illuminate\\Container\\BoundMethod::call(Object(Illuminate\\Foundation\\Application), Array, Array, NULL)\n#20 D:\\Xampp\\htdocs\\topsyapp\\vendor\\laravel\\framework\\src\\Illuminate\\Bus\\Dispatcher.php(132): Illuminate\\Container\\Container->call(Array)\n#21 D:\\Xampp\\htdocs\\topsyapp\\vendor\\laravel\\framework\\src\\Illuminate\\Pipeline\\Pipeline.php(180): Illuminate\\Bus\\Dispatcher->Illuminate\\Bus\\{closure}(Object(Illuminate\\Mail\\SendQueuedMailable))\n#22 D:\\Xampp\\htdocs\\topsyapp\\vendor\\laravel\\framework\\src\\Illuminate\\Pipeline\\Pipeline.php(137): Illuminate\\Pipeline\\Pipeline->Illuminate\\Pipeline\\{closure}(Object(Illuminate\\Mail\\SendQueuedMailable))\n#23 D:\\Xampp\\htdocs\\topsyapp\\vendor\\laravel\\framework\\src\\Illuminate\\Bus\\Dispatcher.php(136): Illuminate\\Pipeline\\Pipeline->then(Object(Closure))\n#24 D:\\Xampp\\htdocs\\topsyapp\\vendor\\laravel\\framework\\src\\Illuminate\\Queue\\CallQueuedHandler.php(134): Illuminate\\Bus\\Dispatcher->dispatchNow(Object(Illuminate\\Mail\\SendQueuedMailable), false)\n#25 D:\\Xampp\\htdocs\\topsyapp\\vendor\\laravel\\framework\\src\\Illuminate\\Pipeline\\Pipeline.php(180): Illuminate\\Queue\\CallQueuedHandler->Illuminate\\Queue\\{closure}(Object(Illuminate\\Mail\\SendQueuedMailable))\n#26 D:\\Xampp\\htdocs\\topsyapp\\vendor\\laravel\\framework\\src\\Illuminate\\Pipeline\\Pipeline.php(137): Illuminate\\Pipeline\\Pipeline->Illuminate\\Pipeline\\{closure}(Object(Illuminate\\Mail\\SendQueuedMailable))\n#27 D:\\Xampp\\htdocs\\topsyapp\\vendor\\laravel\\framework\\src\\Illuminate\\Queue\\CallQueuedHandler.php(127): Illuminate\\Pipeline\\Pipeline->then(Object(Closure))\n#28 D:\\Xampp\\htdocs\\topsyapp\\vendor\\laravel\\framework\\src\\Illuminate\\Queue\\CallQueuedHandler.php(68): Illuminate\\Queue\\CallQueuedHandler->dispatchThroughMiddleware(Object(Illuminate\\Queue\\Jobs\\RedisJob), Object(Illuminate\\Mail\\SendQueuedMailable))\n#29 D:\\Xampp\\htdocs\\topsyapp\\vendor\\laravel\\framework\\src\\Illuminate\\Queue\\Jobs\\Job.php(102): Illuminate\\Queue\\CallQueuedHandler->call(Object(Illuminate\\Queue\\Jobs\\RedisJob), Array)\n#30 D:\\Xampp\\htdocs\\topsyapp\\vendor\\laravel\\framework\\src\\Illuminate\\Queue\\Worker.php(444): Illuminate\\Queue\\Jobs\\Job->fire()\n#31 D:\\Xampp\\htdocs\\topsyapp\\vendor\\laravel\\framework\\src\\Illuminate\\Queue\\Worker.php(394): Illuminate\\Queue\\Worker->process(\'redis\', Object(Illuminate\\Queue\\Jobs\\RedisJob), Object(Illuminate\\Queue\\WorkerOptions))\n#32 D:\\Xampp\\htdocs\\topsyapp\\vendor\\laravel\\framework\\src\\Illuminate\\Queue\\Worker.php(180): Illuminate\\Queue\\Worker->runJob(Object(Illuminate\\Queue\\Jobs\\RedisJob), \'redis\', Object(Illuminate\\Queue\\WorkerOptions))\n#33 D:\\Xampp\\htdocs\\topsyapp\\vendor\\laravel\\framework\\src\\Illuminate\\Queue\\Console\\WorkCommand.php(148): Illuminate\\Queue\\Worker->daemon(\'redis\', \'default\', Object(Illuminate\\Queue\\WorkerOptions))\n#34 D:\\Xampp\\htdocs\\topsyapp\\vendor\\laravel\\framework\\src\\Illuminate\\Queue\\Console\\WorkCommand.php(131): Illuminate\\Queue\\Console\\WorkCommand->runWorker(\'redis\', \'default\')\n#35 D:\\Xampp\\htdocs\\topsyapp\\vendor\\laravel\\framework\\src\\Illuminate\\Container\\BoundMethod.php(36): Illuminate\\Queue\\Console\\WorkCommand->handle()\n#36 D:\\Xampp\\htdocs\\topsyapp\\vendor\\laravel\\framework\\src\\Illuminate\\Container\\Util.php(43): Illuminate\\Container\\BoundMethod::Illuminate\\Container\\{closure}()\n#37 D:\\Xampp\\htdocs\\topsyapp\\vendor\\laravel\\framework\\src\\Illuminate\\Container\\BoundMethod.php(96): Illuminate\\Container\\Util::unwrapIfClosure(Object(Closure))\n#38 D:\\Xampp\\htdocs\\topsyapp\\vendor\\laravel\\framework\\src\\Illuminate\\Container\\BoundMethod.php(35): Illuminate\\Container\\BoundMethod::callBoundMethod(Object(Illuminate\\Foundation\\Application), Array, Object(Closure))\n#39 D:\\Xampp\\htdocs\\topsyapp\\vendor\\laravel\\framework\\src\\Illuminate\\Container\\Container.php(836): Illuminate\\Container\\BoundMethod::call(Object(Illuminate\\Foundation\\Application), Array, Array, NULL)\n#40 D:\\Xampp\\htdocs\\topsyapp\\vendor\\laravel\\framework\\src\\Illuminate\\Console\\Command.php(211): Illuminate\\Container\\Container->call(Array)\n#41 D:\\Xampp\\htdocs\\topsyapp\\vendor\\symfony\\console\\Command\\Command.php(318): Illuminate\\Console\\Command->execute(Object(Symfony\\Component\\Console\\Input\\ArgvInput), Object(Illuminate\\Console\\OutputStyle))\n#42 D:\\Xampp\\htdocs\\topsyapp\\vendor\\laravel\\framework\\src\\Illuminate\\Console\\Command.php(180): Symfony\\Component\\Console\\Command\\Command->run(Object(Symfony\\Component\\Console\\Input\\ArgvInput), Object(Illuminate\\Console\\OutputStyle))\n#43 D:\\Xampp\\htdocs\\topsyapp\\vendor\\symfony\\console\\Application.php(1110): Illuminate\\Console\\Command->run(Object(Symfony\\Component\\Console\\Input\\ArgvInput), Object(Symfony\\Component\\Console\\Output\\ConsoleOutput))\n#44 D:\\Xampp\\htdocs\\topsyapp\\vendor\\symfony\\console\\Application.php(359): Symfony\\Component\\Console\\Application->doRunCommand(Object(Illuminate\\Queue\\Console\\WorkCommand), Object(Symfony\\Component\\Console\\Input\\ArgvInput), Object(Symfony\\Component\\Console\\Output\\ConsoleOutput))\n#45 D:\\Xampp\\htdocs\\topsyapp\\vendor\\symfony\\console\\Application.php(194): Symfony\\Component\\Console\\Application->doRun(Object(Symfony\\Component\\Console\\Input\\ArgvInput), Object(Symfony\\Component\\Console\\Output\\ConsoleOutput))\n#46 D:\\Xampp\\htdocs\\topsyapp\\vendor\\laravel\\framework\\src\\Illuminate\\Foundation\\Console\\Kernel.php(197): Symfony\\Component\\Console\\Application->run(Object(Symfony\\Component\\Console\\Input\\ArgvInput), Object(Symfony\\Component\\Console\\Output\\ConsoleOutput))\n#47 D:\\Xampp\\htdocs\\topsyapp\\vendor\\laravel\\framework\\src\\Illuminate\\Foundation\\Application.php(1235): Illuminate\\Foundation\\Console\\Kernel->handle(Object(Symfony\\Component\\Console\\Input\\ArgvInput), Object(Symfony\\Component\\Console\\Output\\ConsoleOutput))\n#48 D:\\Xampp\\htdocs\\topsyapp\\artisan(17): Illuminate\\Foundation\\Application->handleCommand(Object(Symfony\\Component\\Console\\Input\\ArgvInput))\n#49 {main}', '2025-09-20 03:12:56'),
(4, '221dd815-659d-4323-9fb1-58ac9abd4f4f', 'redis', 'default', '{\"uuid\":\"221dd815-659d-4323-9fb1-58ac9abd4f4f\",\"displayName\":\"Musonza\\\\Chat\\\\Eventing\\\\MessageWasSent\",\"job\":\"Illuminate\\\\Queue\\\\CallQueuedHandler@call\",\"maxTries\":null,\"maxExceptions\":null,\"failOnTimeout\":false,\"backoff\":null,\"timeout\":null,\"retryUntil\":null,\"data\":{\"commandName\":\"Illuminate\\\\Broadcasting\\\\BroadcastEvent\",\"command\":\"O:38:\\\"Illuminate\\\\Broadcasting\\\\BroadcastEvent\\\":15:{s:5:\\\"event\\\";O:36:\\\"Musonza\\\\Chat\\\\Eventing\\\\MessageWasSent\\\":1:{s:7:\\\"message\\\";O:45:\\\"Illuminate\\\\Contracts\\\\Database\\\\ModelIdentifier\\\":5:{s:5:\\\"class\\\";s:27:\\\"Musonza\\\\Chat\\\\Models\\\\Message\\\";s:2:\\\"id\\\";i:1;s:9:\\\"relations\\\";a:1:{i:0;s:12:\\\"conversation\\\";}s:10:\\\"connection\\\";s:5:\\\"mysql\\\";s:15:\\\"collectionClass\\\";N;}}s:5:\\\"tries\\\";N;s:7:\\\"timeout\\\";N;s:7:\\\"backoff\\\";N;s:13:\\\"maxExceptions\\\";N;s:10:\\\"connection\\\";N;s:5:\\\"queue\\\";N;s:12:\\\"messageGroup\\\";N;s:5:\\\"delay\\\";N;s:11:\\\"afterCommit\\\";N;s:10:\\\"middleware\\\";a:0:{}s:7:\\\"chained\\\";a:0:{}s:15:\\\"chainConnection\\\";N;s:10:\\\"chainQueue\\\";N;s:19:\\\"chainCatchCallbacks\\\";N;}\"},\"createdAt\":1759554100,\"id\":\"y13f0awhuPtYcLGWywZkPJm2hoSsRm8k\",\"attempts\":0,\"delay\":null}', 'Illuminate\\Database\\Eloquent\\ModelNotFoundException: No query results for model [Musonza\\Chat\\Models\\Message]. in D:\\Xampp\\htdocs\\topsyapp\\vendor\\laravel\\framework\\src\\Illuminate\\Database\\Eloquent\\Builder.php:765\nStack trace:\n#0 D:\\Xampp\\htdocs\\topsyapp\\vendor\\laravel\\framework\\src\\Illuminate\\Queue\\SerializesAndRestoresModelIdentifiers.php(110): Illuminate\\Database\\Eloquent\\Builder->firstOrFail()\n#1 D:\\Xampp\\htdocs\\topsyapp\\vendor\\laravel\\framework\\src\\Illuminate\\Queue\\SerializesAndRestoresModelIdentifiers.php(63): Musonza\\Chat\\Eventing\\MessageWasSent->restoreModel(Object(Illuminate\\Contracts\\Database\\ModelIdentifier))\n#2 D:\\Xampp\\htdocs\\topsyapp\\vendor\\laravel\\framework\\src\\Illuminate\\Queue\\SerializesModels.php(97): Musonza\\Chat\\Eventing\\MessageWasSent->getRestoredPropertyValue(Object(Illuminate\\Contracts\\Database\\ModelIdentifier))\n#3 [internal function]: Musonza\\Chat\\Eventing\\MessageWasSent->__unserialize(Array)\n#4 D:\\Xampp\\htdocs\\topsyapp\\vendor\\laravel\\framework\\src\\Illuminate\\Queue\\CallQueuedHandler.php(95): unserialize(\'O:38:\"Illuminat...\')\n#5 D:\\Xampp\\htdocs\\topsyapp\\vendor\\laravel\\framework\\src\\Illuminate\\Queue\\CallQueuedHandler.php(62): Illuminate\\Queue\\CallQueuedHandler->getCommand(Array)\n#6 D:\\Xampp\\htdocs\\topsyapp\\vendor\\laravel\\framework\\src\\Illuminate\\Queue\\Jobs\\Job.php(102): Illuminate\\Queue\\CallQueuedHandler->call(Object(Illuminate\\Queue\\Jobs\\RedisJob), Array)\n#7 D:\\Xampp\\htdocs\\topsyapp\\vendor\\laravel\\framework\\src\\Illuminate\\Queue\\Worker.php(444): Illuminate\\Queue\\Jobs\\Job->fire()\n#8 D:\\Xampp\\htdocs\\topsyapp\\vendor\\laravel\\framework\\src\\Illuminate\\Queue\\Worker.php(394): Illuminate\\Queue\\Worker->process(\'redis\', Object(Illuminate\\Queue\\Jobs\\RedisJob), Object(Illuminate\\Queue\\WorkerOptions))\n#9 D:\\Xampp\\htdocs\\topsyapp\\vendor\\laravel\\framework\\src\\Illuminate\\Queue\\Worker.php(180): Illuminate\\Queue\\Worker->runJob(Object(Illuminate\\Queue\\Jobs\\RedisJob), \'redis\', Object(Illuminate\\Queue\\WorkerOptions))\n#10 D:\\Xampp\\htdocs\\topsyapp\\vendor\\laravel\\framework\\src\\Illuminate\\Queue\\Console\\WorkCommand.php(148): Illuminate\\Queue\\Worker->daemon(\'redis\', \'default\', Object(Illuminate\\Queue\\WorkerOptions))\n#11 D:\\Xampp\\htdocs\\topsyapp\\vendor\\laravel\\framework\\src\\Illuminate\\Queue\\Console\\WorkCommand.php(131): Illuminate\\Queue\\Console\\WorkCommand->runWorker(\'redis\', \'default\')\n#12 D:\\Xampp\\htdocs\\topsyapp\\vendor\\laravel\\framework\\src\\Illuminate\\Container\\BoundMethod.php(36): Illuminate\\Queue\\Console\\WorkCommand->handle()\n#13 D:\\Xampp\\htdocs\\topsyapp\\vendor\\laravel\\framework\\src\\Illuminate\\Container\\Util.php(43): Illuminate\\Container\\BoundMethod::Illuminate\\Container\\{closure}()\n#14 D:\\Xampp\\htdocs\\topsyapp\\vendor\\laravel\\framework\\src\\Illuminate\\Container\\BoundMethod.php(96): Illuminate\\Container\\Util::unwrapIfClosure(Object(Closure))\n#15 D:\\Xampp\\htdocs\\topsyapp\\vendor\\laravel\\framework\\src\\Illuminate\\Container\\BoundMethod.php(35): Illuminate\\Container\\BoundMethod::callBoundMethod(Object(Illuminate\\Foundation\\Application), Array, Object(Closure))\n#16 D:\\Xampp\\htdocs\\topsyapp\\vendor\\laravel\\framework\\src\\Illuminate\\Container\\Container.php(836): Illuminate\\Container\\BoundMethod::call(Object(Illuminate\\Foundation\\Application), Array, Array, NULL)\n#17 D:\\Xampp\\htdocs\\topsyapp\\vendor\\laravel\\framework\\src\\Illuminate\\Console\\Command.php(211): Illuminate\\Container\\Container->call(Array)\n#18 D:\\Xampp\\htdocs\\topsyapp\\vendor\\symfony\\console\\Command\\Command.php(318): Illuminate\\Console\\Command->execute(Object(Symfony\\Component\\Console\\Input\\ArgvInput), Object(Illuminate\\Console\\OutputStyle))\n#19 D:\\Xampp\\htdocs\\topsyapp\\vendor\\laravel\\framework\\src\\Illuminate\\Console\\Command.php(180): Symfony\\Component\\Console\\Command\\Command->run(Object(Symfony\\Component\\Console\\Input\\ArgvInput), Object(Illuminate\\Console\\OutputStyle))\n#20 D:\\Xampp\\htdocs\\topsyapp\\vendor\\symfony\\console\\Application.php(1110): Illuminate\\Console\\Command->run(Object(Symfony\\Component\\Console\\Input\\ArgvInput), Object(Symfony\\Component\\Console\\Output\\ConsoleOutput))\n#21 D:\\Xampp\\htdocs\\topsyapp\\vendor\\symfony\\console\\Application.php(359): Symfony\\Component\\Console\\Application->doRunCommand(Object(Illuminate\\Queue\\Console\\WorkCommand), Object(Symfony\\Component\\Console\\Input\\ArgvInput), Object(Symfony\\Component\\Console\\Output\\ConsoleOutput))\n#22 D:\\Xampp\\htdocs\\topsyapp\\vendor\\symfony\\console\\Application.php(194): Symfony\\Component\\Console\\Application->doRun(Object(Symfony\\Component\\Console\\Input\\ArgvInput), Object(Symfony\\Component\\Console\\Output\\ConsoleOutput))\n#23 D:\\Xampp\\htdocs\\topsyapp\\vendor\\laravel\\framework\\src\\Illuminate\\Foundation\\Console\\Kernel.php(197): Symfony\\Component\\Console\\Application->run(Object(Symfony\\Component\\Console\\Input\\ArgvInput), Object(Symfony\\Component\\Console\\Output\\ConsoleOutput))\n#24 D:\\Xampp\\htdocs\\topsyapp\\vendor\\laravel\\framework\\src\\Illuminate\\Foundation\\Application.php(1235): Illuminate\\Foundation\\Console\\Kernel->handle(Object(Symfony\\Component\\Console\\Input\\ArgvInput), Object(Symfony\\Component\\Console\\Output\\ConsoleOutput))\n#25 D:\\Xampp\\htdocs\\topsyapp\\artisan(17): Illuminate\\Foundation\\Application->handleCommand(Object(Symfony\\Component\\Console\\Input\\ArgvInput))\n#26 {main}', '2025-10-03 23:33:34'),
(5, '9e3e80a6-0e90-4d77-9496-d6882879199f', 'redis', 'default', '{\"uuid\":\"9e3e80a6-0e90-4d77-9496-d6882879199f\",\"displayName\":\"Musonza\\\\Chat\\\\Eventing\\\\MessageWasSent\",\"job\":\"Illuminate\\\\Queue\\\\CallQueuedHandler@call\",\"maxTries\":null,\"maxExceptions\":null,\"failOnTimeout\":false,\"backoff\":null,\"timeout\":null,\"retryUntil\":null,\"data\":{\"commandName\":\"Illuminate\\\\Broadcasting\\\\BroadcastEvent\",\"command\":\"O:38:\\\"Illuminate\\\\Broadcasting\\\\BroadcastEvent\\\":15:{s:5:\\\"event\\\";O:36:\\\"Musonza\\\\Chat\\\\Eventing\\\\MessageWasSent\\\":1:{s:7:\\\"message\\\";O:45:\\\"Illuminate\\\\Contracts\\\\Database\\\\ModelIdentifier\\\":5:{s:5:\\\"class\\\";s:27:\\\"Musonza\\\\Chat\\\\Models\\\\Message\\\";s:2:\\\"id\\\";i:2;s:9:\\\"relations\\\";a:1:{i:0;s:12:\\\"conversation\\\";}s:10:\\\"connection\\\";s:5:\\\"mysql\\\";s:15:\\\"collectionClass\\\";N;}}s:5:\\\"tries\\\";N;s:7:\\\"timeout\\\";N;s:7:\\\"backoff\\\";N;s:13:\\\"maxExceptions\\\";N;s:10:\\\"connection\\\";N;s:5:\\\"queue\\\";N;s:12:\\\"messageGroup\\\";N;s:5:\\\"delay\\\";N;s:11:\\\"afterCommit\\\";N;s:10:\\\"middleware\\\";a:0:{}s:7:\\\"chained\\\";a:0:{}s:15:\\\"chainConnection\\\";N;s:10:\\\"chainQueue\\\";N;s:19:\\\"chainCatchCallbacks\\\";N;}\"},\"createdAt\":1759554110,\"id\":\"A1p12oocKcuEvY0sh5rrx82OuE4AcKCp\",\"attempts\":0,\"delay\":null}', 'Illuminate\\Database\\Eloquent\\ModelNotFoundException: No query results for model [Musonza\\Chat\\Models\\Message]. in D:\\Xampp\\htdocs\\topsyapp\\vendor\\laravel\\framework\\src\\Illuminate\\Database\\Eloquent\\Builder.php:765\nStack trace:\n#0 D:\\Xampp\\htdocs\\topsyapp\\vendor\\laravel\\framework\\src\\Illuminate\\Queue\\SerializesAndRestoresModelIdentifiers.php(110): Illuminate\\Database\\Eloquent\\Builder->firstOrFail()\n#1 D:\\Xampp\\htdocs\\topsyapp\\vendor\\laravel\\framework\\src\\Illuminate\\Queue\\SerializesAndRestoresModelIdentifiers.php(63): Musonza\\Chat\\Eventing\\MessageWasSent->restoreModel(Object(Illuminate\\Contracts\\Database\\ModelIdentifier))\n#2 D:\\Xampp\\htdocs\\topsyapp\\vendor\\laravel\\framework\\src\\Illuminate\\Queue\\SerializesModels.php(97): Musonza\\Chat\\Eventing\\MessageWasSent->getRestoredPropertyValue(Object(Illuminate\\Contracts\\Database\\ModelIdentifier))\n#3 [internal function]: Musonza\\Chat\\Eventing\\MessageWasSent->__unserialize(Array)\n#4 D:\\Xampp\\htdocs\\topsyapp\\vendor\\laravel\\framework\\src\\Illuminate\\Queue\\CallQueuedHandler.php(95): unserialize(\'O:38:\"Illuminat...\')\n#5 D:\\Xampp\\htdocs\\topsyapp\\vendor\\laravel\\framework\\src\\Illuminate\\Queue\\CallQueuedHandler.php(62): Illuminate\\Queue\\CallQueuedHandler->getCommand(Array)\n#6 D:\\Xampp\\htdocs\\topsyapp\\vendor\\laravel\\framework\\src\\Illuminate\\Queue\\Jobs\\Job.php(102): Illuminate\\Queue\\CallQueuedHandler->call(Object(Illuminate\\Queue\\Jobs\\RedisJob), Array)\n#7 D:\\Xampp\\htdocs\\topsyapp\\vendor\\laravel\\framework\\src\\Illuminate\\Queue\\Worker.php(444): Illuminate\\Queue\\Jobs\\Job->fire()\n#8 D:\\Xampp\\htdocs\\topsyapp\\vendor\\laravel\\framework\\src\\Illuminate\\Queue\\Worker.php(394): Illuminate\\Queue\\Worker->process(\'redis\', Object(Illuminate\\Queue\\Jobs\\RedisJob), Object(Illuminate\\Queue\\WorkerOptions))\n#9 D:\\Xampp\\htdocs\\topsyapp\\vendor\\laravel\\framework\\src\\Illuminate\\Queue\\Worker.php(180): Illuminate\\Queue\\Worker->runJob(Object(Illuminate\\Queue\\Jobs\\RedisJob), \'redis\', Object(Illuminate\\Queue\\WorkerOptions))\n#10 D:\\Xampp\\htdocs\\topsyapp\\vendor\\laravel\\framework\\src\\Illuminate\\Queue\\Console\\WorkCommand.php(148): Illuminate\\Queue\\Worker->daemon(\'redis\', \'default\', Object(Illuminate\\Queue\\WorkerOptions))\n#11 D:\\Xampp\\htdocs\\topsyapp\\vendor\\laravel\\framework\\src\\Illuminate\\Queue\\Console\\WorkCommand.php(131): Illuminate\\Queue\\Console\\WorkCommand->runWorker(\'redis\', \'default\')\n#12 D:\\Xampp\\htdocs\\topsyapp\\vendor\\laravel\\framework\\src\\Illuminate\\Container\\BoundMethod.php(36): Illuminate\\Queue\\Console\\WorkCommand->handle()\n#13 D:\\Xampp\\htdocs\\topsyapp\\vendor\\laravel\\framework\\src\\Illuminate\\Container\\Util.php(43): Illuminate\\Container\\BoundMethod::Illuminate\\Container\\{closure}()\n#14 D:\\Xampp\\htdocs\\topsyapp\\vendor\\laravel\\framework\\src\\Illuminate\\Container\\BoundMethod.php(96): Illuminate\\Container\\Util::unwrapIfClosure(Object(Closure))\n#15 D:\\Xampp\\htdocs\\topsyapp\\vendor\\laravel\\framework\\src\\Illuminate\\Container\\BoundMethod.php(35): Illuminate\\Container\\BoundMethod::callBoundMethod(Object(Illuminate\\Foundation\\Application), Array, Object(Closure))\n#16 D:\\Xampp\\htdocs\\topsyapp\\vendor\\laravel\\framework\\src\\Illuminate\\Container\\Container.php(836): Illuminate\\Container\\BoundMethod::call(Object(Illuminate\\Foundation\\Application), Array, Array, NULL)\n#17 D:\\Xampp\\htdocs\\topsyapp\\vendor\\laravel\\framework\\src\\Illuminate\\Console\\Command.php(211): Illuminate\\Container\\Container->call(Array)\n#18 D:\\Xampp\\htdocs\\topsyapp\\vendor\\symfony\\console\\Command\\Command.php(318): Illuminate\\Console\\Command->execute(Object(Symfony\\Component\\Console\\Input\\ArgvInput), Object(Illuminate\\Console\\OutputStyle))\n#19 D:\\Xampp\\htdocs\\topsyapp\\vendor\\laravel\\framework\\src\\Illuminate\\Console\\Command.php(180): Symfony\\Component\\Console\\Command\\Command->run(Object(Symfony\\Component\\Console\\Input\\ArgvInput), Object(Illuminate\\Console\\OutputStyle))\n#20 D:\\Xampp\\htdocs\\topsyapp\\vendor\\symfony\\console\\Application.php(1110): Illuminate\\Console\\Command->run(Object(Symfony\\Component\\Console\\Input\\ArgvInput), Object(Symfony\\Component\\Console\\Output\\ConsoleOutput))\n#21 D:\\Xampp\\htdocs\\topsyapp\\vendor\\symfony\\console\\Application.php(359): Symfony\\Component\\Console\\Application->doRunCommand(Object(Illuminate\\Queue\\Console\\WorkCommand), Object(Symfony\\Component\\Console\\Input\\ArgvInput), Object(Symfony\\Component\\Console\\Output\\ConsoleOutput))\n#22 D:\\Xampp\\htdocs\\topsyapp\\vendor\\symfony\\console\\Application.php(194): Symfony\\Component\\Console\\Application->doRun(Object(Symfony\\Component\\Console\\Input\\ArgvInput), Object(Symfony\\Component\\Console\\Output\\ConsoleOutput))\n#23 D:\\Xampp\\htdocs\\topsyapp\\vendor\\laravel\\framework\\src\\Illuminate\\Foundation\\Console\\Kernel.php(197): Symfony\\Component\\Console\\Application->run(Object(Symfony\\Component\\Console\\Input\\ArgvInput), Object(Symfony\\Component\\Console\\Output\\ConsoleOutput))\n#24 D:\\Xampp\\htdocs\\topsyapp\\vendor\\laravel\\framework\\src\\Illuminate\\Foundation\\Application.php(1235): Illuminate\\Foundation\\Console\\Kernel->handle(Object(Symfony\\Component\\Console\\Input\\ArgvInput), Object(Symfony\\Component\\Console\\Output\\ConsoleOutput))\n#25 D:\\Xampp\\htdocs\\topsyapp\\artisan(17): Illuminate\\Foundation\\Application->handleCommand(Object(Symfony\\Component\\Console\\Input\\ArgvInput))\n#26 {main}', '2025-10-03 23:33:34');

-- --------------------------------------------------------

--
-- Table structure for table `faqs`
--

CREATE TABLE `faqs` (
  `id` int(11) NOT NULL,
  `question` varchar(260) NOT NULL,
  `type` varchar(90) DEFAULT NULL,
  `answer` text NOT NULL,
  `status` tinyint(11) NOT NULL DEFAULT 1,
  `created_at` datetime NOT NULL,
  `updated_at` timestamp NOT NULL DEFAULT current_timestamp() ON UPDATE current_timestamp()
) ENGINE=InnoDB DEFAULT CHARSET=latin1 COLLATE=latin1_swedish_ci;

--
-- Dumping data for table `faqs`
--

INSERT INTO `faqs` (`id`, `question`, `type`, `answer`, `status`, `created_at`, `updated_at`) VALUES
(2, 'Lorum ipsum question ?', NULL, 'Lorem Ipsum is simply dummy text of the printing and typesetting industry. Lorem Ipsum has been the industry\'s standard dummy text ever since the 1500s, when an unknown printer took a galley of type and scrambled it to make a type specimen book. It has survived not only five centuries, but also the leap into electronic typesetting, remaining essentially unchanged. It was popularised in the 1960s with the release of Letraset sheets containing Lorem Ipsum passages, and more recently with desktop publishing software like Aldus PageMaker including versions of Lorem Ipsum', 1, '2025-07-24 05:04:21', '2025-09-05 09:19:27'),
(3, 'Why do we use it?', NULL, 'It is a long established fact that a reader will be distracted by the readable content of a page when looking at its layout. The point of using Lorem Ipsum is that it has a more-or-less normal distribution of letters, as opposed to using \'Content here, content here\', making it look like readable English. Many desktop publishing packages and web page editors now use Lorem Ipsum as their default model text, and a search', 1, '2025-07-24 05:38:28', '2025-09-05 03:59:20');

-- --------------------------------------------------------

--
-- Table structure for table `favorites`
--

CREATE TABLE `favorites` (
  `id` int(11) NOT NULL,
  `user_id` int(11) NOT NULL,
  `favoritable_id` bigint(20) NOT NULL,
  `favoritable_type` varchar(190) DEFAULT NULL,
  `created_at` timestamp NOT NULL DEFAULT current_timestamp(),
  `updated_at` timestamp NOT NULL DEFAULT current_timestamp() ON UPDATE current_timestamp()
) ENGINE=InnoDB DEFAULT CHARSET=utf8mb4 COLLATE=utf8mb4_general_ci;

-- --------------------------------------------------------

--
-- Table structure for table `installments`
--

CREATE TABLE `installments` (
  `id` bigint(20) NOT NULL,
  `rental_id` bigint(20) NOT NULL,
  `installment_no` int(11) NOT NULL,
  `due_date` date NOT NULL,
  `amount` decimal(12,2) NOT NULL,
  `paid_amount` decimal(12,2) DEFAULT 0.00,
  `payment_date` date DEFAULT NULL,
  `status` enum('Pending','Paid','Overdue') DEFAULT 'Pending',
  `created_at` timestamp NOT NULL DEFAULT current_timestamp(),
  `updated_at` timestamp NOT NULL DEFAULT current_timestamp() ON UPDATE current_timestamp()
) ENGINE=InnoDB DEFAULT CHARSET=utf8mb4 COLLATE=utf8mb4_general_ci;

--
-- Dumping data for table `installments`
--

INSERT INTO `installments` (`id`, `rental_id`, `installment_no`, `due_date`, `amount`, `paid_amount`, `payment_date`, `status`, `created_at`, `updated_at`) VALUES
(1, 1, 1, '2025-09-01', 300.00, 300.00, '2025-09-25', 'Paid', '2025-09-25 01:03:52', '2025-09-25 01:03:52');

-- --------------------------------------------------------

--
-- Table structure for table `jobs`
--

CREATE TABLE `jobs` (
  `id` bigint(20) UNSIGNED NOT NULL,
  `queue` varchar(255) NOT NULL,
  `payload` longtext NOT NULL,
  `attempts` tinyint(3) UNSIGNED NOT NULL,
  `reserved_at` int(10) UNSIGNED DEFAULT NULL,
  `available_at` int(10) UNSIGNED NOT NULL,
  `created_at` int(10) UNSIGNED NOT NULL
) ENGINE=InnoDB DEFAULT CHARSET=utf8mb4 COLLATE=utf8mb4_unicode_ci;

-- --------------------------------------------------------

--
-- Table structure for table `job_batches`
--

CREATE TABLE `job_batches` (
  `id` varchar(255) NOT NULL,
  `name` varchar(255) NOT NULL,
  `total_jobs` int(11) NOT NULL,
  `pending_jobs` int(11) NOT NULL,
  `failed_jobs` int(11) NOT NULL,
  `failed_job_ids` longtext NOT NULL,
  `options` mediumtext DEFAULT NULL,
  `cancelled_at` int(11) DEFAULT NULL,
  `created_at` int(11) NOT NULL,
  `finished_at` int(11) DEFAULT NULL
) ENGINE=InnoDB DEFAULT CHARSET=utf8mb4 COLLATE=utf8mb4_unicode_ci;

-- --------------------------------------------------------

--
-- Table structure for table `kanban_boards`
--

CREATE TABLE `kanban_boards` (
  `id` bigint(20) UNSIGNED NOT NULL,
  `title` varchar(255) NOT NULL,
  `slug` varchar(255) NOT NULL,
  `created_at` timestamp NULL DEFAULT current_timestamp(),
  `updated_at` timestamp NULL DEFAULT current_timestamp() ON UPDATE current_timestamp()
) ENGINE=InnoDB DEFAULT CHARSET=utf8mb4 COLLATE=utf8mb4_general_ci;

-- --------------------------------------------------------

--
-- Table structure for table `kanban_tasks`
--

CREATE TABLE `kanban_tasks` (
  `id` bigint(20) UNSIGNED NOT NULL,
  `kanban_board_id` bigint(20) UNSIGNED NOT NULL,
  `title` varchar(255) NOT NULL,
  `due_date` date DEFAULT NULL,
  `label` varchar(255) DEFAULT NULL,
  `label_color` varchar(90) DEFAULT NULL,
  `assigned` varchar(255) DEFAULT NULL,
  `attachments` text DEFAULT NULL,
  `comments` text DEFAULT NULL,
  `created_at` timestamp NULL DEFAULT current_timestamp(),
  `updated_at` timestamp NULL DEFAULT current_timestamp() ON UPDATE current_timestamp()
) ENGINE=InnoDB DEFAULT CHARSET=utf8mb4 COLLATE=utf8mb4_general_ci;

-- --------------------------------------------------------

--
-- Table structure for table `migrations`
--

CREATE TABLE `migrations` (
  `id` int(10) UNSIGNED NOT NULL,
  `migration` varchar(255) NOT NULL,
  `batch` int(11) NOT NULL
) ENGINE=InnoDB DEFAULT CHARSET=utf8mb4 COLLATE=utf8mb4_unicode_ci;

--
-- Dumping data for table `migrations`
--

INSERT INTO `migrations` (`id`, `migration`, `batch`) VALUES
(1, '0001_01_01_000000_create_users_table', 1),
(2, '0001_01_01_000001_create_cache_table', 1),
(3, '0001_01_01_000002_create_jobs_table', 1),
(4, '2025_06_07_092851_add_two_factor_columns_to_users_table', 1),
(5, '2025_06_07_092943_create_personal_access_tokens_table', 1),
(6, '2025_07_15_044615_create_chat_tables', 2),
(7, '2025_07_16_043646_create_permission_tables', 3);

-- --------------------------------------------------------

--
-- Table structure for table `model_has_permissions`
--

CREATE TABLE `model_has_permissions` (
  `permission_id` bigint(20) UNSIGNED NOT NULL,
  `model_type` varchar(255) NOT NULL,
  `model_id` bigint(20) UNSIGNED NOT NULL
) ENGINE=InnoDB DEFAULT CHARSET=utf8mb4 COLLATE=utf8mb4_unicode_ci;

-- --------------------------------------------------------

--
-- Table structure for table `model_has_roles`
--

CREATE TABLE `model_has_roles` (
  `role_id` bigint(20) UNSIGNED NOT NULL,
  `model_type` varchar(255) NOT NULL,
  `model_id` bigint(20) UNSIGNED NOT NULL
) ENGINE=InnoDB DEFAULT CHARSET=utf8mb4 COLLATE=utf8mb4_unicode_ci;

--
-- Dumping data for table `model_has_roles`
--

INSERT INTO `model_has_roles` (`role_id`, `model_type`, `model_id`) VALUES
(2, 'App\\Models\\User', 1),
(2, 'App\\Models\\User', 13),
(2, 'App\\Models\\User', 14),
(3, 'App\\Models\\User', 39);

-- --------------------------------------------------------

--
-- Table structure for table `notifications`
--

CREATE TABLE `notifications` (
  `id` char(36) NOT NULL,
  `type` varchar(255) NOT NULL,
  `notifiable_type` varchar(255) NOT NULL,
  `notifiable_id` bigint(20) UNSIGNED NOT NULL,
  `data` text NOT NULL,
  `read_at` timestamp NULL DEFAULT NULL,
  `created_at` timestamp NULL DEFAULT NULL,
  `updated_at` timestamp NULL DEFAULT NULL
) ENGINE=InnoDB DEFAULT CHARSET=utf8mb4 COLLATE=utf8mb4_unicode_ci;

--
-- Dumping data for table `notifications`
--

INSERT INTO `notifications` (`id`, `type`, `notifiable_type`, `notifiable_id`, `data`, `read_at`, `created_at`, `updated_at`) VALUES
('db4312b3-925e-4f7a-a7be-46a262b2e852', 'App\\Notifications\\UserNotification', 'App\\Models\\User', 40, '{\"body\":\"Your withdrawal request is approved by admin and \\u20b9490 has been transferred to your account via \",\"request_id\":1,\"user_id\":40,\"head\":\"Payment Withdrawal Request\",\"type\":\"App\\\\Notifications\\\\WithdrawalRequest\",\"sender_id\":1,\"notifiable_type\":\"App\\\\Models\\\\User\",\"url\":\"wallets\",\"color\":\"primary media-heading\",\"class\":\"icon-base ti tabler-credit-card-pay icon-lg warning\"}', '2025-10-09 00:24:36', '2025-10-07 01:24:26', '2025-10-09 00:24:36');

-- --------------------------------------------------------

--
-- Table structure for table `orders`
--

CREATE TABLE `orders` (
  `id` int(11) NOT NULL,
  `user_id` int(11) NOT NULL,
  `order_id` varchar(255) DEFAULT NULL,
  `store_id` int(11) NOT NULL,
  `address` text DEFAULT NULL,
  `latitude` varchar(90) DEFAULT NULL,
  `longitude` varchar(90) DEFAULT NULL,
  `subtotal` decimal(10,2) DEFAULT NULL,
  `grand_total` decimal(10,2) DEFAULT NULL,
  `tax` decimal(10,2) DEFAULT NULL,
  `discount` decimal(10,2) DEFAULT NULL,
  `coupon_id` int(11) DEFAULT NULL,
  `platform_commission` decimal(10,2) DEFAULT NULL,
  `shipping` decimal(10,2) DEFAULT NULL,
  `currency` varchar(4) DEFAULT NULL,
  `rating` float(8,1) DEFAULT NULL,
  `delivered_at` datetime DEFAULT NULL,
  `payment_status` enum('Pending','Paid','Failed','Cancelled') NOT NULL DEFAULT 'Pending',
  `payment_type` enum('Cash','Online','Wallet') NOT NULL DEFAULT 'Cash',
  `prescriptions` varchar(190) DEFAULT NULL,
  `status` enum('Placed','Accepted','Preparing','Ready','Dispatched','Out for Delivery','Delivered','Cancelled') NOT NULL DEFAULT 'Placed',
  `created_at` timestamp NOT NULL DEFAULT current_timestamp(),
  `updated_at` timestamp NOT NULL DEFAULT current_timestamp() ON UPDATE current_timestamp()
) ENGINE=InnoDB DEFAULT CHARSET=utf8mb4 COLLATE=utf8mb4_general_ci;

--
-- Dumping data for table `orders`
--

INSERT INTO `orders` (`id`, `user_id`, `order_id`, `store_id`, `address`, `latitude`, `longitude`, `subtotal`, `grand_total`, `tax`, `discount`, `coupon_id`, `platform_commission`, `shipping`, `currency`, `rating`, `delivered_at`, `payment_status`, `payment_type`, `prescriptions`, `status`, `created_at`, `updated_at`) VALUES
(2, 37, 'TPSORD2', 1, '{\"id\":1,\"user_id\":37,\"name\":\"Partap\",\"address\":\"32A, Aman Nagar\",\"country\":\"Guyana\",\"state\":\"Potaro-Siparuni\",\"city\":\"Mahdia\",\"country_id\":94,\"state_id\":1604,\"city_id\":20835,\"postcode\":\"144001\",\"latitude\":\"43.6765\",\"longitude\":\"34.76\",\"type\":\"Office\",\"status\":1,\"is_default\":0,\"created_at\":\"2025-09-18 11:49:05\",\"updated_at\":\"2025-09-18 11:50:41\"}', '31.3944', '75.61', 400.00, 480.00, 40.00, 0.00, NULL, 48.00, 40.00, '₹', NULL, '2025-09-18 10:14:49', 'Paid', 'Online', NULL, 'Out for Delivery', '2025-09-18 01:07:30', '2025-10-08 04:39:40'),
(3, 37, 'TPSORD3', 3, '{\"id\":1,\"user_id\":37,\"name\":\"Partap\",\"address\":\"32A, Aman Nagar\",\"country\":\"India\",\"state\":\"Punjab\",\"city\":\"Anandpur Sahib\",\"country_id\":101,\"state_id\":32,\"city_id\":3136,\"postcode\":\"144001\",\"latitude\":\"31.3498686\",\"longitude\":\"75.5055866\",\"type\":\"Home\",\"status\":1,\"is_default\":0,\"created_at\":\"2025-09-18 11:49:05\",\"updated_at\":\"2025-09-18 15:48:30\"}', '31.35727', '75.5546', 1040.00, 1073.60, 97.60, 104.00, 1, 117.12, 40.00, '₹', 4.5, '2025-09-19 04:13:26', 'Paid', 'Online', NULL, 'Dispatched', '2025-10-07 05:57:54', '2025-10-10 05:43:20');

-- --------------------------------------------------------

--
-- Table structure for table `order_items`
--

CREATE TABLE `order_items` (
  `id` int(11) NOT NULL,
  `order_id` int(11) NOT NULL,
  `product_id` int(11) NOT NULL,
  `name` varchar(500) DEFAULT NULL,
  `quantity` int(11) NOT NULL,
  `price` decimal(10,2) NOT NULL,
  `created_at` timestamp NOT NULL DEFAULT current_timestamp(),
  `updated_at` timestamp NOT NULL DEFAULT current_timestamp() ON UPDATE current_timestamp()
) ENGINE=InnoDB DEFAULT CHARSET=utf8mb4 COLLATE=utf8mb4_general_ci;

--
-- Dumping data for table `order_items`
--

INSERT INTO `order_items` (`id`, `order_id`, `product_id`, `name`, `quantity`, `price`, `created_at`, `updated_at`) VALUES
(3, 2, 2, 'Kiwi', 1, 250.00, '2025-09-18 01:07:30', '2025-09-18 01:07:30'),
(4, 2, 1, 'Onion', 3, 50.00, '2025-09-18 01:07:30', '2025-09-18 01:07:30'),
(5, 3, 4, 'Soya Chaamp', 3, 120.00, '2025-09-18 05:57:54', '2025-09-18 05:57:54'),
(6, 3, 5, 'Spring Roll', 4, 170.00, '2025-09-18 05:57:54', '2025-09-18 05:57:54');

-- --------------------------------------------------------

--
-- Table structure for table `packages`
--

CREATE TABLE `packages` (
  `id` int(11) NOT NULL,
  `name` varchar(255) DEFAULT NULL,
  `description` text DEFAULT NULL,
  `duration_id` int(11) DEFAULT NULL,
  `price` decimal(10,2) DEFAULT NULL,
  `status` tinyint(4) NOT NULL DEFAULT 1,
  `type` enum('Paid','Free') NOT NULL DEFAULT 'Paid',
  `ios_subscription_id` varchar(190) DEFAULT NULL,
  `android_subscription_id` varchar(190) DEFAULT NULL,
  `deleted_at` datetime DEFAULT NULL,
  `created_at` timestamp NOT NULL DEFAULT current_timestamp(),
  `updated_at` timestamp NOT NULL DEFAULT current_timestamp() ON UPDATE current_timestamp()
) ENGINE=InnoDB DEFAULT CHARSET=utf8mb4 COLLATE=utf8mb4_general_ci;

--
-- Dumping data for table `packages`
--

INSERT INTO `packages` (`id`, `name`, `description`, `duration_id`, `price`, `status`, `type`, `ios_subscription_id`, `android_subscription_id`, `deleted_at`, `created_at`, `updated_at`) VALUES
(1, 'Basic Plan', 'Basic', 2, 20.00, 1, 'Paid', NULL, NULL, NULL, '2025-08-14 00:27:27', '2025-09-05 04:32:24'),
(2, 'Weekly Enterprise', 'Weekly Basic Plan', 14, 7.00, 1, 'Paid', NULL, NULL, NULL, '2025-09-25 23:44:11', '2025-09-25 23:44:11'),
(3, 'Yearly Platinum', 'Yearly package basic', 1, 80.00, 1, 'Paid', NULL, NULL, NULL, '2025-09-26 00:39:30', '2025-09-26 00:39:30');

-- --------------------------------------------------------

--
-- Table structure for table `parcel_categories`
--

CREATE TABLE `parcel_categories` (
  `id` int(11) NOT NULL,
  `parent_id` int(11) DEFAULT NULL,
  `name` varchar(500) NOT NULL,
  `description` varchar(500) DEFAULT NULL,
  `image` varchar(255) DEFAULT NULL,
  `status` tinyint(4) NOT NULL DEFAULT 0,
  `created_at` timestamp NOT NULL DEFAULT current_timestamp(),
  `updated_at` timestamp NOT NULL DEFAULT current_timestamp() ON UPDATE current_timestamp(),
  `deleted_at` datetime DEFAULT NULL
) ENGINE=InnoDB DEFAULT CHARSET=utf8mb4 COLLATE=utf8mb4_general_ci;

--
-- Dumping data for table `parcel_categories`
--

INSERT INTO `parcel_categories` (`id`, `parent_id`, `name`, `description`, `image`, `status`, `created_at`, `updated_at`, `deleted_at`) VALUES
(1, NULL, 'Grocery', '', 'categories/mmCU0xi4hXxyFks4brMyra5hQ1YcoZWJ2K5Qp7f5.png', 1, '2025-07-24 02:14:08', '2025-09-17 23:57:53', NULL),
(2, NULL, 'Food', '', 'categories/vvWipMDNZUt4os6p5PKy3RJAJAe4Ooqu9qTvGoQX.png', 1, '2025-07-24 03:05:44', '2025-09-17 23:57:34', NULL),
(3, NULL, 'Medicine', '', 'categories/K5GEl1nTVAnscp9Vv6ktebcF9N9d3t0v7gGvFNrE.png', 1, '2025-07-28 00:29:25', '2025-09-17 23:57:44', NULL),
(4, NULL, 'Documents', '', 'categories/CcBToirOiLHMmmlv94oJj76AClU1PF4I5nSkyiC0.png', 1, '2025-07-28 00:29:57', '2025-09-18 00:01:29', NULL),
(5, NULL, 'Others', '', 'categories/7GtjsMWy38Yipi9oUYu78ZauSb3Ecv6CaMNHskgr.png', 1, '2025-09-18 00:02:31', '2025-09-18 00:02:51', NULL);

-- --------------------------------------------------------

--
-- Table structure for table `permissions`
--

CREATE TABLE `permissions` (
  `id` bigint(20) UNSIGNED NOT NULL,
  `name` varchar(255) NOT NULL,
  `guard_name` varchar(255) NOT NULL,
  `created_at` timestamp NULL DEFAULT NULL,
  `updated_at` timestamp NULL DEFAULT NULL
) ENGINE=InnoDB DEFAULT CHARSET=utf8mb4 COLLATE=utf8mb4_unicode_ci;

--
-- Dumping data for table `permissions`
--

INSERT INTO `permissions` (`id`, `name`, `guard_name`, `created_at`, `updated_at`) VALUES
(1, 'role-list', 'web', NULL, NULL),
(2, 'role-create', 'web', NULL, NULL),
(3, 'role-edit', 'web', NULL, NULL),
(4, 'role-delete', 'web', NULL, NULL),
(5, 'user-list', 'web', NULL, NULL),
(6, 'user-create', 'web', NULL, NULL),
(7, 'user-edit', 'web', NULL, NULL),
(8, 'user-delete', 'web', NULL, NULL),
(9, 'chat-list', 'web', NULL, NULL),
(10, 'chat-create', 'web', NULL, NULL),
(11, 'chat-edit', 'web', NULL, NULL),
(12, 'chat-delete', 'web', NULL, NULL),
(13, 'notification-list', 'web', NULL, NULL),
(14, 'notification-create', 'web', NULL, NULL),
(15, 'notification-edit', 'web', NULL, NULL),
(16, 'notification-delete', 'web', NULL, NULL),
(17, 'event-list', 'web', NULL, NULL),
(18, 'event-create', 'web', NULL, NULL),
(19, 'event-edit', 'web', NULL, NULL),
(20, 'event-delete', 'web', NULL, NULL),
(21, 'site_Settings-list', 'web', NULL, NULL),
(22, 'site_Settings-create', 'web', NULL, NULL),
(23, 'site_Settings-edit', 'web', NULL, NULL),
(24, 'site_Settings-delete', 'web', NULL, NULL),
(25, 'ticket-list', 'web', NULL, NULL),
(26, 'ticket-create', 'web', NULL, NULL),
(27, 'ticket-edit', 'web', NULL, NULL),
(28, 'ticket-delete', 'web', NULL, NULL),
(29, 'custom_Pages-list', 'web', NULL, NULL),
(30, 'custom_Pages-create', 'web', NULL, NULL),
(31, 'custom_Pages-edit', 'web', NULL, NULL),
(32, 'custom_Pages-delete', 'web', NULL, NULL),
(33, 'kanban-list', 'web', NULL, NULL),
(34, 'kanban-create', 'web', NULL, NULL),
(35, 'kanban-edit', 'web', NULL, NULL),
(36, 'kanban-delete', 'web', NULL, NULL),
(37, 'data-list', 'web', NULL, NULL),
(38, 'data-create', 'web', NULL, NULL),
(39, 'data-edit', 'web', NULL, NULL),
(40, 'data-delete', 'web', NULL, NULL),
(41, 'category-list', 'web', NULL, NULL),
(42, 'category-create', 'web', NULL, NULL),
(43, 'category-edit', 'web', NULL, NULL),
(44, 'category-delete', 'web', NULL, NULL),
(45, 'vehicle-list', 'web', NULL, NULL),
(46, 'vehicle-create', 'web', NULL, NULL),
(47, 'vehicle-edit', 'web', NULL, NULL),
(48, 'vehicle-delete', 'web', NULL, NULL),
(49, 'banner-list', 'web', NULL, NULL),
(50, 'banner-create', 'web', NULL, NULL),
(51, 'banner-edit', 'web', NULL, NULL),
(52, 'banner-delete', 'web', NULL, NULL),
(53, 'driver-list', 'web', NULL, NULL),
(54, 'driver-create', 'web', NULL, NULL),
(55, 'driver-edit', 'web', NULL, NULL),
(56, 'driver-delete', 'web', NULL, NULL),
(57, 'store-list', 'web', NULL, NULL),
(58, 'store-create', 'web', NULL, NULL),
(59, 'store-edit', 'web', NULL, NULL),
(60, 'store-delete', 'web', NULL, NULL),
(61, 'product-list', 'web', NULL, NULL),
(62, 'product-create', 'web', NULL, NULL),
(63, 'product-edit', 'web', NULL, NULL),
(64, 'product-delete', 'web', NULL, NULL),
(65, 'order-list', 'web', NULL, NULL),
(66, 'order-create', 'web', NULL, NULL),
(67, 'order-edit', 'web', NULL, NULL),
(68, 'order-delete', 'web', NULL, NULL),
(69, 'coupon-list', 'web', NULL, NULL),
(70, 'coupon-create', 'web', NULL, NULL),
(71, 'coupon-edit', 'web', NULL, NULL),
(72, 'coupon-delete', 'web', NULL, NULL),
(73, 'transaction-list', 'web', NULL, NULL),
(74, 'transaction-create', 'web', NULL, NULL),
(75, 'transaction-edit', 'web', NULL, NULL),
(76, 'transaction-delete', 'web', NULL, NULL),
(77, 'wallet-list', 'web', NULL, NULL),
(78, 'wallet-create', 'web', NULL, NULL),
(79, 'wallet-edit', 'web', NULL, NULL),
(80, 'wallet-delete', 'web', NULL, NULL),
(81, 'ride-list', 'web', NULL, NULL),
(82, 'ride-create', 'web', NULL, NULL),
(83, 'ride-edit', 'web', NULL, NULL),
(84, 'ride-delete', 'web', NULL, NULL),
(85, 'package-list', 'web', NULL, NULL),
(86, 'package-create', 'web', NULL, NULL),
(87, 'package-edit', 'web', NULL, NULL),
(88, 'package-delete', 'web', NULL, NULL),
(89, 'referral-list', 'web', NULL, NULL),
(90, 'referral-create', 'web', NULL, NULL),
(91, 'referral-edit', 'web', NULL, NULL),
(92, 'referral-delete', 'web', NULL, NULL),
(93, 'sos-list', 'web', NULL, NULL),
(94, 'sos-create', 'web', NULL, NULL),
(95, 'sos-edit', 'web', NULL, NULL),
(96, 'sos-delete', 'web', NULL, NULL),
(97, 'rental-list', 'web', NULL, NULL),
(98, 'rental-create', 'web', NULL, NULL),
(99, 'rental-edit', 'web', NULL, NULL),
(100, 'rental-delete', 'web', NULL, NULL);

-- --------------------------------------------------------

--
-- Table structure for table `products`
--

CREATE TABLE `products` (
  `id` int(11) NOT NULL,
  `store_id` int(11) NOT NULL,
  `category_id` int(11) NOT NULL,
  `title` varchar(500) DEFAULT NULL,
  `sku` varchar(500) DEFAULT NULL,
  `description` text DEFAULT NULL,
  `price` decimal(10,2) DEFAULT NULL,
  `discounted_price` float(8,2) DEFAULT NULL,
  `in_stock` int(11) DEFAULT NULL,
  `is_non_veg` tinyint(4) NOT NULL DEFAULT 0,
  `tags` text DEFAULT NULL,
  `rating` int(11) DEFAULT 0,
  `rating_count` int(11) DEFAULT 0,
  `prescriptions` int(11) NOT NULL DEFAULT 0,
  `currency` varchar(6) DEFAULT NULL,
  `status` tinyint(4) NOT NULL DEFAULT 1,
  `created_at` timestamp NOT NULL DEFAULT current_timestamp(),
  `deleted_at` datetime DEFAULT NULL,
  `updated_at` timestamp NOT NULL DEFAULT current_timestamp() ON UPDATE current_timestamp()
) ENGINE=InnoDB DEFAULT CHARSET=utf8mb4 COLLATE=utf8mb4_general_ci;

--
-- Dumping data for table `products`
--

INSERT INTO `products` (`id`, `store_id`, `category_id`, `title`, `sku`, `description`, `price`, `discounted_price`, `in_stock`, `is_non_veg`, `tags`, `rating`, `rating_count`, `prescriptions`, `currency`, `status`, `created_at`, `deleted_at`, `updated_at`) VALUES
(1, 1, 14, 'Onion', 'onion-1', '<p><br></p>', 50.00, 45.00, 1, 0, 'Vegetables', 4, 3, 0, '₹', 1, '2025-08-06 06:13:49', NULL, '2025-10-04 11:08:51'),
(2, 1, 14, 'Kiwi', 'kiwi', '<p><strong style=\"background-color: rgb(48, 56, 65); color: rgb(238, 255, 255);\">Features &amp; Details</strong></p><ol><li data-list=\"bullet\"><span class=\"ql-ui\" contenteditable=\"false\"></span><span style=\"background-color: rgb(48, 56, 65); color: rgb(238, 255, 255);\">Natural &amp; Dehydrated Kiwi Slices - No added preservatives, artificial colors, or flavors.</span></li><li data-list=\"bullet\"><span class=\"ql-ui\" contenteditable=\"false\"></span><span style=\"background-color: rgb(48, 56, 65); color: rgb(238, 255, 255);\">High in Fiber - Aids digestion and supports gut health.</span></li><li data-list=\"bullet\"><span class=\"ql-ui\" contenteditable=\"false\"></span><span style=\"background-color: rgb(48, 56, 65); color: rgb(238, 255, 255);\">Rich in Vitamin C - Boosts immunity and promotes skin health.</span></li><li data-list=\"bullet\"><span class=\"ql-ui\" contenteditable=\"false\"></span><span style=\"background-color: rgb(48, 56, 65); color: rgb(238, 255, 255);\">Natural Energy Snack - Great for quick energy without processed sugars.</span></li><li data-list=\"bullet\"><span class=\"ql-ui\" contenteditable=\"false\"></span><span style=\"background-color: rgb(48, 56, 65); color: rgb(238, 255, 255);\">Versatile Usage - Perfect in cereals, yogurt, smoothies, desserts, and baking.</span></li></ol><p><br></p><p><strong style=\"background-color: rgb(48, 56, 65); color: rgb(238, 255, 255);\">Description</strong></p><p><br></p><p><strong style=\"background-color: rgb(48, 56, 65); color: rgb(238, 255, 255);\"><em>Dried Kiwi | Premium Dehydrated Kiwi Slices | Dry Fruit – 500g</em></strong></p><p><br></p><p><strong style=\"background-color: rgb(48, 56, 65); color: rgb(238, 255, 255);\">Product Description</strong></p><p><span style=\"background-color: rgb(48, 56, 65); color: rgb(238, 255, 255);\">Enjoy the natural goodness of </span><strong style=\"background-color: rgb(48, 56, 65); color: rgb(238, 255, 255);\">Dried Kiwi</strong><span style=\"background-color: rgb(48, 56, 65); color: rgb(238, 255, 255);\">, a delicious and tangy dry fruit snack rich in </span><strong style=\"background-color: rgb(48, 56, 65); color: rgb(238, 255, 255);\">vitamin C</strong><span style=\"background-color: rgb(48, 56, 65); color: rgb(238, 255, 255);\">, fiber, and antioxidants. Made from fresh kiwi slices and gently dehydrated to preserve nutrients, this 500g pack is perfect for snacking, baking, or mixing into cereals and salads.</span></p><p><br></p><p><br></p><p><br></p>', 250.00, 220.00, 1, 0, 'Fruits,kiwi', 0, 0, 0, '₹', 1, '2025-08-07 00:43:57', NULL, '2025-10-04 11:08:02'),
(3, 1, 13, 'Daal', 'fds', '<p>wrwrw</p>', 43.00, 40.00, 1, 0, '', 0, 0, 0, '₹', 1, '2025-09-16 23:26:58', NULL, '2025-09-24 04:16:04'),
(4, 3, 6, 'Soya Chaamp', 'soya-chaamp', '<p><span style=\"background-color: rgb(48, 56, 65); color: rgb(238, 255, 255);\">Soya chaap is a popular Indian dish, often served as a vegan street food or meat substitute, made from a dough of ground soybeans, flour, and spices, which is then wrapped around a stick, boiled, and often grilled or fried. Known for its high protein content and versatile texture, it can be prepared in various dishes, including curries, tikkas, and kebabs, and serves as a nutritious, meat-free option for vegetarians and vegans</span></p><p><br></p>', 120.00, NULL, 1, 0, '', 0, 0, 0, '₹', 1, '2025-09-18 05:16:27', NULL, '2025-09-24 04:16:08'),
(5, 3, 15, 'Spring Roll', 'spring-roll', '<p><br></p><p><br></p><p><br></p><p><span style=\"background-color: rgb(255, 255, 255); color: rgb(0, 29, 53);\"><img src=\"data:image/jpeg;base64,[BLOB]\" alt=\"Crispy Chinese Spring Rolls - El Mundo Eats\" height=\"296\" width=\"296\"></span></p><p><br></p><p><span style=\"background-color: rgb(48, 56, 65); color: rgb(238, 255, 255);\">A spring roll is a savory Asian-style roll made with a thin wrapper filled with ingredients like vegetables, meat, or noodles, which is then rolled and either fried until crispy or served fresh. Historically, they were made with fresh vegetables harvested during spring and were a celebratory dish for the Spring Festival in China. </span></p><p class=\"ql-align-center\"><br></p><p><br></p>', 170.00, NULL, 1, 0, '', 0, 0, 0, '₹', 1, '2025-09-18 05:20:28', NULL, '2025-09-24 04:16:02'),
(6, 3, 18, 'Veg Sandwich', 'veg-sandwich', '<p>In Britain, the British Sandwich Association defines a sandwich as \"any form of bread with a filling, generally assembled cold\"; a definition which includes wraps and bagels, but potentially excludes dishes assembled and served hot, such as burgers.</p>', 50.00, 50.00, 1, 0, '', 0, 0, 0, '₹', 1, '2025-10-04 11:26:27', NULL, '2025-10-04 11:26:27'),
(7, 3, 18, 'Sandwich Cheeze', 'sandwich-cheeze', '<p>NON-VEG SANDWICHES · CHICKEN MEXICAN SANWICHES · CHICKEN SIMPLE TIKKA SANDWICH · CHICKEN SUPREME SANDWICH · CHICKEN TRADITIONAL TIKKA SAND · CHICKEN TRIPLE </p>', 90.00, 90.00, 1, 1, '', 0, 0, 0, '₹', 1, '2025-10-04 11:28:12', NULL, '2025-10-06 06:35:06'),
(8, 3, 19, 'Hakka Noodles', 'hakka-noodles', '<p>Hakka noodles are a genre of Indo-Chinese dishes wherein the skill of Chinese cooking is combined with the essence of Indian spices. This dish has become a favourite, from street food to restaurants, due to its savoury and spicy flavour.</p>', 130.00, 120.00, 1, 0, '', 0, 0, 0, '₹', 1, '2025-10-05 23:14:44', NULL, '2025-10-05 23:14:44'),
(9, 3, 19, 'Noodles', 'noodles', '<p>Noodles are a type of food typically made from unleavened dough which is rolled flat and cut, stretched, or extruded into long strips or strings. Noodles are a staple food in many cultures and made into a variety of shapes. The most common noodles are those derived from either Chinese cuisine or Italian cuisine.</p>', 80.00, 80.00, 1, 0, '', 0, 0, 0, '₹', 1, '2025-10-05 23:16:20', NULL, '2025-10-06 01:05:27'),
(10, 3, 19, 'Prawn Noodles- Non Veg Noodles', 'prawn-noodles-non-veg-noodles', '<p><strong>Glossy, flavour-packed thick noodles</strong>, tender juicy prawns (shrimp) cooked to just right and delightfully sweet, crisp fresh vegetables!</p>', 280.00, 250.00, 1, 1, '', 0, 0, 0, '₹', 1, '2025-10-05 23:19:54', NULL, '2025-10-05 23:19:54');

-- --------------------------------------------------------

--
-- Table structure for table `product_images`
--

CREATE TABLE `product_images` (
  `id` int(11) NOT NULL,
  `product_id` int(11) NOT NULL,
  `file` varchar(500) DEFAULT NULL,
  `status` tinyint(4) NOT NULL DEFAULT 1,
  `created_at` timestamp NOT NULL DEFAULT current_timestamp(),
  `updated_at` timestamp NOT NULL DEFAULT current_timestamp() ON UPDATE current_timestamp()
) ENGINE=InnoDB DEFAULT CHARSET=utf8mb4 COLLATE=utf8mb4_general_ci;

--
-- Dumping data for table `product_images`
--

INSERT INTO `product_images` (`id`, `product_id`, `file`, `status`, `created_at`, `updated_at`) VALUES
(11, 1, 'products/DVVO1ilHYeZ0s4NOfhIfd8M7Q4LJyVI8rXRUykIW.webp', 1, '2025-09-18 05:08:30', '2025-09-18 05:08:30'),
(12, 1, 'products/01Sl45Ot7hoRxEU9DVpp69VJ8nvaIcjiQZc7P8Ky.webp', 1, '2025-09-18 05:08:30', '2025-09-18 05:08:30'),
(13, 2, 'products/NeAB5IJOpzjHCqmUWTvUs76iUscOmGj4VFjPBCHE.webp', 1, '2025-09-18 05:09:10', '2025-09-18 05:09:10'),
(14, 2, 'products/QCE7C3Q3Hf1PWszEL9jIHdBVX7fBwLISXbRbsn81.webp', 1, '2025-09-18 05:09:10', '2025-09-18 05:09:10'),
(15, 3, 'products/mN4Tm4rgyArDJK7ECqovYyYBlpBdstCGEBSB7h53.png', 1, '2025-09-18 05:09:52', '2025-09-18 05:09:52'),
(16, 4, 'products/WYorMzXHC5MX5NoXJpLloKAX331C6M8EXGIkwZdZ.webp', 1, '2025-09-18 05:16:27', '2025-09-18 05:16:27'),
(17, 5, 'products/fdDMzVvCyHDStSpZ7wRuJCKga8Vn344uCnpseXaS.jpg', 1, '2025-09-18 05:20:28', '2025-09-18 05:20:28'),
(18, 5, 'products/Q8LlxAS2NQYvRD9nnM0CxPOdLAEhSC5EWOyLVDBN.jpg', 1, '2025-09-18 05:20:28', '2025-09-18 05:20:28'),
(19, 6, 'products/rvdjXQzegnaGvcWmrNZSTghuyPeqz1aZUkybfy8g.jpg', 1, '2025-10-04 11:26:27', '2025-10-04 11:26:27'),
(20, 6, 'products/cVnpDAIrJOmSnLLsIdlx4K0alBZYmvrsM5i6eugw.jpg', 1, '2025-10-04 11:26:27', '2025-10-04 11:26:27'),
(21, 7, 'products/CPksIwCMESpT7H2fsNT6AzFtZPycNqTfLgKa1BD0.jpg', 1, '2025-10-04 11:28:12', '2025-10-04 11:28:12'),
(22, 8, 'products/fKxtku9tWmbhdif9c8zyk3JWRDLf3rGwfNgH9DLv.webp', 1, '2025-10-05 23:14:44', '2025-10-05 23:14:44'),
(23, 8, 'products/jM0YNwJl9Q3sYZYmvsuzF6cal1QQWqla3EWMFlfX.jpg', 1, '2025-10-05 23:14:44', '2025-10-05 23:14:44'),
(24, 8, 'products/ikRAacKVFZvAkke1xjxVBvKA6Uzq6kpDJBMvH6aX.webp', 1, '2025-10-05 23:14:44', '2025-10-05 23:14:44'),
(25, 8, 'products/bLNSHS45ujCYHAOIQ66id8u9gVzC5zIsMFvUq7cD.jpg', 1, '2025-10-05 23:14:44', '2025-10-05 23:14:44'),
(26, 9, 'products/q2uqyDF8DVhGVVCCeLsjs9ovOlFmtVsIbqnuK5Jr.jpg', 1, '2025-10-05 23:16:20', '2025-10-05 23:16:20'),
(27, 9, 'products/Saf6XNPjxV9UgLYvVSX58WJIV8dVS115z61fMw0Y.jpg', 1, '2025-10-05 23:16:20', '2025-10-05 23:16:20'),
(28, 10, 'products/yP2JqpbNy4BrDEh3fkuwLK3hzzjrYTDaV3uMm7zG.webp', 1, '2025-10-05 23:19:54', '2025-10-05 23:19:54'),
(29, 10, 'products/KrJon9RWxsTxWyh7I0EM4XpYwjunHFJtdlitbRxY.jpg', 1, '2025-10-05 23:19:54', '2025-10-05 23:19:54');

-- --------------------------------------------------------

--
-- Table structure for table `referrals`
--

CREATE TABLE `referrals` (
  `id` int(11) NOT NULL,
  `user_id` int(11) NOT NULL,
  `points` int(11) NOT NULL,
  `refer_id` int(11) NOT NULL,
  `type` enum('Register','Order','Ride') NOT NULL DEFAULT 'Order',
  `status` tinyint(4) NOT NULL DEFAULT 0,
  `updated_at` timestamp NOT NULL DEFAULT current_timestamp() ON UPDATE current_timestamp(),
  `created_at` timestamp NOT NULL DEFAULT current_timestamp()
) ENGINE=InnoDB DEFAULT CHARSET=utf8mb4 COLLATE=utf8mb4_general_ci;

-- --------------------------------------------------------

--
-- Table structure for table `rentals`
--

CREATE TABLE `rentals` (
  `id` bigint(20) NOT NULL,
  `car_id` bigint(20) NOT NULL,
  `driver_id` bigint(20) NOT NULL,
  `order_type` enum('Purchase','Rental') NOT NULL,
  `total_amount` decimal(12,2) DEFAULT 0.00,
  `down_payment` decimal(12,2) DEFAULT 0.00,
  `pending_amount` decimal(12,2) DEFAULT 0.00,
  `no_of_installments` int(11) DEFAULT 0,
  `installment_amount` decimal(12,2) DEFAULT 0.00,
  `security_amount` decimal(12,2) DEFAULT 0.00,
  `start_date` date NOT NULL,
  `due_date` date NOT NULL,
  `status` enum('Active','Completed','Cancelled') DEFAULT 'Active',
  `created_at` timestamp NOT NULL DEFAULT current_timestamp(),
  `updated_at` timestamp NOT NULL DEFAULT current_timestamp() ON UPDATE current_timestamp()
) ENGINE=InnoDB DEFAULT CHARSET=utf8mb4 COLLATE=utf8mb4_general_ci;

--
-- Dumping data for table `rentals`
--

INSERT INTO `rentals` (`id`, `car_id`, `driver_id`, `order_type`, `total_amount`, `down_payment`, `pending_amount`, `no_of_installments`, `installment_amount`, `security_amount`, `start_date`, `due_date`, `status`, `created_at`, `updated_at`) VALUES
(1, 1, 1, 'Rental', 2000.00, 200.00, 1500.00, 6, 300.00, 100.00, '2025-09-01', '2025-09-01', 'Active', '2025-08-18 06:44:21', '2025-09-25 04:31:03'),
(2, 1, 1, 'Purchase', 3000.00, 300.00, 2700.00, 3, 900.00, 100.00, '2025-08-04', '2025-08-17', 'Active', '2025-08-18 06:44:21', '2025-09-18 03:56:32'),
(3, 1, 1, 'Purchase', 3000.00, 300.00, 2700.00, 3, 900.00, 100.00, '2025-09-25', '2025-09-25', 'Active', '2025-09-25 00:54:36', '2025-09-25 00:54:36');

-- --------------------------------------------------------

--
-- Table structure for table `reviews`
--

CREATE TABLE `reviews` (
  `id` int(11) NOT NULL,
  `reviewable_id` int(11) NOT NULL,
  `reviewable_type` varchar(255) NOT NULL,
  `comment_id` int(11) DEFAULT NULL,
  `user_id` int(11) NOT NULL,
  `driver_id` int(11) DEFAULT 0,
  `rating` float(8,1) NOT NULL,
  `comment` text DEFAULT NULL,
  `status` tinyint(4) NOT NULL DEFAULT 1,
  `created_at` timestamp NOT NULL DEFAULT current_timestamp(),
  `updated_at` timestamp NOT NULL DEFAULT current_timestamp() ON UPDATE current_timestamp()
) ENGINE=InnoDB DEFAULT CHARSET=utf8mb4 COLLATE=utf8mb4_general_ci;

--
-- Dumping data for table `reviews`
--

INSERT INTO `reviews` (`id`, `reviewable_id`, `reviewable_type`, `comment_id`, `user_id`, `driver_id`, `rating`, `comment`, `status`, `created_at`, `updated_at`) VALUES
(1, 3, 'order', 3, 37, 0, 4.5, 'Order Lorum ipsum', 1, '2025-09-25 05:37:22', '2025-10-03 09:21:50'),
(2, 3, 'store', 3, 37, 0, 5.0, 'Order Lorum ipsum', 1, '2025-09-25 05:37:22', '2025-10-03 09:21:53'),
(3, 4, 'product', 3, 37, 0, 5.0, '', 1, '2025-09-25 05:37:22', '2025-10-03 09:21:56'),
(4, 5, 'product', 3, 37, 0, 4.0, '', 1, '2025-09-25 05:37:22', '2025-10-03 09:21:58'),
(5, 2, 'ride', 2, 37, 3, 5.0, 'driver Lorum ispum', 1, '2025-09-25 05:37:22', '2025-10-03 09:22:01'),
(6, 3, 'driver', 2, 37, 0, 5.0, 'driver Lorum ispum', 1, '2025-09-25 05:37:22', '2025-10-03 09:22:06'),
(7, 37, 'user', 2, 3, 0, 5.0, 'good client', 1, '2025-09-25 05:37:22', '2025-10-03 09:22:06');

-- --------------------------------------------------------

--
-- Table structure for table `ride_pricing_rules`
--

CREATE TABLE `ride_pricing_rules` (
  `id` bigint(20) NOT NULL,
  `country_id` int(11) DEFAULT NULL,
  `rule_name` varchar(255) DEFAULT NULL,
  `price_type` enum('flat','multiplier','discount','percent') DEFAULT 'multiplier',
  `amount` decimal(10,2) DEFAULT NULL,
  `is_active` tinyint(1) DEFAULT 1,
  `priority` int(11) DEFAULT 0,
  `created_at` timestamp NOT NULL DEFAULT current_timestamp(),
  `updated_at` timestamp NOT NULL DEFAULT current_timestamp() ON UPDATE current_timestamp()
) ENGINE=InnoDB DEFAULT CHARSET=utf8mb4 COLLATE=utf8mb4_general_ci;

--
-- Dumping data for table `ride_pricing_rules`
--

INSERT INTO `ride_pricing_rules` (`id`, `country_id`, `rule_name`, `price_type`, `amount`, `is_active`, `priority`, `created_at`, `updated_at`) VALUES
(2, 101, 'Week Days Month', 'multiplier', 1.50, 1, 2, '2025-08-20 01:08:56', '2025-08-20 02:26:46'),
(3, 101, 'WeekDays', 'multiplier', 2.00, 1, 1, '2025-08-20 02:26:26', '2025-08-20 02:26:26'),
(4, 94, 'Week End', 'multiplier', 2.00, 1, 1, '2025-08-20 06:29:06', '2025-08-20 06:29:06');

-- --------------------------------------------------------

--
-- Table structure for table `ride_pricing_rule_conditions`
--

CREATE TABLE `ride_pricing_rule_conditions` (
  `id` int(11) NOT NULL,
  `rule_id` int(11) NOT NULL,
  `condition_type` enum('month','day_of_week','date','time_range') DEFAULT NULL,
  `condition_value` longtext CHARACTER SET utf8mb4 COLLATE utf8mb4_bin DEFAULT NULL CHECK (json_valid(`condition_value`)),
  `created_at` timestamp NOT NULL DEFAULT current_timestamp(),
  `updated_at` timestamp NOT NULL DEFAULT current_timestamp() ON UPDATE current_timestamp()
) ENGINE=InnoDB DEFAULT CHARSET=utf8mb4 COLLATE=utf8mb4_general_ci;

--
-- Dumping data for table `ride_pricing_rule_conditions`
--

INSERT INTO `ride_pricing_rule_conditions` (`id`, `rule_id`, `condition_type`, `condition_value`, `created_at`, `updated_at`) VALUES
(55, 2, 'month', '[\"9\",\"10\",\"11\"]', '2025-09-17 22:56:50', '2025-09-17 22:56:50'),
(56, 2, 'day_of_week', '[\"Sunday\",\"Saturday\"]', '2025-09-17 22:56:50', '2025-09-17 22:56:50'),
(57, 3, 'day_of_week', '[\"Sunday\",\"Saturday\"]', '2025-09-17 23:00:09', '2025-09-17 23:00:09'),
(58, 3, 'time_range', '{\"start\":\"16:00\",\"end\":\"23:55\"}', '2025-09-17 23:00:09', '2025-09-17 23:00:09'),
(59, 4, 'day_of_week', '[\"Sunday\",\"Saturday\"]', '2025-09-17 23:02:54', '2025-09-17 23:02:54'),
(60, 4, 'time_range', '{\"start\":\"18:00\",\"end\":\"00:00\"}', '2025-09-17 23:02:54', '2025-09-17 23:02:54');

-- --------------------------------------------------------

--
-- Table structure for table `ride_requests`
--

CREATE TABLE `ride_requests` (
  `id` int(11) NOT NULL,
  `user_id` int(11) NOT NULL,
  `driver_id` int(11) NOT NULL,
  `ride_temp_id` int(11) NOT NULL,
  `status` enum('Pending','Accepted','Rejected','Timeout') NOT NULL DEFAULT 'Pending',
  `expires_at` timestamp NULL DEFAULT NULL,
  `created_at` timestamp NOT NULL DEFAULT current_timestamp(),
  `updated_at` timestamp NOT NULL DEFAULT current_timestamp() ON UPDATE current_timestamp()
) ENGINE=InnoDB DEFAULT CHARSET=utf8mb4 COLLATE=utf8mb4_general_ci;

--
-- Dumping data for table `ride_requests`
--

INSERT INTO `ride_requests` (`id`, `user_id`, `driver_id`, `ride_temp_id`, `status`, `expires_at`, `created_at`, `updated_at`) VALUES
(1, 37, 3, 1, 'Accepted', NULL, '2025-09-18 09:31:34', '2025-09-18 04:03:34'),
(2, 37, 3, 2, 'Accepted', NULL, '2025-09-18 09:31:34', '2025-09-18 06:15:16'),
(3, 37, 3, 3, 'Accepted', NULL, '2025-09-18 09:31:34', '2025-09-20 00:26:49'),
(4, 37, 2, 7, 'Pending', '2025-10-03 00:42:43', '2025-09-20 03:29:19', '2025-10-03 05:45:08'),
(5, 37, 3, 8, 'Accepted', '2025-10-03 05:38:59', '2025-09-20 03:29:19', '2025-10-03 05:39:42');

-- --------------------------------------------------------

--
-- Table structure for table `ride_temps`
--

CREATE TABLE `ride_temps` (
  `id` int(11) NOT NULL,
  `user_id` int(11) NOT NULL,
  `vehicle_category_id` int(11) DEFAULT NULL,
  `pickup_location` varchar(500) DEFAULT NULL,
  `drop_location` varchar(500) DEFAULT NULL,
  `pickup_lat` varchar(90) DEFAULT NULL,
  `pickup_lng` varchar(90) DEFAULT NULL,
  `drop_lat` varchar(90) DEFAULT NULL,
  `drop_lng` varchar(90) DEFAULT NULL,
  `fare` decimal(10,2) DEFAULT NULL,
  `currency` varchar(4) DEFAULT NULL,
  `trip_distance` varchar(90) DEFAULT NULL,
  `trip_time` varchar(90) DEFAULT NULL,
  `status` enum('Searching','Confirmed','Expired','Cancelled') NOT NULL DEFAULT 'Searching',
  `type` enum('Ride','Parcel','Delivery') NOT NULL DEFAULT 'Ride',
  `details` text DEFAULT NULL,
  `sender_name` varchar(255) DEFAULT NULL,
  `receiver_name` varchar(255) DEFAULT NULL,
  `receiver_phone` varchar(16) DEFAULT NULL,
  `parcel_category_id` int(11) DEFAULT NULL,
  `package_details` text DEFAULT NULL,
  `order_id` int(11) DEFAULT NULL,
  `created_at` timestamp NOT NULL DEFAULT current_timestamp(),
  `updated_at` timestamp NOT NULL DEFAULT current_timestamp() ON UPDATE current_timestamp()
) ENGINE=InnoDB DEFAULT CHARSET=utf8mb4 COLLATE=utf8mb4_general_ci;

--
-- Dumping data for table `ride_temps`
--

INSERT INTO `ride_temps` (`id`, `user_id`, `vehicle_category_id`, `pickup_location`, `drop_location`, `pickup_lat`, `pickup_lng`, `drop_lat`, `drop_lng`, `fare`, `currency`, `trip_distance`, `trip_time`, `status`, `type`, `details`, `sender_name`, `receiver_name`, `receiver_phone`, `parcel_category_id`, `package_details`, `order_id`, `created_at`, `updated_at`) VALUES
(1, 37, 0, 'Amazo Mall', '32A, Aman Nagar Potaro-Siparuni, Mahdia, 144001', '31.3944', '75.61', '43.6765', '34.76', 40.00, '₹', '3806.77', '2855', 'Confirmed', 'Delivery', '{\"estimate_strike_fare\":\"40.00\",\"coupon_id\":null,\"payment_type\":\"Online\",\"payment_id\":\"pi_3S8deQH73FPpLAwL0REaPH66\",\"country_id\":101}', '', '', '', NULL, '', 2, '2025-09-18 03:59:33', '2025-09-20 05:44:47'),
(2, 37, 0, 'New sabzi mandi, Maqsudan', '32A, Aman Nagar Punjab, Anandpur Sahib, 144001', '31.35727', '75.5546', '31.3498686', '75.5055866', 40.00, '₹', '4.73', '7', 'Confirmed', 'Delivery', '{\"estimate_strike_fare\":\"40.00\",\"coupon_id\":1,\"payment_type\":\"Cash On Delivery\",\"payment_id\":\"\",\"country_id\":94}', '', '', '', NULL, '', 3, '2025-09-18 06:02:04', '2025-09-20 05:44:52'),
(3, 37, 3, 'Near, Plot No. B1/823/1A, Aman Nagar, Tanda Road, KMV Marg, Jalandhar, Punjab 144003', 'PAP Complex, Jalandhar, Punjab 144005', '31.35460551155202', '75.55575952565982', '31.31041180215198', '75.6118497796299', 41.57, '₹', '2.21', '3', 'Confirmed', 'Ride', '{\"estimate_strike_fare\":\"5\",\"coupon_id\":\"6\",\"payment_type\":\"Cod\",\"payment_id\":null,\"country_id\":101}', '', '', '', NULL, '', 0, '2025-09-20 00:14:01', '2025-09-20 00:26:49'),
(4, 37, 5, 'Near, Plot No. B1/823/1A, Aman Nagar, Tanda Road, KMV Marg, Jalandhar, Punjab 144003', 'PAP Complex, Jalandhar, Punjab 144005', '31.35460551155202', '75.55575952565982', '31.31041180215198', '75.6118497796299', 83.93, '₹', '3.15', '5', 'Searching', 'Ride', '{\"estimate_strike_fare\":\"88.35\",\"coupon_id\":\"6\",\"payment_type\":\"Cod\",\"payment_id\":null,\"country_id\":101}', '', '', '', NULL, '', 0, '2025-09-20 03:14:36', '2025-09-20 03:14:36'),
(5, 37, 5, 'Near, Plot No. B1/823/1A, Aman Nagar, Tanda Road, KMV Marg, Jalandhar, Punjab 144003', 'PAP Complex, Jalandhar, Punjab 144005', '31.35460551155202', '75.55575952565982', '31.31041180215198', '75.6118497796299', 83.93, '₹', '3.15', '5', 'Searching', 'Ride', '{\"estimate_strike_fare\":\"88.35\",\"coupon_id\":\"6\",\"payment_type\":\"Cod\",\"payment_id\":null,\"country_id\":101}', '', '', '', NULL, '', 0, '2025-09-20 03:28:39', '2025-09-20 03:28:39'),
(6, 37, 5, 'Near, Plot No. B1/823/1A, Aman Nagar, Tanda Road, KMV Marg, Jalandhar, Punjab 144003', 'PAP Complex, Jalandhar, Punjab 144005', '31.35460551155202', '75.55575952565982', '31.31041180215198', '75.6118497796299', 83.93, '₹', '3.15', '5', 'Searching', 'Ride', '{\"estimate_strike_fare\":\"88.35\",\"coupon_id\":\"6\",\"payment_type\":\"Cod\",\"payment_id\":null,\"country_id\":101}', '', '', '', NULL, '', 0, '2025-09-20 03:28:43', '2025-09-20 03:28:43'),
(7, 37, 5, 'Near, Plot No. B1/823/1A, Aman Nagar, Tanda Road, KMV Marg, Jalandhar, Punjab 144003', 'PAP Complex, Jalandhar, Punjab 144005', '31.35460551155202', '75.55575952565982', '31.31041180215198', '75.6118497796299', 83.93, '₹', '3.15', '5', 'Confirmed', 'Ride', '{\"estimate_strike_fare\":\"88.35\",\"coupon_id\":\"6\",\"payment_type\":\"Cod\",\"payment_id\":null,\"country_id\":101}', '', '', '', NULL, '', 0, '2025-09-20 03:29:19', '2025-09-20 03:32:57'),
(8, 37, 15, 'Near, Plot No. B1/823/1A, Aman Nagar, Tanda Road, KMV Marg, Jalandhar, Punjab 144003', 'PAP Complex, Jalandhar, Punjab 144005', '31.35460551155202', '75.55575952565982', '31.31041180215198', '75.6118497796299', 48.00, '₹', '3.15', '5', 'Confirmed', 'Parcel', '{\"estimate_strike_fare\":\"50\",\"coupon_id\":\"6\",\"payment_type\":\"Cod\",\"payment_id\":null,\"country_id\":101}', 'Pankaj', 'Aman', '+919872098720', 4, '', 0, '2025-09-21 23:25:18', '2025-09-21 23:27:23'),
(9, 37, 0, 'New sabzi mandi, Maqsudan', '32A, Aman Nagar Punjab, Anandpur Sahib, 144001', '31.35727', '75.5546', '31.3498686', '75.5055866', 40.00, '₹', '4.73', '7', 'Searching', 'Delivery', '{\"estimate_strike_fare\":\"40.00\",\"coupon_id\":1,\"payment_type\":\"Online\",\"payment_id\":\"\",\"country_id\":94}', '', '', '', NULL, '', 3, '2025-10-10 00:12:26', '2025-10-10 00:12:26');

-- --------------------------------------------------------

--
-- Table structure for table `roles`
--

CREATE TABLE `roles` (
  `id` bigint(20) UNSIGNED NOT NULL,
  `name` varchar(255) NOT NULL,
  `guard_name` varchar(255) NOT NULL,
  `color` varchar(10) DEFAULT NULL,
  `created_at` timestamp NULL DEFAULT NULL,
  `updated_at` timestamp NULL DEFAULT NULL
) ENGINE=InnoDB DEFAULT CHARSET=utf8mb4 COLLATE=utf8mb4_unicode_ci;

--
-- Dumping data for table `roles`
--

INSERT INTO `roles` (`id`, `name`, `guard_name`, `color`, `created_at`, `updated_at`) VALUES
(2, 'Admin', 'web', '#FFA07A', '2025-07-21 23:48:34', '2025-07-21 23:48:34'),
(3, 'Manager', 'web', '#F0F8FF', '2025-07-23 03:41:06', '2025-07-23 03:41:06');

-- --------------------------------------------------------

--
-- Table structure for table `role_has_permissions`
--

CREATE TABLE `role_has_permissions` (
  `permission_id` bigint(20) UNSIGNED NOT NULL,
  `role_id` bigint(20) UNSIGNED NOT NULL
) ENGINE=InnoDB DEFAULT CHARSET=utf8mb4 COLLATE=utf8mb4_unicode_ci;

--
-- Dumping data for table `role_has_permissions`
--

INSERT INTO `role_has_permissions` (`permission_id`, `role_id`) VALUES
(1, 2),
(1, 3),
(2, 2),
(2, 3),
(3, 2),
(3, 3),
(4, 2),
(4, 3),
(5, 2),
(5, 3),
(6, 2),
(6, 3),
(7, 2),
(7, 3),
(8, 2),
(8, 3),
(9, 2),
(9, 3),
(10, 2),
(10, 3),
(11, 2),
(11, 3),
(12, 2),
(12, 3),
(13, 2),
(13, 3),
(14, 2),
(14, 3),
(15, 2),
(15, 3),
(16, 2),
(16, 3),
(17, 2),
(17, 3),
(18, 2),
(18, 3),
(19, 2),
(19, 3),
(20, 2),
(20, 3),
(21, 2),
(21, 3),
(22, 2),
(22, 3),
(23, 2),
(23, 3),
(24, 2),
(24, 3),
(25, 2),
(25, 3),
(26, 2),
(26, 3),
(27, 2),
(27, 3),
(28, 2),
(28, 3),
(29, 2),
(29, 3),
(30, 2),
(30, 3),
(31, 2),
(31, 3),
(32, 2),
(32, 3),
(33, 2),
(33, 3),
(34, 2),
(34, 3),
(35, 2),
(35, 3),
(36, 2),
(36, 3),
(37, 2),
(38, 2),
(39, 2),
(40, 2),
(41, 2),
(42, 2),
(43, 2),
(44, 2),
(45, 2),
(46, 2),
(47, 2),
(48, 2),
(49, 2),
(50, 2),
(51, 2),
(52, 2),
(53, 2),
(54, 2),
(55, 2),
(56, 2),
(57, 2),
(58, 2),
(59, 2),
(60, 2),
(61, 2),
(62, 2),
(63, 2),
(64, 2),
(65, 2),
(66, 2),
(67, 2),
(68, 2),
(69, 2),
(70, 2),
(71, 2),
(72, 2),
(73, 2),
(74, 2),
(75, 2),
(76, 2),
(77, 2),
(78, 2),
(79, 2),
(80, 2),
(81, 2),
(82, 2),
(83, 2),
(84, 2),
(85, 2),
(86, 2),
(87, 2),
(88, 2),
(89, 2),
(90, 2),
(91, 2),
(92, 2),
(93, 2),
(94, 2),
(95, 2),
(96, 2),
(97, 2),
(98, 2),
(99, 2),
(100, 2);

-- --------------------------------------------------------

--
-- Table structure for table `sessions`
--

CREATE TABLE `sessions` (
  `id` varchar(255) NOT NULL,
  `user_id` bigint(20) UNSIGNED DEFAULT NULL,
  `ip_address` varchar(45) DEFAULT NULL,
  `user_agent` text DEFAULT NULL,
  `payload` longtext NOT NULL,
  `last_activity` int(11) NOT NULL
) ENGINE=InnoDB DEFAULT CHARSET=utf8mb4 COLLATE=utf8mb4_unicode_ci;

--
-- Dumping data for table `sessions`
--

INSERT INTO `sessions` (`id`, `user_id`, `ip_address`, `user_agent`, `payload`, `last_activity`) VALUES
('854nKKXN1iPafQekScih1zK9lFVbLhD5Mp6SiyzQ', NULL, '::1', 'Mozilla/5.0 (Windows NT 10.0; Win64; x64) AppleWebKit/537.36 (KHTML, like Gecko) Chrome/141.0.0.0 Safari/537.36', 'YToyOntzOjY6Il90b2tlbiI7czo0MDoiaGRMc0ZpSmZEWWV1RDNEb2pnU1dLdURCdHgwRVlZbVMyOEtZbmMzTyI7czo2OiJfZmxhc2giO2E6Mjp7czozOiJuZXciO2E6MDp7fXM6Mzoib2xkIjthOjA6e319fQ==', 1759751311),
('NK5uBkQW4FtTKXhjD7SECrcko9OgbI1gwexUc8RB', 1, '::1', 'Mozilla/5.0 (Windows NT 10.0; Win64; x64) AppleWebKit/537.36 (KHTML, like Gecko) Chrome/141.0.0.0 Safari/537.36', 'YToyOntzOjY6Il90b2tlbiI7czo0MDoieXpOOTdNOVhXaW5ZNG1xbHZsdnFPbE9ublVBeU0zN0hlSW5YWEh0aiI7czo2OiJfZmxhc2giO2E6Mjp7czozOiJvbGQiO2E6MDp7fXM6MzoibmV3IjthOjA6e319fQ==', 1759828115),
('qkNBeyUlkglLNHUc4gdSFnp5Mwv9DIP4EENzP9O2', 1, '::1', 'Mozilla/5.0 (Windows NT 10.0; Win64; x64) AppleWebKit/537.36 (KHTML, like Gecko) Chrome/141.0.0.0 Safari/537.36', 'YToyOntzOjY6Il90b2tlbiI7czo0MDoid2tVbXoyNmlXUHNEOXZmNVExSFAyZ25VSGFjNXNONVBheFgxYVRhRSI7czo2OiJfZmxhc2giO2E6Mjp7czozOiJvbGQiO2E6MDp7fXM6MzoibmV3IjthOjA6e319fQ==', 1759823164);

-- --------------------------------------------------------

--
-- Table structure for table `settings`
--

CREATE TABLE `settings` (
  `id` int(11) NOT NULL,
  `meta_key` varchar(500) NOT NULL,
  `meta_value` longtext CHARACTER SET utf8 COLLATE utf8_general_ci DEFAULT NULL,
  `meta_type` enum('site_setting','pages','shipping','currency','social_links','app_links','referral') NOT NULL DEFAULT 'pages',
  `created_at` datetime NOT NULL,
  `updated_at` timestamp NOT NULL DEFAULT current_timestamp() ON UPDATE current_timestamp()
) ENGINE=InnoDB DEFAULT CHARSET=latin1 COLLATE=latin1_swedish_ci;

--
-- Dumping data for table `settings`
--

INSERT INTO `settings` (`id`, `meta_key`, `meta_value`, `meta_type`, `created_at`, `updated_at`) VALUES
(1, 'currency', 'GHS', 'currency', '2020-02-13 00:00:00', '2025-10-04 04:06:22'),
(2, 'about_us', '<p><strong>About Us</strong></p>', 'pages', '2021-11-20 07:11:14', '2025-07-22 06:31:31'),
(3, 'privacy_policy', '', 'pages', '2021-11-20 07:11:14', '2025-07-16 08:31:30'),
(4, 'terms', NULL, 'pages', '2021-11-20 07:11:51', '2025-07-23 03:18:03'),
(5, 'currency_symbol', '₵', 'currency', '2020-02-13 00:00:00', '2025-10-09 09:26:03'),
(6, 'contact_number', '+919872098720', 'site_setting', '2020-02-13 00:00:00', '2025-07-22 06:19:27'),
(7, 'email', NULL, 'site_setting', '2020-02-13 00:00:00', '2025-07-22 06:20:01'),
(8, 'address', NULL, 'site_setting', '2020-02-13 00:00:00', '2025-07-22 06:20:01'),
(9, 'bank_details', NULL, 'site_setting', '2020-02-13 00:00:00', '2025-07-22 06:20:01'),
(10, 'website', NULL, 'site_setting', '2020-02-13 00:00:00', '2025-07-22 06:20:01'),
(12, 'twitter', NULL, 'social_links', '2020-02-13 00:00:00', '2025-07-23 03:34:48'),
(13, 'facebook', NULL, 'social_links', '2020-02-13 00:00:00', '2025-07-23 03:34:48'),
(14, 'linkdin', NULL, 'social_links', '2020-02-13 00:00:00', '2025-07-23 03:34:48'),
(15, 'instagram', NULL, 'social_links', '2020-02-13 00:00:00', '2025-07-23 03:34:48'),
(16, 'help', '<p><strong>Help</strong></p>', 'pages', '2021-11-20 07:11:14', '2025-07-22 06:31:31'),
(17, 'driver_android_app_link', 'https://play.google.com/', 'app_links', '2020-02-13 00:00:00', '2025-08-16 03:01:25'),
(18, 'driver_ios_app_link', 'https://apps.apple.com', 'app_links', '2020-02-13 00:00:00', '2025-08-16 03:03:42'),
(19, 'customer_android_app_link', 'https://play.google.com/', 'app_links', '2020-02-13 00:00:00', '2025-08-16 03:01:25'),
(20, 'customer_ios_app_link', 'https://apps.apple.com', 'social_links', '2020-02-13 00:00:00', '2025-08-16 03:03:42'),
(21, 'driver_min_order', '2', 'referral', '2020-02-13 00:00:00', '2025-08-16 03:11:18'),
(22, 'driver_refer_amount', '100', 'referral', '2020-02-13 00:00:00', '2025-08-16 03:11:18'),
(23, 'customer_min_order', '2', 'referral', '2020-02-13 00:00:00', '2025-08-16 03:11:18'),
(24, 'customer_refer_amount', '80', 'referral', '2020-02-13 00:00:00', '2025-08-16 03:11:18'),
(25, 'driver_commission', '10', 'site_setting', '2020-02-13 00:00:00', '2025-08-16 03:11:18'),
(26, 'driver_request_simultaneously', '2', 'site_setting', '2020-02-13 00:00:00', '2025-08-16 03:11:18'),
(27, 'driver_response_timeout_seconds', '20', 'site_setting', '2020-02-13 00:00:00', '2025-09-01 10:32:28'),
(28, 'request_time_minutes', '5', 'site_setting', '2020-02-13 00:00:00', '2025-09-01 10:32:06'),
(29, 'tax', '10', 'site_setting', '2020-02-13 00:00:00', '2025-09-01 10:32:06'),
(30, 'admin-chat', 'start-chat/1', 'site_setting', '2020-02-13 00:00:00', '2025-09-09 10:09:03'),
(31, 'request_time_delivery_minutes', '30', 'site_setting', '2020-02-13 00:00:00', '2025-09-12 04:03:22'),
(32, 'driver_min_balance', '50', 'site_setting', '2020-02-13 00:00:00', '2025-09-12 04:03:22'),
(33, 'driver_waiting_time_start_after', '5', 'site_setting', '2020-02-13 00:00:00', '2025-09-12 04:03:22');

-- --------------------------------------------------------

--
-- Table structure for table `sos_alerts`
--

CREATE TABLE `sos_alerts` (
  `id` int(11) NOT NULL,
  `user_id` int(11) NOT NULL,
  `lat` varchar(90) DEFAULT NULL,
  `lng` varchar(90) DEFAULT NULL,
  `address` text DEFAULT NULL,
  `message` text DEFAULT NULL,
  `created_at` timestamp NOT NULL DEFAULT current_timestamp(),
  `updated_at` timestamp NOT NULL DEFAULT current_timestamp() ON UPDATE current_timestamp()
) ENGINE=InnoDB DEFAULT CHARSET=utf8mb4 COLLATE=utf8mb4_general_ci;

-- --------------------------------------------------------

--
-- Table structure for table `sos_contacts`
--

CREATE TABLE `sos_contacts` (
  `id` bigint(20) UNSIGNED NOT NULL,
  `user_id` bigint(20) UNSIGNED NOT NULL,
  `name` varchar(191) NOT NULL,
  `phone` varchar(20) NOT NULL,
  `created_at` timestamp NULL DEFAULT current_timestamp(),
  `updated_at` timestamp NULL DEFAULT current_timestamp() ON UPDATE current_timestamp()
) ENGINE=InnoDB DEFAULT CHARSET=utf8mb4 COLLATE=utf8mb4_general_ci;

--
-- Dumping data for table `sos_contacts`
--

INSERT INTO `sos_contacts` (`id`, `user_id`, `name`, `phone`, `created_at`, `updated_at`) VALUES
(2, 37, 'ABDALLAH IDRISSE', '639294915', '2025-09-18 04:14:05', '2025-09-18 04:14:05'),
(3, 37, 'ABDALLAH OMAR NADJIWIDINE', '639287042', '2025-09-18 04:14:05', '2025-09-18 04:14:05'),
(4, 37, 'ABDOU MOUSSA Rachid', '639075936', '2025-09-18 04:14:05', '2025-09-18 04:14:05');

-- --------------------------------------------------------

--
-- Table structure for table `states`
--

CREATE TABLE `states` (
  `id` int(11) NOT NULL,
  `name` varchar(30) NOT NULL,
  `country_id` int(11) NOT NULL DEFAULT 1
) ENGINE=InnoDB DEFAULT CHARSET=latin1 COLLATE=latin1_swedish_ci;

--
-- Dumping data for table `states`
--

INSERT INTO `states` (`id`, `name`, `country_id`) VALUES
(1, 'Andaman and Nicobar Islands', 101),
(2, 'Andhra Pradesh', 101),
(3, 'Arunachal Pradesh', 101),
(4, 'Assam', 101),
(5, 'Bihar', 101),
(6, 'Chandigarh', 101),
(7, 'Chhattisgarh', 101),
(8, 'Dadra and Nagar Haveli', 101),
(9, 'Daman and Diu', 101),
(10, 'Delhi', 101),
(11, 'Goa', 101),
(12, 'Gujarat', 101),
(13, 'Haryana', 101),
(14, 'Himachal Pradesh', 101),
(15, 'Jammu and Kashmir', 101),
(16, 'Jharkhand', 101),
(17, 'Karnataka', 101),
(18, 'Kenmore', 101),
(19, 'Kerala', 101),
(20, 'Lakshadweep', 101),
(21, 'Madhya Pradesh', 101),
(22, 'Maharashtra', 101),
(23, 'Manipur', 101),
(24, 'Meghalaya', 101),
(25, 'Mizoram', 101),
(26, 'Nagaland', 101),
(27, 'Narora', 101),
(28, 'Natwar', 101),
(29, 'Odisha', 101),
(30, 'Paschim Medinipur', 101),
(31, 'Pondicherry', 101),
(32, 'Punjab', 101),
(33, 'Rajasthan', 101),
(34, 'Sikkim', 101),
(35, 'Tamil Nadu', 101),
(36, 'Telangana', 101),
(37, 'Tripura', 101),
(38, 'Uttar Pradesh', 101),
(39, 'Uttarakhand', 101),
(40, 'Vaishali', 101),
(41, 'West Bengal', 101),
(42, 'Badakhshan', 1),
(43, 'Badgis', 1),
(44, 'Baglan', 1),
(45, 'Balkh', 1),
(46, 'Bamiyan', 1),
(47, 'Farah', 1),
(48, 'Faryab', 1),
(49, 'Gawr', 1),
(50, 'Gazni', 1),
(51, 'Herat', 1),
(52, 'Hilmand', 1),
(53, 'Jawzjan', 1),
(54, 'Kabul', 1),
(55, 'Kapisa', 1),
(56, 'Khawst', 1),
(57, 'Kunar', 1),
(58, 'Lagman', 1),
(59, 'Lawghar', 1),
(60, 'Nangarhar', 1),
(61, 'Nimruz', 1),
(62, 'Nuristan', 1),
(63, 'Paktika', 1),
(64, 'Paktiya', 1),
(65, 'Parwan', 1),
(66, 'Qandahar', 1),
(67, 'Qunduz', 1),
(68, 'Samangan', 1),
(69, 'Sar-e Pul', 1),
(70, 'Takhar', 1),
(71, 'Uruzgan', 1),
(72, 'Wardag', 1),
(73, 'Zabul', 1),
(74, 'Berat', 2),
(75, 'Bulqize', 2),
(76, 'Delvine', 2),
(77, 'Devoll', 2),
(78, 'Dibre', 2),
(79, 'Durres', 2),
(80, 'Elbasan', 2),
(81, 'Fier', 2),
(82, 'Gjirokaster', 2),
(83, 'Gramsh', 2),
(84, 'Has', 2),
(85, 'Kavaje', 2),
(86, 'Kolonje', 2),
(87, 'Korce', 2),
(88, 'Kruje', 2),
(89, 'Kucove', 2),
(90, 'Kukes', 2),
(91, 'Kurbin', 2),
(92, 'Lezhe', 2),
(93, 'Librazhd', 2),
(94, 'Lushnje', 2),
(95, 'Mallakaster', 2),
(96, 'Malsi e Madhe', 2),
(97, 'Mat', 2),
(98, 'Mirdite', 2),
(99, 'Peqin', 2),
(100, 'Permet', 2),
(101, 'Pogradec', 2),
(102, 'Puke', 2),
(103, 'Sarande', 2),
(104, 'Shkoder', 2),
(105, 'Skrapar', 2),
(106, 'Tepelene', 2),
(107, 'Tirane', 2),
(108, 'Tropoje', 2),
(109, 'Vlore', 2),
(110, 'Ayn Daflah', 3),
(111, 'Ayn Tamushanat', 3),
(112, 'Adrar', 3),
(113, 'Algiers', 3),
(114, 'Annabah', 3),
(115, 'Bashshar', 3),
(116, 'Batnah', 3),
(117, 'Bijayah', 3),
(118, 'Biskrah', 3),
(119, 'Blidah', 3),
(120, 'Buirah', 3),
(121, 'Bumardas', 3),
(122, 'Burj Bu Arririj', 3),
(123, 'Ghalizan', 3),
(124, 'Ghardayah', 3),
(125, 'Ilizi', 3),
(126, 'Jijili', 3),
(127, 'Jilfah', 3),
(128, 'Khanshalah', 3),
(129, 'Masilah', 3),
(130, 'Midyah', 3),
(131, 'Milah', 3),
(132, 'Muaskar', 3),
(133, 'Mustaghanam', 3),
(134, 'Naama', 3),
(135, 'Oran', 3),
(136, 'Ouargla', 3),
(137, 'Qalmah', 3),
(138, 'Qustantinah', 3),
(139, 'Sakikdah', 3),
(140, 'Satif', 3),
(141, 'Sayda', 3),
(142, 'Sidi ban-al-Abbas', 3),
(143, 'Suq Ahras', 3),
(144, 'Tamanghasat', 3),
(145, 'Tibazah', 3),
(146, 'Tibissah', 3),
(147, 'Tilimsan', 3),
(148, 'Tinduf', 3),
(149, 'Tisamsilt', 3),
(150, 'Tiyarat', 3),
(151, 'Tizi Wazu', 3),
(152, 'Umm-al-Bawaghi', 3),
(153, 'Wahran', 3),
(154, 'Warqla', 3),
(155, 'Wilaya d Alger', 3),
(156, 'Wilaya de Bejaia', 3),
(157, 'Wilaya de Constantine', 3),
(158, 'al-Aghwat', 3),
(159, 'al-Bayadh', 3),
(160, 'al-Jazair', 3),
(161, 'al-Wad', 3),
(162, 'ash-Shalif', 3),
(163, 'at-Tarif', 3),
(164, 'Eastern', 4),
(165, 'Manua', 4),
(166, 'Swains Island', 4),
(167, 'Western', 4),
(168, 'Andorra la Vella', 5),
(169, 'Canillo', 5),
(170, 'Encamp', 5),
(171, 'La Massana', 5),
(172, 'Les Escaldes', 5),
(173, 'Ordino', 5),
(174, 'Sant Julia de Loria', 5),
(175, 'Bengo', 6),
(176, 'Benguela', 6),
(177, 'Bie', 6),
(178, 'Cabinda', 6),
(179, 'Cunene', 6),
(180, 'Huambo', 6),
(181, 'Huila', 6),
(182, 'Kuando-Kubango', 6),
(183, 'Kwanza Norte', 6),
(184, 'Kwanza Sul', 6),
(185, 'Luanda', 6),
(186, 'Lunda Norte', 6),
(187, 'Lunda Sul', 6),
(188, 'Malanje', 6),
(189, 'Moxico', 6),
(190, 'Namibe', 6),
(191, 'Uige', 6),
(192, 'Zaire', 6),
(193, 'Other Provinces', 7),
(194, 'Sector claimed by Argentina/Ch', 8),
(195, 'Sector claimed by Argentina/UK', 8),
(196, 'Sector claimed by Australia', 8),
(197, 'Sector claimed by France', 8),
(198, 'Sector claimed by New Zealand', 8),
(199, 'Sector claimed by Norway', 8),
(200, 'Unclaimed Sector', 8),
(201, 'Barbuda', 9),
(202, 'Saint George', 9),
(203, 'Saint John', 9),
(204, 'Saint Mary', 9),
(205, 'Saint Paul', 9),
(206, 'Saint Peter', 9),
(207, 'Saint Philip', 9),
(208, 'Buenos Aires', 10),
(209, 'Catamarca', 10),
(210, 'Chaco', 10),
(211, 'Chubut', 10),
(212, 'Cordoba', 10),
(213, 'Corrientes', 10),
(214, 'Distrito Federal', 10),
(215, 'Entre Rios', 10),
(216, 'Formosa', 10),
(217, 'Jujuy', 10),
(218, 'La Pampa', 10),
(219, 'La Rioja', 10),
(220, 'Mendoza', 10),
(221, 'Misiones', 10),
(222, 'Neuquen', 10),
(223, 'Rio Negro', 10),
(224, 'Salta', 10),
(225, 'San Juan', 10),
(226, 'San Luis', 10),
(227, 'Santa Cruz', 10),
(228, 'Santa Fe', 10),
(229, 'Santiago del Estero', 10),
(230, 'Tierra del Fuego', 10),
(231, 'Tucuman', 10),
(232, 'Aragatsotn', 11),
(233, 'Ararat', 11),
(234, 'Armavir', 11),
(235, 'Gegharkunik', 11),
(236, 'Kotaik', 11),
(237, 'Lori', 11),
(238, 'Shirak', 11),
(239, 'Stepanakert', 11),
(240, 'Syunik', 11),
(241, 'Tavush', 11),
(242, 'Vayots Dzor', 11),
(243, 'Yerevan', 11),
(244, 'Aruba', 12),
(245, 'Auckland', 13),
(246, 'Australian Capital Territory', 13),
(247, 'Balgowlah', 13),
(248, 'Balmain', 13),
(249, 'Bankstown', 13),
(250, 'Baulkham Hills', 13),
(251, 'Bonnet Bay', 13),
(252, 'Camberwell', 13),
(253, 'Carole Park', 13),
(254, 'Castle Hill', 13),
(255, 'Caulfield', 13),
(256, 'Chatswood', 13),
(257, 'Cheltenham', 13),
(258, 'Cherrybrook', 13),
(259, 'Clayton', 13),
(260, 'Collingwood', 13),
(261, 'Frenchs Forest', 13),
(262, 'Hawthorn', 13),
(263, 'Jannnali', 13),
(264, 'Knoxfield', 13),
(265, 'Melbourne', 13),
(266, 'New South Wales', 13),
(267, 'Northern Territory', 13),
(268, 'Perth', 13),
(269, 'Queensland', 13),
(270, 'South Australia', 13),
(271, 'Tasmania', 13),
(272, 'Templestowe', 13),
(273, 'Victoria', 13),
(274, 'Werribee south', 13),
(275, 'Western Australia', 13),
(276, 'Wheeler', 13),
(277, 'Bundesland Salzburg', 14),
(278, 'Bundesland Steiermark', 14),
(279, 'Bundesland Tirol', 14),
(280, 'Burgenland', 14),
(281, 'Carinthia', 14),
(282, 'Karnten', 14),
(283, 'Liezen', 14),
(284, 'Lower Austria', 14),
(285, 'Niederosterreich', 14),
(286, 'Oberosterreich', 14),
(287, 'Salzburg', 14),
(288, 'Schleswig-Holstein', 14),
(289, 'Steiermark', 14),
(290, 'Styria', 14),
(291, 'Tirol', 14),
(292, 'Upper Austria', 14),
(293, 'Vorarlberg', 14),
(294, 'Wien', 14),
(295, 'Abseron', 15),
(296, 'Baki Sahari', 15),
(297, 'Ganca', 15),
(298, 'Ganja', 15),
(299, 'Kalbacar', 15),
(300, 'Lankaran', 15),
(301, 'Mil-Qarabax', 15),
(302, 'Mugan-Salyan', 15),
(303, 'Nagorni-Qarabax', 15),
(304, 'Naxcivan', 15),
(305, 'Priaraks', 15),
(306, 'Qazax', 15),
(307, 'Saki', 15),
(308, 'Sirvan', 15),
(309, 'Xacmaz', 15),
(310, 'Abaco', 16),
(311, 'Acklins Island', 16),
(312, 'Andros', 16),
(313, 'Berry Islands', 16),
(314, 'Biminis', 16),
(315, 'Cat Island', 16),
(316, 'Crooked Island', 16),
(317, 'Eleuthera', 16),
(318, 'Exuma and Cays', 16),
(319, 'Grand Bahama', 16),
(320, 'Inagua Islands', 16),
(321, 'Long Island', 16),
(322, 'Mayaguana', 16),
(323, 'New Providence', 16),
(324, 'Ragged Island', 16),
(325, 'Rum Cay', 16),
(326, 'San Salvador', 16),
(327, 'Isa', 17),
(328, 'Badiyah', 17),
(329, 'Hidd', 17),
(330, 'Jidd Hafs', 17),
(331, 'Mahama', 17),
(332, 'Manama', 17),
(333, 'Sitrah', 17),
(334, 'al-Manamah', 17),
(335, 'al-Muharraq', 17),
(336, 'ar-Rifaa', 17),
(337, 'Bagar Hat', 18),
(338, 'Bandarban', 18),
(339, 'Barguna', 18),
(340, 'Barisal', 18),
(341, 'Bhola', 18),
(342, 'Bogora', 18),
(343, 'Brahman Bariya', 18),
(344, 'Chandpur', 18),
(345, 'Chattagam', 18),
(346, 'Chittagong Division', 18),
(347, 'Chuadanga', 18),
(348, 'Dhaka', 18),
(349, 'Dinajpur', 18),
(350, 'Faridpur', 18),
(351, 'Feni', 18),
(352, 'Gaybanda', 18),
(353, 'Gazipur', 18),
(354, 'Gopalganj', 18),
(355, 'Habiganj', 18),
(356, 'Jaipur Hat', 18),
(357, 'Jamalpur', 18),
(358, 'Jessor', 18),
(359, 'Jhalakati', 18),
(360, 'Jhanaydah', 18),
(361, 'Khagrachhari', 18),
(362, 'Khulna', 18),
(363, 'Kishorganj', 18),
(364, 'Koks Bazar', 18),
(365, 'Komilla', 18),
(366, 'Kurigram', 18),
(367, 'Kushtiya', 18),
(368, 'Lakshmipur', 18),
(369, 'Lalmanir Hat', 18),
(370, 'Madaripur', 18),
(371, 'Magura', 18),
(372, 'Maimansingh', 18),
(373, 'Manikganj', 18),
(374, 'Maulvi Bazar', 18),
(375, 'Meherpur', 18),
(376, 'Munshiganj', 18),
(377, 'Naral', 18),
(378, 'Narayanganj', 18),
(379, 'Narsingdi', 18),
(380, 'Nator', 18),
(381, 'Naugaon', 18),
(382, 'Nawabganj', 18),
(383, 'Netrakona', 18),
(384, 'Nilphamari', 18),
(385, 'Noakhali', 18),
(386, 'Pabna', 18),
(387, 'Panchagarh', 18),
(388, 'Patuakhali', 18),
(389, 'Pirojpur', 18),
(390, 'Rajbari', 18),
(391, 'Rajshahi', 18),
(392, 'Rangamati', 18),
(393, 'Rangpur', 18),
(394, 'Satkhira', 18),
(395, 'Shariatpur', 18),
(396, 'Sherpur', 18),
(397, 'Silhat', 18),
(398, 'Sirajganj', 18),
(399, 'Sunamganj', 18),
(400, 'Tangayal', 18),
(401, 'Thakurgaon', 18),
(402, 'Christ Church', 19),
(403, 'Saint Andrew', 19),
(404, 'Saint George', 19),
(405, 'Saint James', 19),
(406, 'Saint John', 19),
(407, 'Saint Joseph', 19),
(408, 'Saint Lucy', 19),
(409, 'Saint Michael', 19),
(410, 'Saint Peter', 19),
(411, 'Saint Philip', 19),
(412, 'Saint Thomas', 19),
(413, 'Brest', 20),
(414, 'Homjel', 20),
(415, 'Hrodna', 20),
(416, 'Mahiljow', 20),
(417, 'Mahilyowskaya Voblasts', 20),
(418, 'Minsk', 20),
(419, 'Minskaja Voblasts', 20),
(420, 'Petrik', 20),
(421, 'Vicebsk', 20),
(422, 'Antwerpen', 21),
(423, 'Berchem', 21),
(424, 'Brabant', 21),
(425, 'Brabant Wallon', 21),
(426, 'Brussel', 21),
(427, 'East Flanders', 21),
(428, 'Hainaut', 21),
(429, 'Liege', 21),
(430, 'Limburg', 21),
(431, 'Luxembourg', 21),
(432, 'Namur', 21),
(433, 'Ontario', 21),
(434, 'Oost-Vlaanderen', 21),
(435, 'Provincie Brabant', 21),
(436, 'Vlaams-Brabant', 21),
(437, 'Wallonne', 21),
(438, 'West-Vlaanderen', 21),
(439, 'Belize', 22),
(440, 'Cayo', 22),
(441, 'Corozal', 22),
(442, 'Orange Walk', 22),
(443, 'Stann Creek', 22),
(444, 'Toledo', 22),
(445, 'Alibori', 23),
(446, 'Atacora', 23),
(447, 'Atlantique', 23),
(448, 'Borgou', 23),
(449, 'Collines', 23),
(450, 'Couffo', 23),
(451, 'Donga', 23),
(452, 'Littoral', 23),
(453, 'Mono', 23),
(454, 'Oueme', 23),
(455, 'Plateau', 23),
(456, 'Zou', 23),
(457, 'Hamilton', 24),
(458, 'Saint George', 24),
(459, 'Bumthang', 25),
(460, 'Chhukha', 25),
(461, 'Chirang', 25),
(462, 'Daga', 25),
(463, 'Geylegphug', 25),
(464, 'Ha', 25),
(465, 'Lhuntshi', 25),
(466, 'Mongar', 25),
(467, 'Pemagatsel', 25),
(468, 'Punakha', 25),
(469, 'Rinpung', 25),
(470, 'Samchi', 25),
(471, 'Samdrup Jongkhar', 25),
(472, 'Shemgang', 25),
(473, 'Tashigang', 25),
(474, 'Timphu', 25),
(475, 'Tongsa', 25),
(476, 'Wangdiphodrang', 25),
(477, 'Beni', 26),
(478, 'Chuquisaca', 26),
(479, 'Cochabamba', 26),
(480, 'La Paz', 26),
(481, 'Oruro', 26),
(482, 'Pando', 26),
(483, 'Potosi', 26),
(484, 'Santa Cruz', 26),
(485, 'Tarija', 26),
(486, 'Federacija Bosna i Hercegovina', 27),
(487, 'Republika Srpska', 27),
(488, 'Central Bobonong', 28),
(489, 'Central Boteti', 28),
(490, 'Central Mahalapye', 28),
(491, 'Central Serowe-Palapye', 28),
(492, 'Central Tutume', 28),
(493, 'Chobe', 28),
(494, 'Francistown', 28),
(495, 'Gaborone', 28),
(496, 'Ghanzi', 28),
(497, 'Jwaneng', 28),
(498, 'Kgalagadi North', 28),
(499, 'Kgalagadi South', 28),
(500, 'Kgatleng', 28),
(501, 'Kweneng', 28),
(502, 'Lobatse', 28),
(503, 'Ngamiland', 28),
(504, 'Ngwaketse', 28),
(505, 'North East', 28),
(506, 'Okavango', 28),
(507, 'Orapa', 28),
(508, 'Selibe Phikwe', 28),
(509, 'South East', 28),
(510, 'Sowa', 28),
(511, 'Bouvet Island', 29),
(512, 'Acre', 30),
(513, 'Alagoas', 30),
(514, 'Amapa', 30),
(515, 'Amazonas', 30),
(516, 'Bahia', 30),
(517, 'Ceara', 30),
(518, 'Distrito Federal', 30),
(519, 'Espirito Santo', 30),
(520, 'Estado de Sao Paulo', 30),
(521, 'Goias', 30),
(522, 'Maranhao', 30),
(523, 'Mato Grosso', 30),
(524, 'Mato Grosso do Sul', 30),
(525, 'Minas Gerais', 30),
(526, 'Para', 30),
(527, 'Paraiba', 30),
(528, 'Parana', 30),
(529, 'Pernambuco', 30),
(530, 'Piaui', 30),
(531, 'Rio Grande do Norte', 30),
(532, 'Rio Grande do Sul', 30),
(533, 'Rio de Janeiro', 30),
(534, 'Rondonia', 30),
(535, 'Roraima', 30),
(536, 'Santa Catarina', 30),
(537, 'Sao Paulo', 30),
(538, 'Sergipe', 30),
(539, 'Tocantins', 30),
(540, 'British Indian Ocean Territory', 31),
(541, 'Belait', 32),
(542, 'Brunei-Muara', 32),
(543, 'Temburong', 32),
(544, 'Tutong', 32),
(545, 'Blagoevgrad', 33),
(546, 'Burgas', 33),
(547, 'Dobrich', 33),
(548, 'Gabrovo', 33),
(549, 'Haskovo', 33),
(550, 'Jambol', 33),
(551, 'Kardzhali', 33),
(552, 'Kjustendil', 33),
(553, 'Lovech', 33),
(554, 'Montana', 33),
(555, 'Oblast Sofiya-Grad', 33),
(556, 'Pazardzhik', 33),
(557, 'Pernik', 33),
(558, 'Pleven', 33),
(559, 'Plovdiv', 33),
(560, 'Razgrad', 33),
(561, 'Ruse', 33),
(562, 'Shumen', 33),
(563, 'Silistra', 33),
(564, 'Sliven', 33),
(565, 'Smoljan', 33),
(566, 'Sofija grad', 33),
(567, 'Sofijska oblast', 33),
(568, 'Stara Zagora', 33),
(569, 'Targovishte', 33),
(570, 'Varna', 33),
(571, 'Veliko Tarnovo', 33),
(572, 'Vidin', 33),
(573, 'Vraca', 33),
(574, 'Yablaniza', 33),
(575, 'Bale', 34),
(576, 'Bam', 34),
(577, 'Bazega', 34),
(578, 'Bougouriba', 34),
(579, 'Boulgou', 34),
(580, 'Boulkiemde', 34),
(581, 'Comoe', 34),
(582, 'Ganzourgou', 34),
(583, 'Gnagna', 34),
(584, 'Gourma', 34),
(585, 'Houet', 34),
(586, 'Ioba', 34),
(587, 'Kadiogo', 34),
(588, 'Kenedougou', 34),
(589, 'Komandjari', 34),
(590, 'Kompienga', 34),
(591, 'Kossi', 34),
(592, 'Kouritenga', 34),
(593, 'Kourweogo', 34),
(594, 'Leraba', 34),
(595, 'Mouhoun', 34),
(596, 'Nahouri', 34),
(597, 'Namentenga', 34),
(598, 'Noumbiel', 34),
(599, 'Oubritenga', 34),
(600, 'Oudalan', 34),
(601, 'Passore', 34),
(602, 'Poni', 34),
(603, 'Sanguie', 34),
(604, 'Sanmatenga', 34),
(605, 'Seno', 34),
(606, 'Sissili', 34),
(607, 'Soum', 34),
(608, 'Sourou', 34),
(609, 'Tapoa', 34),
(610, 'Tuy', 34),
(611, 'Yatenga', 34),
(612, 'Zondoma', 34),
(613, 'Zoundweogo', 34),
(614, 'Bubanza', 35),
(615, 'Bujumbura', 35),
(616, 'Bururi', 35),
(617, 'Cankuzo', 35),
(618, 'Cibitoke', 35),
(619, 'Gitega', 35),
(620, 'Karuzi', 35),
(621, 'Kayanza', 35),
(622, 'Kirundo', 35),
(623, 'Makamba', 35),
(624, 'Muramvya', 35),
(625, 'Muyinga', 35),
(626, 'Ngozi', 35),
(627, 'Rutana', 35),
(628, 'Ruyigi', 35),
(629, 'Banteay Mean Chey', 36),
(630, 'Bat Dambang', 36),
(631, 'Kampong Cham', 36),
(632, 'Kampong Chhnang', 36),
(633, 'Kampong Spoeu', 36),
(634, 'Kampong Thum', 36),
(635, 'Kampot', 36),
(636, 'Kandal', 36),
(637, 'Kaoh Kong', 36),
(638, 'Kracheh', 36),
(639, 'Krong Kaeb', 36),
(640, 'Krong Pailin', 36),
(641, 'Krong Preah Sihanouk', 36),
(642, 'Mondol Kiri', 36),
(643, 'Otdar Mean Chey', 36),
(644, 'Phnum Penh', 36),
(645, 'Pousat', 36),
(646, 'Preah Vihear', 36),
(647, 'Prey Veaeng', 36),
(648, 'Rotanak Kiri', 36),
(649, 'Siem Reab', 36),
(650, 'Stueng Traeng', 36),
(651, 'Svay Rieng', 36),
(652, 'Takaev', 36),
(653, 'Adamaoua', 37),
(654, 'Centre', 37),
(655, 'Est', 37),
(656, 'Littoral', 37),
(657, 'Nord', 37),
(658, 'Nord Extreme', 37),
(659, 'Nordouest', 37),
(660, 'Ouest', 37),
(661, 'Sud', 37),
(662, 'Sudouest', 37),
(663, 'Alberta', 38),
(664, 'British Columbia', 38),
(665, 'Manitoba', 38),
(666, 'New Brunswick', 38),
(667, 'Newfoundland and Labrador', 38),
(668, 'Northwest Territories', 38),
(669, 'Nova Scotia', 38),
(670, 'Nunavut', 38),
(671, 'Ontario', 38),
(672, 'Prince Edward Island', 38),
(673, 'Quebec', 38),
(674, 'Saskatchewan', 38),
(675, 'Yukon', 38),
(676, 'Boavista', 39),
(677, 'Brava', 39),
(678, 'Fogo', 39),
(679, 'Maio', 39),
(680, 'Sal', 39),
(681, 'Santo Antao', 39),
(682, 'Sao Nicolau', 39),
(683, 'Sao Tiago', 39),
(684, 'Sao Vicente', 39),
(685, 'Grand Cayman', 40),
(686, 'Bamingui-Bangoran', 41),
(687, 'Bangui', 41),
(688, 'Basse-Kotto', 41),
(689, 'Haut-Mbomou', 41),
(690, 'Haute-Kotto', 41),
(691, 'Kemo', 41),
(692, 'Lobaye', 41),
(693, 'Mambere-Kadei', 41),
(694, 'Mbomou', 41),
(695, 'Nana-Gribizi', 41),
(696, 'Nana-Mambere', 41),
(697, 'Ombella Mpoko', 41),
(698, 'Ouaka', 41),
(699, 'Ouham', 41),
(700, 'Ouham-Pende', 41),
(701, 'Sangha-Mbaere', 41),
(702, 'Vakaga', 41),
(703, 'Batha', 42),
(704, 'Biltine', 42),
(705, 'Bourkou-Ennedi-Tibesti', 42),
(706, 'Chari-Baguirmi', 42),
(707, 'Guera', 42),
(708, 'Kanem', 42),
(709, 'Lac', 42),
(710, 'Logone Occidental', 42),
(711, 'Logone Oriental', 42),
(712, 'Mayo-Kebbi', 42),
(713, 'Moyen-Chari', 42),
(714, 'Ouaddai', 42),
(715, 'Salamat', 42),
(716, 'Tandjile', 42),
(717, 'Aisen', 43),
(718, 'Antofagasta', 43),
(719, 'Araucania', 43),
(720, 'Atacama', 43),
(721, 'Bio Bio', 43),
(722, 'Coquimbo', 43),
(723, 'Libertador General Bernardo O', 43),
(724, 'Los Lagos', 43),
(725, 'Magellanes', 43),
(726, 'Maule', 43),
(727, 'Metropolitana', 43),
(728, 'Metropolitana de Santiago', 43),
(729, 'Tarapaca', 43),
(730, 'Valparaiso', 43),
(731, 'Anhui', 44),
(734, 'Aomen', 44),
(735, 'Beijing', 44),
(736, 'Beijing Shi', 44),
(737, 'Chongqing', 44),
(738, 'Fujian', 44),
(740, 'Gansu', 44),
(741, 'Guangdong', 44),
(743, 'Guangxi', 44),
(744, 'Guizhou', 44),
(745, 'Hainan', 44),
(746, 'Hebei', 44),
(747, 'Heilongjiang', 44),
(748, 'Henan', 44),
(749, 'Hubei', 44),
(750, 'Hunan', 44),
(751, 'Jiangsu', 44),
(753, 'Jiangxi', 44),
(754, 'Jilin', 44),
(755, 'Liaoning', 44),
(757, 'Nei Monggol', 44),
(758, 'Ningxia Hui', 44),
(759, 'Qinghai', 44),
(760, 'Shaanxi', 44),
(761, 'Shandong', 44),
(763, 'Shanghai', 44),
(764, 'Shanxi', 44),
(765, 'Sichuan', 44),
(766, 'Tianjin', 44),
(767, 'Xianggang', 44),
(768, 'Xinjiang', 44),
(769, 'Xizang', 44),
(770, 'Yunnan', 44),
(771, 'Zhejiang', 44),
(773, 'Christmas Island', 45),
(774, 'Cocos (Keeling) Islands', 46),
(775, 'Amazonas', 47),
(776, 'Antioquia', 47),
(777, 'Arauca', 47),
(778, 'Atlantico', 47),
(779, 'Bogota', 47),
(780, 'Bolivar', 47),
(781, 'Boyaca', 47),
(782, 'Caldas', 47),
(783, 'Caqueta', 47),
(784, 'Casanare', 47),
(785, 'Cauca', 47),
(786, 'Cesar', 47),
(787, 'Choco', 47),
(788, 'Cordoba', 47),
(789, 'Cundinamarca', 47),
(790, 'Guainia', 47),
(791, 'Guaviare', 47),
(792, 'Huila', 47),
(793, 'La Guajira', 47),
(794, 'Magdalena', 47),
(795, 'Meta', 47),
(796, 'Narino', 47),
(797, 'Norte de Santander', 47),
(798, 'Putumayo', 47),
(799, 'Quindio', 47),
(800, 'Risaralda', 47),
(801, 'San Andres y Providencia', 47),
(802, 'Santander', 47),
(803, 'Sucre', 47),
(804, 'Tolima', 47),
(805, 'Valle del Cauca', 47),
(806, 'Vaupes', 47),
(807, 'Vichada', 47),
(808, 'Mwali', 48),
(809, 'Njazidja', 48),
(810, 'Nzwani', 48),
(811, 'Bouenza', 49),
(812, 'Brazzaville', 49),
(813, 'Cuvette', 49),
(814, 'Kouilou', 49),
(815, 'Lekoumou', 49),
(816, 'Likouala', 49),
(817, 'Niari', 49),
(818, 'Plateaux', 49),
(819, 'Pool', 49),
(820, 'Sangha', 49),
(821, 'Bandundu', 50),
(822, 'Bas-Congo', 50),
(823, 'Equateur', 50),
(824, 'Haut-Congo', 50),
(825, 'Kasai-Occidental', 50),
(826, 'Kasai-Oriental', 50),
(827, 'Katanga', 50),
(828, 'Kinshasa', 50),
(829, 'Maniema', 50),
(830, 'Nord-Kivu', 50),
(831, 'Sud-Kivu', 50),
(832, 'Aitutaki', 51),
(833, 'Atiu', 51),
(834, 'Mangaia', 51),
(835, 'Manihiki', 51),
(836, 'Mauke', 51),
(837, 'Mitiaro', 51),
(838, 'Nassau', 51),
(839, 'Pukapuka', 51),
(840, 'Rakahanga', 51),
(841, 'Rarotonga', 51),
(842, 'Tongareva', 51),
(843, 'Alajuela', 52),
(844, 'Cartago', 52),
(845, 'Guanacaste', 52),
(846, 'Heredia', 52),
(847, 'Limon', 52),
(848, 'Puntarenas', 52),
(849, 'San Jose', 52),
(850, 'Abidjan', 53),
(851, 'Agneby', 53),
(852, 'Bafing', 53),
(853, 'Denguele', 53),
(854, 'Dix-huit Montagnes', 53),
(855, 'Fromager', 53),
(856, 'Haut-Sassandra', 53),
(857, 'Lacs', 53),
(858, 'Lagunes', 53),
(859, 'Marahoue', 53),
(860, 'Moyen-Cavally', 53),
(861, 'Moyen-Comoe', 53),
(862, 'Nzi-Comoe', 53),
(863, 'Sassandra', 53),
(864, 'Savanes', 53),
(865, 'Sud-Bandama', 53),
(866, 'Sud-Comoe', 53),
(867, 'Vallee du Bandama', 53),
(868, 'Worodougou', 53),
(869, 'Zanzan', 53),
(870, 'Bjelovar-Bilogora', 54),
(871, 'Dubrovnik-Neretva', 54),
(872, 'Grad Zagreb', 54),
(873, 'Istra', 54),
(874, 'Karlovac', 54),
(875, 'Koprivnica-Krizhevci', 54),
(876, 'Krapina-Zagorje', 54),
(877, 'Lika-Senj', 54),
(878, 'Medhimurje', 54),
(879, 'Medimurska Zupanija', 54),
(880, 'Osijek-Baranja', 54),
(881, 'Osjecko-Baranjska Zupanija', 54),
(882, 'Pozhega-Slavonija', 54),
(883, 'Primorje-Gorski Kotar', 54),
(884, 'Shibenik-Knin', 54),
(885, 'Sisak-Moslavina', 54),
(886, 'Slavonski Brod-Posavina', 54),
(887, 'Split-Dalmacija', 54),
(888, 'Varazhdin', 54),
(889, 'Virovitica-Podravina', 54),
(890, 'Vukovar-Srijem', 54),
(891, 'Zadar', 54),
(892, 'Zagreb', 54),
(893, 'Camaguey', 55),
(894, 'Ciego de Avila', 55),
(895, 'Cienfuegos', 55),
(896, 'Ciudad de la Habana', 55),
(897, 'Granma', 55),
(898, 'Guantanamo', 55),
(899, 'Habana', 55),
(900, 'Holguin', 55),
(901, 'Isla de la Juventud', 55),
(902, 'La Habana', 55),
(903, 'Las Tunas', 55),
(904, 'Matanzas', 55),
(905, 'Pinar del Rio', 55),
(906, 'Sancti Spiritus', 55),
(907, 'Santiago de Cuba', 55),
(908, 'Villa Clara', 55),
(909, 'Government controlled area', 56),
(910, 'Limassol', 56),
(911, 'Nicosia District', 56),
(912, 'Paphos', 56),
(913, 'Turkish controlled area', 56),
(914, 'Central Bohemian', 57),
(915, 'Frycovice', 57),
(916, 'Jihocesky Kraj', 57),
(917, 'Jihochesky', 57),
(918, 'Jihomoravsky', 57),
(919, 'Karlovarsky', 57),
(920, 'Klecany', 57),
(921, 'Kralovehradecky', 57),
(922, 'Liberecky', 57),
(923, 'Lipov', 57),
(924, 'Moravskoslezsky', 57),
(925, 'Olomoucky', 57),
(926, 'Olomoucky Kraj', 57),
(927, 'Pardubicky', 57),
(928, 'Plzensky', 57),
(929, 'Praha', 57),
(930, 'Rajhrad', 57),
(931, 'Smirice', 57),
(932, 'South Moravian', 57),
(933, 'Straz nad Nisou', 57),
(934, 'Stredochesky', 57),
(935, 'Unicov', 57),
(936, 'Ustecky', 57),
(937, 'Valletta', 57),
(938, 'Velesin', 57),
(939, 'Vysochina', 57),
(940, 'Zlinsky', 57),
(941, 'Arhus', 58),
(942, 'Bornholm', 58),
(943, 'Frederiksborg', 58),
(944, 'Fyn', 58),
(945, 'Hovedstaden', 58),
(946, 'Kobenhavn', 58),
(947, 'Kobenhavns Amt', 58),
(948, 'Kobenhavns Kommune', 58),
(949, 'Nordjylland', 58),
(950, 'Ribe', 58),
(951, 'Ringkobing', 58),
(952, 'Roervig', 58),
(953, 'Roskilde', 58),
(954, 'Roslev', 58),
(955, 'Sjaelland', 58),
(956, 'Soeborg', 58),
(957, 'Sonderjylland', 58),
(958, 'Storstrom', 58),
(959, 'Syddanmark', 58),
(960, 'Toelloese', 58),
(961, 'Vejle', 58),
(962, 'Vestsjalland', 58),
(963, 'Viborg', 58),
(964, 'Ali Sabih', 59),
(965, 'Dikhil', 59),
(966, 'Jibuti', 59),
(967, 'Tajurah', 59),
(968, 'Ubuk', 59),
(969, 'Saint Andrew', 60),
(970, 'Saint David', 60),
(971, 'Saint George', 60),
(972, 'Saint John', 60),
(973, 'Saint Joseph', 60),
(974, 'Saint Luke', 60),
(975, 'Saint Mark', 60),
(976, 'Saint Patrick', 60),
(977, 'Saint Paul', 60),
(978, 'Saint Peter', 60),
(979, 'Azua', 61),
(980, 'Bahoruco', 61),
(981, 'Barahona', 61),
(982, 'Dajabon', 61),
(983, 'Distrito Nacional', 61),
(984, 'Duarte', 61),
(985, 'El Seybo', 61),
(986, 'Elias Pina', 61),
(987, 'Espaillat', 61),
(988, 'Hato Mayor', 61),
(989, 'Independencia', 61),
(990, 'La Altagracia', 61),
(991, 'La Romana', 61),
(992, 'La Vega', 61),
(993, 'Maria Trinidad Sanchez', 61),
(994, 'Monsenor Nouel', 61),
(995, 'Monte Cristi', 61),
(996, 'Monte Plata', 61),
(997, 'Pedernales', 61),
(998, 'Peravia', 61),
(999, 'Puerto Plata', 61),
(1000, 'Salcedo', 61),
(1001, 'Samana', 61),
(1002, 'San Cristobal', 61),
(1003, 'San Juan', 61),
(1004, 'San Pedro de Macoris', 61),
(1005, 'Sanchez Ramirez', 61),
(1006, 'Santiago', 61),
(1007, 'Santiago Rodriguez', 61),
(1008, 'Valverde', 61),
(1009, 'Aileu', 62),
(1010, 'Ainaro', 62),
(1011, 'Ambeno', 62),
(1012, 'Baucau', 62),
(1013, 'Bobonaro', 62),
(1014, 'Cova Lima', 62),
(1015, 'Dili', 62),
(1016, 'Ermera', 62),
(1017, 'Lautem', 62),
(1018, 'Liquica', 62),
(1019, 'Manatuto', 62),
(1020, 'Manufahi', 62),
(1021, 'Viqueque', 62),
(1022, 'Azuay', 63),
(1023, 'Bolivar', 63),
(1024, 'Canar', 63),
(1025, 'Carchi', 63),
(1026, 'Chimborazo', 63),
(1027, 'Cotopaxi', 63),
(1028, 'El Oro', 63),
(1029, 'Esmeraldas', 63),
(1030, 'Galapagos', 63),
(1031, 'Guayas', 63),
(1032, 'Imbabura', 63),
(1033, 'Loja', 63),
(1034, 'Los Rios', 63),
(1035, 'Manabi', 63),
(1036, 'Morona Santiago', 63),
(1037, 'Napo', 63),
(1038, 'Orellana', 63),
(1039, 'Pastaza', 63),
(1040, 'Pichincha', 63),
(1041, 'Sucumbios', 63),
(1042, 'Tungurahua', 63),
(1043, 'Zamora Chinchipe', 63),
(1044, 'Aswan', 64),
(1045, 'Asyut', 64),
(1046, 'Bani Suwayf', 64),
(1047, 'Bur Said', 64),
(1048, 'Cairo', 64),
(1049, 'Dumyat', 64),
(1050, 'Kafr-ash-Shaykh', 64),
(1051, 'Matruh', 64),
(1052, 'Muhafazat ad Daqahliyah', 64),
(1053, 'Muhafazat al Fayyum', 64),
(1054, 'Muhafazat al Gharbiyah', 64),
(1055, 'Muhafazat al Iskandariyah', 64),
(1056, 'Muhafazat al Qahirah', 64),
(1057, 'Qina', 64),
(1058, 'Sawhaj', 64),
(1059, 'Sina al-Janubiyah', 64),
(1060, 'Sina ash-Shamaliyah', 64),
(1061, 'ad-Daqahliyah', 64),
(1062, 'al-Bahr-al-Ahmar', 64),
(1063, 'al-Buhayrah', 64),
(1064, 'al-Fayyum', 64),
(1065, 'al-Gharbiyah', 64),
(1066, 'al-Iskandariyah', 64),
(1067, 'al-Ismailiyah', 64),
(1068, 'al-Jizah', 64),
(1069, 'al-Minufiyah', 64),
(1070, 'al-Minya', 64),
(1071, 'al-Qahira', 64),
(1072, 'al-Qalyubiyah', 64),
(1073, 'al-Uqsur', 64),
(1074, 'al-Wadi al-Jadid', 64),
(1075, 'as-Suways', 64),
(1076, 'ash-Sharqiyah', 64),
(1077, 'Ahuachapan', 65),
(1078, 'Cabanas', 65),
(1079, 'Chalatenango', 65),
(1080, 'Cuscatlan', 65),
(1081, 'La Libertad', 65),
(1082, 'La Paz', 65),
(1083, 'La Union', 65),
(1084, 'Morazan', 65),
(1085, 'San Miguel', 65),
(1086, 'San Salvador', 65),
(1087, 'San Vicente', 65),
(1088, 'Santa Ana', 65),
(1089, 'Sonsonate', 65),
(1090, 'Usulutan', 65),
(1091, 'Annobon', 66),
(1092, 'Bioko Norte', 66),
(1093, 'Bioko Sur', 66),
(1094, 'Centro Sur', 66),
(1095, 'Kie-Ntem', 66),
(1096, 'Litoral', 66),
(1097, 'Wele-Nzas', 66),
(1098, 'Anseba', 67),
(1099, 'Debub', 67),
(1100, 'Debub-Keih-Bahri', 67),
(1101, 'Gash-Barka', 67),
(1102, 'Maekel', 67),
(1103, 'Semien-Keih-Bahri', 67),
(1104, 'Harju', 68),
(1105, 'Hiiu', 68),
(1106, 'Ida-Viru', 68),
(1107, 'Jarva', 68),
(1108, 'Jogeva', 68),
(1109, 'Laane', 68),
(1110, 'Laane-Viru', 68),
(1111, 'Parnu', 68),
(1112, 'Polva', 68),
(1113, 'Rapla', 68),
(1114, 'Saare', 68),
(1115, 'Tartu', 68),
(1116, 'Valga', 68),
(1117, 'Viljandi', 68),
(1118, 'Voru', 68),
(1119, 'Addis Abeba', 69),
(1120, 'Afar', 69),
(1121, 'Amhara', 69),
(1122, 'Benishangul', 69),
(1123, 'Diredawa', 69),
(1124, 'Gambella', 69),
(1125, 'Harar', 69),
(1126, 'Jigjiga', 69),
(1127, 'Mekele', 69),
(1128, 'Oromia', 69),
(1129, 'Somali', 69),
(1130, 'Southern', 69),
(1131, 'Tigray', 69),
(1132, 'Christmas Island', 70),
(1133, 'Cocos Islands', 70),
(1134, 'Coral Sea Islands', 70),
(1135, 'Falkland Islands', 71),
(1136, 'South Georgia', 71),
(1137, 'Klaksvik', 72),
(1138, 'Nor ara Eysturoy', 72),
(1139, 'Nor oy', 72),
(1140, 'Sandoy', 72),
(1141, 'Streymoy', 72),
(1142, 'Su uroy', 72),
(1143, 'Sy ra Eysturoy', 72),
(1144, 'Torshavn', 72),
(1145, 'Vaga', 72),
(1146, 'Central', 73),
(1147, 'Eastern', 73),
(1148, 'Northern', 73),
(1149, 'South Pacific', 73),
(1150, 'Western', 73),
(1151, 'Ahvenanmaa', 74),
(1152, 'Etela-Karjala', 74),
(1153, 'Etela-Pohjanmaa', 74),
(1154, 'Etela-Savo', 74),
(1155, 'Etela-Suomen Laani', 74),
(1156, 'Ita-Suomen Laani', 74),
(1157, 'Ita-Uusimaa', 74),
(1158, 'Kainuu', 74),
(1159, 'Kanta-Hame', 74),
(1160, 'Keski-Pohjanmaa', 74),
(1161, 'Keski-Suomi', 74),
(1162, 'Kymenlaakso', 74),
(1163, 'Lansi-Suomen Laani', 74),
(1164, 'Lappi', 74),
(1165, 'Northern Savonia', 74),
(1166, 'Ostrobothnia', 74),
(1167, 'Oulun Laani', 74),
(1168, 'Paijat-Hame', 74),
(1169, 'Pirkanmaa', 74),
(1170, 'Pohjanmaa', 74),
(1171, 'Pohjois-Karjala', 74),
(1172, 'Pohjois-Pohjanmaa', 74),
(1173, 'Pohjois-Savo', 74),
(1174, 'Saarijarvi', 74),
(1175, 'Satakunta', 74),
(1176, 'Southern Savonia', 74),
(1177, 'Tavastia Proper', 74),
(1178, 'Uleaborgs Lan', 74),
(1179, 'Uusimaa', 74),
(1180, 'Varsinais-Suomi', 74),
(1181, 'Ain', 75),
(1182, 'Aisne', 75),
(1183, 'Albi Le Sequestre', 75),
(1184, 'Allier', 75),
(1185, 'Alpes-Cote dAzur', 75),
(1186, 'Alpes-Maritimes', 75),
(1187, 'Alpes-de-Haute-Provence', 75),
(1188, 'Alsace', 75),
(1189, 'Aquitaine', 75),
(1190, 'Ardeche', 75),
(1191, 'Ardennes', 75),
(1192, 'Ariege', 75),
(1193, 'Aube', 75),
(1194, 'Aude', 75),
(1195, 'Auvergne', 75),
(1196, 'Aveyron', 75),
(1197, 'Bas-Rhin', 75),
(1198, 'Basse-Normandie', 75),
(1199, 'Bouches-du-Rhone', 75),
(1200, 'Bourgogne', 75),
(1201, 'Bretagne', 75),
(1202, 'Brittany', 75),
(1203, 'Burgundy', 75),
(1204, 'Calvados', 75),
(1205, 'Cantal', 75),
(1206, 'Cedex', 75),
(1207, 'Centre', 75),
(1208, 'Charente', 75),
(1209, 'Charente-Maritime', 75),
(1210, 'Cher', 75),
(1211, 'Correze', 75),
(1212, 'Corse-du-Sud', 75),
(1213, 'Cote-dOr', 75),
(1214, 'Cotes-dArmor', 75),
(1215, 'Creuse', 75),
(1216, 'Crolles', 75),
(1217, 'Deux-Sevres', 75),
(1218, 'Dordogne', 75),
(1219, 'Doubs', 75),
(1220, 'Drome', 75),
(1221, 'Essonne', 75),
(1222, 'Eure', 75),
(1223, 'Eure-et-Loir', 75),
(1224, 'Feucherolles', 75),
(1225, 'Finistere', 75),
(1226, 'Franche-Comte', 75),
(1227, 'Gard', 75),
(1228, 'Gers', 75),
(1229, 'Gironde', 75),
(1230, 'Haut-Rhin', 75),
(1231, 'Haute-Corse', 75),
(1232, 'Haute-Garonne', 75),
(1233, 'Haute-Loire', 75),
(1234, 'Haute-Marne', 75),
(1235, 'Haute-Saone', 75),
(1236, 'Haute-Savoie', 75),
(1237, 'Haute-Vienne', 75),
(1238, 'Hautes-Alpes', 75),
(1239, 'Hautes-Pyrenees', 75),
(1240, 'Hauts-de-Seine', 75),
(1241, 'Herault', 75),
(1242, 'Ile-de-France', 75),
(1243, 'Ille-et-Vilaine', 75),
(1244, 'Indre', 75),
(1245, 'Indre-et-Loire', 75),
(1246, 'Isere', 75),
(1247, 'Jura', 75),
(1248, 'Klagenfurt', 75),
(1249, 'Landes', 75),
(1250, 'Languedoc-Roussillon', 75),
(1251, 'Larcay', 75),
(1252, 'Le Castellet', 75),
(1253, 'Le Creusot', 75),
(1254, 'Limousin', 75),
(1255, 'Loir-et-Cher', 75),
(1256, 'Loire', 75),
(1257, 'Loire-Atlantique', 75),
(1258, 'Loiret', 75),
(1259, 'Lorraine', 75),
(1260, 'Lot', 75),
(1261, 'Lot-et-Garonne', 75),
(1262, 'Lower Normandy', 75),
(1263, 'Lozere', 75),
(1264, 'Maine-et-Loire', 75),
(1265, 'Manche', 75),
(1266, 'Marne', 75),
(1267, 'Mayenne', 75),
(1268, 'Meurthe-et-Moselle', 75),
(1269, 'Meuse', 75),
(1270, 'Midi-Pyrenees', 75),
(1271, 'Morbihan', 75),
(1272, 'Moselle', 75),
(1273, 'Nievre', 75),
(1274, 'Nord', 75),
(1275, 'Nord-Pas-de-Calais', 75),
(1276, 'Oise', 75),
(1277, 'Orne', 75),
(1278, 'Paris', 75),
(1279, 'Pas-de-Calais', 75),
(1280, 'Pays de la Loire', 75),
(1281, 'Pays-de-la-Loire', 75),
(1282, 'Picardy', 75),
(1283, 'Puy-de-Dome', 75),
(1284, 'Pyrenees-Atlantiques', 75),
(1285, 'Pyrenees-Orientales', 75),
(1286, 'Quelmes', 75),
(1287, 'Rhone', 75),
(1288, 'Rhone-Alpes', 75),
(1289, 'Saint Ouen', 75),
(1290, 'Saint Viatre', 75),
(1291, 'Saone-et-Loire', 75),
(1292, 'Sarthe', 75),
(1293, 'Savoie', 75),
(1294, 'Seine-Maritime', 75),
(1295, 'Seine-Saint-Denis', 75),
(1296, 'Seine-et-Marne', 75),
(1297, 'Somme', 75),
(1298, 'Sophia Antipolis', 75),
(1299, 'Souvans', 75),
(1300, 'Tarn', 75),
(1301, 'Tarn-et-Garonne', 75),
(1302, 'Territoire de Belfort', 75),
(1303, 'Treignac', 75),
(1304, 'Upper Normandy', 75),
(1305, 'Val-dOise', 75),
(1306, 'Val-de-Marne', 75),
(1307, 'Var', 75),
(1308, 'Vaucluse', 75),
(1309, 'Vellise', 75),
(1310, 'Vendee', 75),
(1311, 'Vienne', 75),
(1312, 'Vosges', 75),
(1313, 'Yonne', 75),
(1314, 'Yvelines', 75),
(1315, 'Cayenne', 76),
(1316, 'Saint-Laurent-du-Maroni', 76),
(1317, 'Iles du Vent', 77),
(1318, 'Iles sous le Vent', 77),
(1319, 'Marquesas', 77),
(1320, 'Tuamotu', 77),
(1321, 'Tubuai', 77),
(1322, 'Amsterdam', 78),
(1323, 'Crozet Islands', 78),
(1324, 'Kerguelen', 78),
(1325, 'Estuaire', 79),
(1326, 'Haut-Ogooue', 79),
(1327, 'Moyen-Ogooue', 79),
(1328, 'Ngounie', 79),
(1329, 'Nyanga', 79),
(1330, 'Ogooue-Ivindo', 79),
(1331, 'Ogooue-Lolo', 79),
(1332, 'Ogooue-Maritime', 79),
(1333, 'Woleu-Ntem', 79),
(1334, 'Banjul', 80),
(1335, 'Basse', 80),
(1336, 'Brikama', 80),
(1337, 'Janjanbureh', 80),
(1338, 'Kanifing', 80),
(1339, 'Kerewan', 80),
(1340, 'Kuntaur', 80),
(1341, 'Mansakonko', 80),
(1342, 'Abhasia', 81),
(1343, 'Ajaria', 81),
(1344, 'Guria', 81),
(1345, 'Imereti', 81),
(1346, 'Kaheti', 81),
(1347, 'Kvemo Kartli', 81),
(1348, 'Mcheta-Mtianeti', 81),
(1349, 'Racha', 81),
(1350, 'Samagrelo-Zemo Svaneti', 81),
(1351, 'Samche-Zhavaheti', 81),
(1352, 'Shida Kartli', 81),
(1353, 'Tbilisi', 81),
(1354, 'Auvergne', 82),
(1355, 'Baden-Wurttemberg', 82),
(1356, 'Bavaria', 82),
(1357, 'Bayern', 82),
(1358, 'Beilstein Wurtt', 82),
(1359, 'Berlin', 82),
(1360, 'Brandenburg', 82),
(1361, 'Bremen', 82),
(1362, 'Dreisbach', 82),
(1363, 'Freistaat Bayern', 82),
(1364, 'Hamburg', 82),
(1365, 'Hannover', 82),
(1366, 'Heroldstatt', 82),
(1367, 'Hessen', 82),
(1368, 'Kortenberg', 82),
(1369, 'Laasdorf', 82),
(1370, 'Land Baden-Wurttemberg', 82),
(1371, 'Land Bayern', 82),
(1372, 'Land Brandenburg', 82),
(1373, 'Land Hessen', 82),
(1374, 'Land Mecklenburg-Vorpommern', 82),
(1375, 'Land Nordrhein-Westfalen', 82),
(1376, 'Land Rheinland-Pfalz', 82),
(1377, 'Land Sachsen', 82),
(1378, 'Land Sachsen-Anhalt', 82),
(1379, 'Land Thuringen', 82),
(1380, 'Lower Saxony', 82),
(1381, 'Mecklenburg-Vorpommern', 82),
(1382, 'Mulfingen', 82),
(1383, 'Munich', 82),
(1384, 'Neubeuern', 82),
(1385, 'Niedersachsen', 82),
(1386, 'Noord-Holland', 82),
(1387, 'Nordrhein-Westfalen', 82),
(1388, 'North Rhine-Westphalia', 82),
(1389, 'Osterode', 82),
(1390, 'Rheinland-Pfalz', 82),
(1391, 'Rhineland-Palatinate', 82),
(1392, 'Saarland', 82),
(1393, 'Sachsen', 82),
(1394, 'Sachsen-Anhalt', 82),
(1395, 'Saxony', 82),
(1396, 'Schleswig-Holstein', 82),
(1397, 'Thuringia', 82),
(1398, 'Webling', 82),
(1399, 'Weinstrabe', 82),
(1400, 'schlobborn', 82),
(1401, 'Ashanti', 83),
(1402, 'Brong-Ahafo', 83),
(1403, 'Central', 83),
(1404, 'Eastern', 83),
(1405, 'Greater Accra', 83),
(1406, 'Northern', 83),
(1407, 'Upper East', 83),
(1408, 'Upper West', 83),
(1409, 'Volta', 83),
(1410, 'Western', 83),
(1411, 'Gibraltar', 84),
(1412, 'Acharnes', 85),
(1413, 'Ahaia', 85),
(1414, 'Aitolia kai Akarnania', 85),
(1415, 'Argolis', 85),
(1416, 'Arkadia', 85),
(1417, 'Arta', 85),
(1418, 'Attica', 85),
(1419, 'Attiki', 85),
(1420, 'Ayion Oros', 85),
(1421, 'Crete', 85),
(1422, 'Dodekanisos', 85),
(1423, 'Drama', 85),
(1424, 'Evia', 85),
(1425, 'Evritania', 85),
(1426, 'Evros', 85),
(1427, 'Evvoia', 85),
(1428, 'Florina', 85),
(1429, 'Fokis', 85),
(1430, 'Fthiotis', 85),
(1431, 'Grevena', 85),
(1432, 'Halandri', 85),
(1433, 'Halkidiki', 85),
(1434, 'Hania', 85),
(1435, 'Heraklion', 85),
(1436, 'Hios', 85),
(1437, 'Ilia', 85),
(1438, 'Imathia', 85),
(1439, 'Ioannina', 85),
(1440, 'Iraklion', 85),
(1441, 'Karditsa', 85),
(1442, 'Kastoria', 85),
(1443, 'Kavala', 85),
(1444, 'Kefallinia', 85),
(1445, 'Kerkira', 85),
(1446, 'Kiklades', 85),
(1447, 'Kilkis', 85),
(1448, 'Korinthia', 85),
(1449, 'Kozani', 85),
(1450, 'Lakonia', 85),
(1451, 'Larisa', 85),
(1452, 'Lasithi', 85),
(1453, 'Lesvos', 85),
(1454, 'Levkas', 85),
(1455, 'Magnisia', 85),
(1456, 'Messinia', 85),
(1457, 'Nomos Attikis', 85),
(1458, 'Nomos Zakynthou', 85),
(1459, 'Pella', 85),
(1460, 'Pieria', 85),
(1461, 'Piraios', 85),
(1462, 'Preveza', 85),
(1463, 'Rethimni', 85),
(1464, 'Rodopi', 85),
(1465, 'Samos', 85),
(1466, 'Serrai', 85),
(1467, 'Thesprotia', 85),
(1468, 'Thessaloniki', 85),
(1469, 'Trikala', 85),
(1470, 'Voiotia', 85),
(1471, 'West Greece', 85),
(1472, 'Xanthi', 85),
(1473, 'Zakinthos', 85),
(1474, 'Aasiaat', 86),
(1475, 'Ammassalik', 86),
(1476, 'Illoqqortoormiut', 86),
(1477, 'Ilulissat', 86),
(1478, 'Ivittuut', 86),
(1479, 'Kangaatsiaq', 86),
(1480, 'Maniitsoq', 86),
(1481, 'Nanortalik', 86),
(1482, 'Narsaq', 86),
(1483, 'Nuuk', 86),
(1484, 'Paamiut', 86),
(1485, 'Qaanaaq', 86),
(1486, 'Qaqortoq', 86),
(1487, 'Qasigiannguit', 86),
(1488, 'Qeqertarsuaq', 86),
(1489, 'Sisimiut', 86),
(1490, 'Udenfor kommunal inddeling', 86),
(1491, 'Upernavik', 86),
(1492, 'Uummannaq', 86),
(1493, 'Carriacou-Petite Martinique', 87),
(1494, 'Saint Andrew', 87),
(1495, 'Saint Davids', 87),
(1496, 'Saint Georges', 87),
(1497, 'Saint John', 87),
(1498, 'Saint Mark', 87),
(1499, 'Saint Patrick', 87),
(1500, 'Basse-Terre', 88),
(1501, 'Grande-Terre', 88),
(1502, 'Iles des Saintes', 88),
(1503, 'La Desirade', 88),
(1504, 'Marie-Galante', 88),
(1505, 'Saint Barthelemy', 88),
(1506, 'Saint Martin', 88),
(1507, 'Agana Heights', 89),
(1508, 'Agat', 89),
(1509, 'Barrigada', 89),
(1510, 'Chalan-Pago-Ordot', 89),
(1511, 'Dededo', 89),
(1512, 'Hagatna', 89),
(1513, 'Inarajan', 89),
(1514, 'Mangilao', 89),
(1515, 'Merizo', 89),
(1516, 'Mongmong-Toto-Maite', 89),
(1517, 'Santa Rita', 89),
(1518, 'Sinajana', 89),
(1519, 'Talofofo', 89),
(1520, 'Tamuning', 89),
(1521, 'Yigo', 89),
(1522, 'Yona', 89),
(1523, 'Alta Verapaz', 90),
(1524, 'Baja Verapaz', 90),
(1525, 'Chimaltenango', 90),
(1526, 'Chiquimula', 90),
(1527, 'El Progreso', 90),
(1528, 'Escuintla', 90),
(1529, 'Guatemala', 90),
(1530, 'Huehuetenango', 90),
(1531, 'Izabal', 90),
(1532, 'Jalapa', 90),
(1533, 'Jutiapa', 90),
(1534, 'Peten', 90),
(1535, 'Quezaltenango', 90),
(1536, 'Quiche', 90),
(1537, 'Retalhuleu', 90),
(1538, 'Sacatepequez', 90),
(1539, 'San Marcos', 90),
(1540, 'Santa Rosa', 90),
(1541, 'Solola', 90),
(1542, 'Suchitepequez', 90),
(1543, 'Totonicapan', 90),
(1544, 'Zacapa', 90),
(1545, 'Alderney', 91),
(1546, 'Castel', 91),
(1547, 'Forest', 91),
(1548, 'Saint Andrew', 91),
(1549, 'Saint Martin', 91),
(1550, 'Saint Peter Port', 91),
(1551, 'Saint Pierre du Bois', 91),
(1552, 'Saint Sampson', 91),
(1553, 'Saint Saviour', 91),
(1554, 'Sark', 91),
(1555, 'Torteval', 91),
(1556, 'Vale', 91),
(1557, 'Beyla', 92),
(1558, 'Boffa', 92),
(1559, 'Boke', 92),
(1560, 'Conakry', 92),
(1561, 'Coyah', 92),
(1562, 'Dabola', 92),
(1563, 'Dalaba', 92),
(1564, 'Dinguiraye', 92),
(1565, 'Faranah', 92),
(1566, 'Forecariah', 92),
(1567, 'Fria', 92),
(1568, 'Gaoual', 92),
(1569, 'Gueckedou', 92),
(1570, 'Kankan', 92),
(1571, 'Kerouane', 92),
(1572, 'Kindia', 92),
(1573, 'Kissidougou', 92),
(1574, 'Koubia', 92),
(1575, 'Koundara', 92),
(1576, 'Kouroussa', 92),
(1577, 'Labe', 92),
(1578, 'Lola', 92),
(1579, 'Macenta', 92),
(1580, 'Mali', 92),
(1581, 'Mamou', 92),
(1582, 'Mandiana', 92),
(1583, 'Nzerekore', 92),
(1584, 'Pita', 92),
(1585, 'Siguiri', 92),
(1586, 'Telimele', 92),
(1587, 'Tougue', 92),
(1588, 'Yomou', 92),
(1589, 'Bafata', 93),
(1590, 'Bissau', 93),
(1591, 'Bolama', 93),
(1592, 'Cacheu', 93),
(1593, 'Gabu', 93),
(1594, 'Oio', 93),
(1595, 'Quinara', 93),
(1596, 'Tombali', 93),
(1597, 'Barima-Waini', 94),
(1598, 'Cuyuni-Mazaruni', 94),
(1599, 'Demerara-Mahaica', 94),
(1600, 'East Berbice-Corentyne', 94),
(1601, 'Essequibo Islands-West Demerar', 94),
(1602, 'Mahaica-Berbice', 94),
(1603, 'Pomeroon-Supenaam', 94),
(1604, 'Potaro-Siparuni', 94),
(1605, 'Upper Demerara-Berbice', 94),
(1606, 'Upper Takutu-Upper Essequibo', 94),
(1607, 'Artibonite', 95),
(1608, 'Centre', 95),
(1609, 'GrandAnse', 95),
(1610, 'Nord', 95),
(1611, 'Nord-Est', 95),
(1612, 'Nord-Ouest', 95),
(1613, 'Ouest', 95),
(1614, 'Sud', 95),
(1615, 'Sud-Est', 95),
(1616, 'Heard and McDonald Islands', 96),
(1617, 'Atlantida', 97),
(1618, 'Choluteca', 97),
(1619, 'Colon', 97),
(1620, 'Comayagua', 97),
(1621, 'Copan', 97),
(1622, 'Cortes', 97),
(1623, 'Distrito Central', 97),
(1624, 'El Paraiso', 97),
(1625, 'Francisco Morazan', 97),
(1626, 'Gracias a Dios', 97),
(1627, 'Intibuca', 97),
(1628, 'Islas de la Bahia', 97),
(1629, 'La Paz', 97),
(1630, 'Lempira', 97),
(1631, 'Ocotepeque', 97),
(1632, 'Olancho', 97),
(1633, 'Santa Barbara', 97),
(1634, 'Valle', 97),
(1635, 'Yoro', 97),
(1636, 'Hong Kong', 98),
(1637, 'Bacs-Kiskun', 99),
(1638, 'Baranya', 99),
(1639, 'Bekes', 99),
(1640, 'Borsod-Abauj-Zemplen', 99),
(1641, 'Budapest', 99),
(1642, 'Csongrad', 99),
(1643, 'Fejer', 99),
(1644, 'Gyor-Moson-Sopron', 99),
(1645, 'Hajdu-Bihar', 99),
(1646, 'Heves', 99),
(1647, 'Jasz-Nagykun-Szolnok', 99),
(1648, 'Komarom-Esztergom', 99),
(1649, 'Nograd', 99),
(1650, 'Pest', 99),
(1651, 'Somogy', 99),
(1652, 'Szabolcs-Szatmar-Bereg', 99),
(1653, 'Tolna', 99),
(1654, 'Vas', 99),
(1655, 'Veszprem', 99),
(1656, 'Zala', 99),
(1657, 'Austurland', 100),
(1658, 'Gullbringusysla', 100),
(1659, 'Hofu borgarsva i', 100),
(1660, 'Nor urland eystra', 100),
(1661, 'Nor urland vestra', 100),
(1662, 'Su urland', 100),
(1663, 'Su urnes', 100),
(1664, 'Vestfir ir', 100),
(1665, 'Vesturland', 100),
(1666, 'Aceh', 102),
(1667, 'Bali', 102),
(1668, 'Bangka-Belitung', 102),
(1669, 'Banten', 102),
(1670, 'Bengkulu', 102),
(1671, 'Gandaria', 102),
(1672, 'Gorontalo', 102),
(1673, 'Jakarta', 102),
(1674, 'Jambi', 102),
(1675, 'Jawa Barat', 102),
(1676, 'Jawa Tengah', 102),
(1677, 'Jawa Timur', 102),
(1678, 'Kalimantan Barat', 102),
(1679, 'Kalimantan Selatan', 102),
(1680, 'Kalimantan Tengah', 102),
(1681, 'Kalimantan Timur', 102),
(1682, 'Kendal', 102),
(1683, 'Lampung', 102),
(1684, 'Maluku', 102),
(1685, 'Maluku Utara', 102),
(1686, 'Nusa Tenggara Barat', 102),
(1687, 'Nusa Tenggara Timur', 102),
(1688, 'Papua', 102),
(1689, 'Riau', 102),
(1690, 'Riau Kepulauan', 102),
(1691, 'Solo', 102),
(1692, 'Sulawesi Selatan', 102),
(1693, 'Sulawesi Tengah', 102),
(1694, 'Sulawesi Tenggara', 102),
(1695, 'Sulawesi Utara', 102),
(1696, 'Sumatera Barat', 102),
(1697, 'Sumatera Selatan', 102),
(1698, 'Sumatera Utara', 102),
(1699, 'Yogyakarta', 102),
(1700, 'Ardabil', 103),
(1701, 'Azarbayjan-e Bakhtari', 103),
(1702, 'Azarbayjan-e Khavari', 103),
(1703, 'Bushehr', 103),
(1704, 'Chahar Mahal-e Bakhtiari', 103),
(1705, 'Esfahan', 103),
(1706, 'Fars', 103),
(1707, 'Gilan', 103),
(1708, 'Golestan', 103),
(1709, 'Hamadan', 103),
(1710, 'Hormozgan', 103),
(1711, 'Ilam', 103),
(1712, 'Kerman', 103),
(1713, 'Kermanshah', 103),
(1714, 'Khorasan', 103),
(1715, 'Khuzestan', 103),
(1716, 'Kohgiluyeh-e Boyerahmad', 103),
(1717, 'Kordestan', 103),
(1718, 'Lorestan', 103),
(1719, 'Markazi', 103),
(1720, 'Mazandaran', 103),
(1721, 'Ostan-e Esfahan', 103),
(1722, 'Qazvin', 103),
(1723, 'Qom', 103),
(1724, 'Semnan', 103),
(1725, 'Sistan-e Baluchestan', 103),
(1726, 'Tehran', 103),
(1727, 'Yazd', 103),
(1728, 'Zanjan', 103),
(1729, 'Babil', 104),
(1730, 'Baghdad', 104),
(1731, 'Dahuk', 104),
(1732, 'Dhi Qar', 104),
(1733, 'Diyala', 104),
(1734, 'Erbil', 104),
(1735, 'Irbil', 104),
(1736, 'Karbala', 104),
(1737, 'Kurdistan', 104),
(1738, 'Maysan', 104),
(1739, 'Ninawa', 104),
(1740, 'Salah-ad-Din', 104),
(1741, 'Wasit', 104),
(1742, 'al-Anbar', 104),
(1743, 'al-Basrah', 104),
(1744, 'al-Muthanna', 104),
(1745, 'al-Qadisiyah', 104),
(1746, 'an-Najaf', 104),
(1747, 'as-Sulaymaniyah', 104),
(1748, 'at-Tamim', 104),
(1749, 'Armagh', 105),
(1750, 'Carlow', 105),
(1751, 'Cavan', 105),
(1752, 'Clare', 105),
(1753, 'Cork', 105),
(1754, 'Donegal', 105),
(1755, 'Dublin', 105),
(1756, 'Galway', 105),
(1757, 'Kerry', 105),
(1758, 'Kildare', 105),
(1759, 'Kilkenny', 105),
(1760, 'Laois', 105),
(1761, 'Leinster', 105),
(1762, 'Leitrim', 105),
(1763, 'Limerick', 105),
(1764, 'Loch Garman', 105),
(1765, 'Longford', 105),
(1766, 'Louth', 105),
(1767, 'Mayo', 105),
(1768, 'Meath', 105),
(1769, 'Monaghan', 105),
(1770, 'Offaly', 105),
(1771, 'Roscommon', 105),
(1772, 'Sligo', 105),
(1773, 'Tipperary North Riding', 105),
(1774, 'Tipperary South Riding', 105),
(1775, 'Ulster', 105),
(1776, 'Waterford', 105),
(1777, 'Westmeath', 105),
(1778, 'Wexford', 105),
(1779, 'Wicklow', 105),
(1780, 'Beit Hanania', 106),
(1781, 'Ben Gurion Airport', 106),
(1782, 'Bethlehem', 106),
(1783, 'Caesarea', 106),
(1784, 'Centre', 106),
(1785, 'Gaza', 106),
(1786, 'Hadaron', 106),
(1787, 'Haifa District', 106),
(1788, 'Hamerkaz', 106),
(1789, 'Hazafon', 106),
(1790, 'Hebron', 106),
(1791, 'Jaffa', 106),
(1792, 'Jerusalem', 106),
(1793, 'Khefa', 106),
(1794, 'Kiryat Yam', 106),
(1795, 'Lower Galilee', 106),
(1796, 'Qalqilya', 106),
(1797, 'Talme Elazar', 106),
(1798, 'Tel Aviv', 106),
(1799, 'Tsafon', 106),
(1800, 'Umm El Fahem', 106),
(1801, 'Yerushalayim', 106),
(1802, 'Abruzzi', 107),
(1803, 'Abruzzo', 107),
(1804, 'Agrigento', 107),
(1805, 'Alessandria', 107),
(1806, 'Ancona', 107),
(1807, 'Arezzo', 107),
(1808, 'Ascoli Piceno', 107),
(1809, 'Asti', 107),
(1810, 'Avellino', 107),
(1811, 'Bari', 107),
(1812, 'Basilicata', 107),
(1813, 'Belluno', 107),
(1814, 'Benevento', 107),
(1815, 'Bergamo', 107),
(1816, 'Biella', 107),
(1817, 'Bologna', 107),
(1818, 'Bolzano', 107),
(1819, 'Brescia', 107),
(1820, 'Brindisi', 107),
(1821, 'Calabria', 107),
(1822, 'Campania', 107),
(1823, 'Cartoceto', 107),
(1824, 'Caserta', 107),
(1825, 'Catania', 107),
(1826, 'Chieti', 107),
(1827, 'Como', 107),
(1828, 'Cosenza', 107),
(1829, 'Cremona', 107),
(1830, 'Cuneo', 107),
(1831, 'Emilia-Romagna', 107),
(1832, 'Ferrara', 107),
(1833, 'Firenze', 107),
(1834, 'Florence', 107),
(1835, 'Forli-Cesena ', 107),
(1836, 'Friuli-Venezia Giulia', 107),
(1837, 'Frosinone', 107),
(1838, 'Genoa', 107),
(1839, 'Gorizia', 107),
(1840, 'LAquila', 107),
(1841, 'Lazio', 107),
(1842, 'Lecce', 107),
(1843, 'Lecco', 107),
(1845, 'Liguria', 107),
(1846, 'Lodi', 107),
(1847, 'Lombardia', 107),
(1848, 'Lombardy', 107),
(1849, 'Macerata', 107),
(1850, 'Mantova', 107),
(1851, 'Marche', 107),
(1852, 'Messina', 107),
(1853, 'Milan', 107),
(1854, 'Modena', 107),
(1855, 'Molise', 107),
(1856, 'Molteno', 107),
(1857, 'Montenegro', 107),
(1858, 'Monza and Brianza', 107),
(1859, 'Naples', 107),
(1860, 'Novara', 107),
(1861, 'Padova', 107),
(1862, 'Parma', 107),
(1863, 'Pavia', 107),
(1864, 'Perugia', 107),
(1865, 'Pesaro-Urbino', 107),
(1866, 'Piacenza', 107),
(1867, 'Piedmont', 107),
(1868, 'Piemonte', 107),
(1869, 'Pisa', 107),
(1870, 'Pordenone', 107),
(1871, 'Potenza', 107),
(1872, 'Puglia', 107),
(1873, 'Reggio Emilia', 107),
(1874, 'Rimini', 107),
(1875, 'Roma', 107),
(1876, 'Salerno', 107),
(1877, 'Sardegna', 107),
(1878, 'Sassari', 107),
(1879, 'Savona', 107),
(1880, 'Sicilia', 107),
(1881, 'Siena', 107),
(1882, 'Sondrio', 107),
(1883, 'South Tyrol', 107),
(1884, 'Taranto', 107),
(1885, 'Teramo', 107),
(1886, 'Torino', 107),
(1887, 'Toscana', 107),
(1888, 'Trapani', 107),
(1889, 'Trentino-Alto Adige', 107),
(1890, 'Trento', 107),
(1891, 'Treviso', 107),
(1892, 'Udine', 107),
(1893, 'Umbria', 107),
(1894, 'Valle dAosta', 107),
(1895, 'Varese', 107),
(1896, 'Veneto', 107),
(1897, 'Venezia', 107),
(1898, 'Verbano-Cusio-Ossola', 107),
(1899, 'Vercelli', 107),
(1900, 'Verona', 107),
(1901, 'Vicenza', 107),
(1902, 'Viterbo', 107),
(1903, 'Buxoro Viloyati', 108),
(1904, 'Clarendon', 108),
(1905, 'Hanover', 108),
(1906, 'Kingston', 108),
(1907, 'Manchester', 108),
(1908, 'Portland', 108),
(1909, 'Saint Andrews', 108),
(1910, 'Saint Ann', 108),
(1911, 'Saint Catherine', 108),
(1912, 'Saint Elizabeth', 108),
(1913, 'Saint James', 108),
(1914, 'Saint Mary', 108),
(1915, 'Saint Thomas', 108),
(1916, 'Trelawney', 108),
(1917, 'Westmoreland', 108),
(1918, 'Aichi', 109),
(1919, 'Akita', 109),
(1920, 'Aomori', 109),
(1921, 'Chiba', 109),
(1922, 'Ehime', 109),
(1923, 'Fukui', 109),
(1924, 'Fukuoka', 109),
(1925, 'Fukushima', 109),
(1926, 'Gifu', 109),
(1927, 'Gumma', 109),
(1928, 'Hiroshima', 109),
(1929, 'Hokkaido', 109),
(1930, 'Hyogo', 109),
(1931, 'Ibaraki', 109),
(1932, 'Ishikawa', 109),
(1933, 'Iwate', 109),
(1934, 'Kagawa', 109),
(1935, 'Kagoshima', 109),
(1936, 'Kanagawa', 109),
(1937, 'Kanto', 109),
(1938, 'Kochi', 109),
(1939, 'Kumamoto', 109),
(1940, 'Kyoto', 109),
(1941, 'Mie', 109),
(1942, 'Miyagi', 109),
(1943, 'Miyazaki', 109),
(1944, 'Nagano', 109),
(1945, 'Nagasaki', 109),
(1946, 'Nara', 109),
(1947, 'Niigata', 109),
(1948, 'Oita', 109),
(1949, 'Okayama', 109),
(1950, 'Okinawa', 109),
(1951, 'Osaka', 109),
(1952, 'Saga', 109),
(1953, 'Saitama', 109),
(1954, 'Shiga', 109),
(1955, 'Shimane', 109),
(1956, 'Shizuoka', 109),
(1957, 'Tochigi', 109),
(1958, 'Tokushima', 109),
(1959, 'Tokyo', 109),
(1960, 'Tottori', 109),
(1961, 'Toyama', 109),
(1962, 'Wakayama', 109),
(1963, 'Yamagata', 109),
(1964, 'Yamaguchi', 109),
(1965, 'Yamanashi', 109),
(1966, 'Grouville', 110),
(1967, 'Saint Brelade', 110),
(1968, 'Saint Clement', 110),
(1969, 'Saint Helier', 110),
(1970, 'Saint John', 110),
(1971, 'Saint Lawrence', 110),
(1972, 'Saint Martin', 110),
(1973, 'Saint Mary', 110),
(1974, 'Saint Peter', 110),
(1975, 'Saint Saviour', 110),
(1976, 'Trinity', 110),
(1977, 'Ajlun', 111),
(1978, 'Amman', 111),
(1979, 'Irbid', 111),
(1980, 'Jarash', 111),
(1981, 'Maan', 111),
(1982, 'Madaba', 111),
(1983, 'al-Aqabah', 111),
(1984, 'al-Balqa', 111),
(1985, 'al-Karak', 111),
(1986, 'al-Mafraq', 111),
(1987, 'at-Tafilah', 111),
(1988, 'az-Zarqa', 111),
(1989, 'Akmecet', 112),
(1990, 'Akmola', 112),
(1991, 'Aktobe', 112),
(1992, 'Almati', 112),
(1993, 'Atirau', 112),
(1994, 'Batis Kazakstan', 112),
(1995, 'Burlinsky Region', 112),
(1996, 'Karagandi', 112),
(1997, 'Kostanay', 112),
(1998, 'Mankistau', 112),
(1999, 'Ontustik Kazakstan', 112),
(2000, 'Pavlodar', 112),
(2001, 'Sigis Kazakstan', 112),
(2002, 'Soltustik Kazakstan', 112),
(2003, 'Taraz', 112),
(2004, 'Central', 113),
(2005, 'Coast', 113),
(2006, 'Eastern', 113),
(2007, 'Nairobi', 113),
(2008, 'North Eastern', 113),
(2009, 'Nyanza', 113),
(2010, 'Rift Valley', 113),
(2011, 'Western', 113),
(2012, 'Abaiang', 114),
(2013, 'Abemana', 114),
(2014, 'Aranuka', 114),
(2015, 'Arorae', 114),
(2016, 'Banaba', 114),
(2017, 'Beru', 114),
(2018, 'Butaritari', 114),
(2019, 'Kiritimati', 114),
(2020, 'Kuria', 114),
(2021, 'Maiana', 114),
(2022, 'Makin', 114),
(2023, 'Marakei', 114),
(2024, 'Nikunau', 114),
(2025, 'Nonouti', 114),
(2026, 'Onotoa', 114),
(2027, 'Phoenix Islands', 114),
(2028, 'Tabiteuea North', 114),
(2029, 'Tabiteuea South', 114),
(2030, 'Tabuaeran', 114),
(2031, 'Tamana', 114),
(2032, 'Tarawa North', 114),
(2033, 'Tarawa South', 114),
(2034, 'Teraina', 114),
(2035, 'Chagangdo', 115),
(2036, 'Hamgyeongbukto', 115),
(2037, 'Hamgyeongnamdo', 115),
(2038, 'Hwanghaebukto', 115),
(2039, 'Hwanghaenamdo', 115),
(2040, 'Kaeseong', 115),
(2041, 'Kangweon', 115),
(2042, 'Nampo', 115),
(2043, 'Pyeonganbukto', 115),
(2044, 'Pyeongannamdo', 115),
(2045, 'Pyeongyang', 115),
(2046, 'Yanggang', 115),
(2047, 'Busan', 116),
(2048, 'Cheju', 116),
(2049, 'Chollabuk', 116),
(2050, 'Chollanam', 116),
(2051, 'Chungbuk', 116),
(2052, 'Chungcheongbuk', 116),
(2053, 'Chungcheongnam', 116),
(2054, 'Chungnam', 116),
(2055, 'Daegu', 116),
(2056, 'Gangwon-do', 116),
(2057, 'Goyang-si', 116),
(2058, 'Gyeonggi-do', 116),
(2059, 'Gyeongsang ', 116),
(2060, 'Gyeongsangnam-do', 116),
(2061, 'Incheon', 116),
(2062, 'Jeju-Si', 116),
(2063, 'Jeonbuk', 116),
(2064, 'Kangweon', 116),
(2065, 'Kwangju', 116),
(2066, 'Kyeonggi', 116),
(2067, 'Kyeongsangbuk', 116),
(2068, 'Kyeongsangnam', 116),
(2069, 'Kyonggi-do', 116),
(2070, 'Kyungbuk-Do', 116),
(2071, 'Kyunggi-Do', 116),
(2072, 'Kyunggi-do', 116),
(2073, 'Pusan', 116),
(2074, 'Seoul', 116),
(2075, 'Sudogwon', 116),
(2076, 'Taegu', 116),
(2077, 'Taejeon', 116),
(2078, 'Taejon-gwangyoksi', 116),
(2079, 'Ulsan', 116),
(2080, 'Wonju', 116),
(2081, 'gwangyoksi', 116),
(2082, 'Al Asimah', 117),
(2083, 'Hawalli', 117),
(2084, 'Mishref', 117),
(2085, 'Qadesiya', 117),
(2086, 'Safat', 117),
(2087, 'Salmiya', 117),
(2088, 'al-Ahmadi', 117),
(2089, 'al-Farwaniyah', 117),
(2090, 'al-Jahra', 117),
(2091, 'al-Kuwayt', 117),
(2092, 'Batken', 118),
(2093, 'Bishkek', 118),
(2094, 'Chui', 118),
(2095, 'Issyk-Kul', 118),
(2096, 'Jalal-Abad', 118),
(2097, 'Naryn', 118),
(2098, 'Osh', 118),
(2099, 'Talas', 118),
(2100, 'Attopu', 119),
(2101, 'Bokeo', 119),
(2102, 'Bolikhamsay', 119),
(2103, 'Champasak', 119),
(2104, 'Houaphanh', 119),
(2105, 'Khammouane', 119),
(2106, 'Luang Nam Tha', 119),
(2107, 'Luang Prabang', 119),
(2108, 'Oudomxay', 119),
(2109, 'Phongsaly', 119),
(2110, 'Saravan', 119),
(2111, 'Savannakhet', 119),
(2112, 'Sekong', 119),
(2113, 'Viangchan Prefecture', 119),
(2114, 'Viangchan Province', 119),
(2115, 'Xaignabury', 119),
(2116, 'Xiang Khuang', 119),
(2117, 'Aizkraukles', 120),
(2118, 'Aluksnes', 120),
(2119, 'Balvu', 120),
(2120, 'Bauskas', 120),
(2121, 'Cesu', 120),
(2122, 'Daugavpils', 120),
(2123, 'Daugavpils City', 120),
(2124, 'Dobeles', 120),
(2125, 'Gulbenes', 120),
(2126, 'Jekabspils', 120),
(2127, 'Jelgava', 120),
(2128, 'Jelgavas', 120),
(2129, 'Jurmala City', 120),
(2130, 'Kraslavas', 120),
(2131, 'Kuldigas', 120),
(2132, 'Liepaja', 120),
(2133, 'Liepajas', 120),
(2134, 'Limbazhu', 120),
(2135, 'Ludzas', 120),
(2136, 'Madonas', 120),
(2137, 'Ogres', 120),
(2138, 'Preilu', 120),
(2139, 'Rezekne', 120),
(2140, 'Rezeknes', 120),
(2141, 'Riga', 120),
(2142, 'Rigas', 120),
(2143, 'Saldus', 120),
(2144, 'Talsu', 120),
(2145, 'Tukuma', 120),
(2146, 'Valkas', 120),
(2147, 'Valmieras', 120),
(2148, 'Ventspils', 120),
(2149, 'Ventspils City', 120),
(2150, 'Beirut', 121),
(2151, 'Jabal Lubnan', 121),
(2152, 'Mohafazat Liban-Nord', 121),
(2153, 'Mohafazat Mont-Liban', 121),
(2154, 'Sidon', 121),
(2155, 'al-Biqa', 121),
(2156, 'al-Janub', 121),
(2157, 'an-Nabatiyah', 121),
(2158, 'ash-Shamal', 121),
(2159, 'Berea', 122),
(2160, 'Butha-Buthe', 122),
(2161, 'Leribe', 122),
(2162, 'Mafeteng', 122),
(2163, 'Maseru', 122),
(2164, 'Mohales Hoek', 122),
(2165, 'Mokhotlong', 122),
(2166, 'Qachas Nek', 122),
(2167, 'Quthing', 122),
(2168, 'Thaba-Tseka', 122),
(2169, 'Bomi', 123),
(2170, 'Bong', 123),
(2171, 'Grand Bassa', 123),
(2172, 'Grand Cape Mount', 123),
(2173, 'Grand Gedeh', 123),
(2174, 'Loffa', 123),
(2175, 'Margibi', 123),
(2176, 'Maryland and Grand Kru', 123),
(2177, 'Montserrado', 123),
(2178, 'Nimba', 123),
(2179, 'Rivercess', 123),
(2180, 'Sinoe', 123),
(2181, 'Ajdabiya', 124),
(2182, 'Fezzan', 124),
(2183, 'Banghazi', 124),
(2184, 'Darnah', 124),
(2185, 'Ghadamis', 124),
(2186, 'Gharyan', 124),
(2187, 'Misratah', 124),
(2188, 'Murzuq', 124),
(2189, 'Sabha', 124),
(2190, 'Sawfajjin', 124),
(2191, 'Surt', 124),
(2192, 'Tarabulus', 124),
(2193, 'Tarhunah', 124),
(2194, 'Tripolitania', 124);
INSERT INTO `states` (`id`, `name`, `country_id`) VALUES
(2195, 'Tubruq', 124),
(2196, 'Yafran', 124),
(2197, 'Zlitan', 124),
(2198, 'al-Aziziyah', 124),
(2199, 'al-Fatih', 124),
(2200, 'al-Jabal al Akhdar', 124),
(2201, 'al-Jufrah', 124),
(2202, 'al-Khums', 124),
(2203, 'al-Kufrah', 124),
(2204, 'an-Nuqat al-Khams', 124),
(2205, 'ash-Shati', 124),
(2206, 'az-Zawiyah', 124),
(2207, 'Balzers', 125),
(2208, 'Eschen', 125),
(2209, 'Gamprin', 125),
(2210, 'Mauren', 125),
(2211, 'Planken', 125),
(2212, 'Ruggell', 125),
(2213, 'Schaan', 125),
(2214, 'Schellenberg', 125),
(2215, 'Triesen', 125),
(2216, 'Triesenberg', 125),
(2217, 'Vaduz', 125),
(2218, 'Alytaus', 126),
(2219, 'Anyksciai', 126),
(2220, 'Kauno', 126),
(2221, 'Klaipedos', 126),
(2222, 'Marijampoles', 126),
(2223, 'Panevezhio', 126),
(2224, 'Panevezys', 126),
(2225, 'Shiauliu', 126),
(2226, 'Taurages', 126),
(2227, 'Telshiu', 126),
(2228, 'Telsiai', 126),
(2229, 'Utenos', 126),
(2230, 'Vilniaus', 126),
(2231, 'Capellen', 127),
(2232, 'Clervaux', 127),
(2233, 'Diekirch', 127),
(2234, 'Echternach', 127),
(2235, 'Esch-sur-Alzette', 127),
(2236, 'Grevenmacher', 127),
(2237, 'Luxembourg', 127),
(2238, 'Mersch', 127),
(2239, 'Redange', 127),
(2240, 'Remich', 127),
(2241, 'Vianden', 127),
(2242, 'Wiltz', 127),
(2243, 'Macau', 128),
(2244, 'Berovo', 129),
(2245, 'Bitola', 129),
(2246, 'Brod', 129),
(2247, 'Debar', 129),
(2248, 'Delchevo', 129),
(2249, 'Demir Hisar', 129),
(2250, 'Gevgelija', 129),
(2251, 'Gostivar', 129),
(2252, 'Kavadarci', 129),
(2253, 'Kichevo', 129),
(2254, 'Kochani', 129),
(2255, 'Kratovo', 129),
(2256, 'Kriva Palanka', 129),
(2257, 'Krushevo', 129),
(2258, 'Kumanovo', 129),
(2259, 'Negotino', 129),
(2260, 'Ohrid', 129),
(2261, 'Prilep', 129),
(2262, 'Probishtip', 129),
(2263, 'Radovish', 129),
(2264, 'Resen', 129),
(2265, 'Shtip', 129),
(2266, 'Skopje', 129),
(2267, 'Struga', 129),
(2268, 'Strumica', 129),
(2269, 'Sveti Nikole', 129),
(2270, 'Tetovo', 129),
(2271, 'Valandovo', 129),
(2272, 'Veles', 129),
(2273, 'Vinica', 129),
(2274, 'Antananarivo', 130),
(2275, 'Antsiranana', 130),
(2276, 'Fianarantsoa', 130),
(2277, 'Mahajanga', 130),
(2278, 'Toamasina', 130),
(2279, 'Toliary', 130),
(2280, 'Balaka', 131),
(2281, 'Blantyre City', 131),
(2282, 'Chikwawa', 131),
(2283, 'Chiradzulu', 131),
(2284, 'Chitipa', 131),
(2285, 'Dedza', 131),
(2286, 'Dowa', 131),
(2287, 'Karonga', 131),
(2288, 'Kasungu', 131),
(2289, 'Lilongwe City', 131),
(2290, 'Machinga', 131),
(2291, 'Mangochi', 131),
(2292, 'Mchinji', 131),
(2293, 'Mulanje', 131),
(2294, 'Mwanza', 131),
(2295, 'Mzimba', 131),
(2296, 'Mzuzu City', 131),
(2297, 'Nkhata Bay', 131),
(2298, 'Nkhotakota', 131),
(2299, 'Nsanje', 131),
(2300, 'Ntcheu', 131),
(2301, 'Ntchisi', 131),
(2302, 'Phalombe', 131),
(2303, 'Rumphi', 131),
(2304, 'Salima', 131),
(2305, 'Thyolo', 131),
(2306, 'Zomba Municipality', 131),
(2307, 'Johor', 132),
(2308, 'Kedah', 132),
(2309, 'Kelantan', 132),
(2310, 'Kuala Lumpur', 132),
(2311, 'Labuan', 132),
(2312, 'Melaka', 132),
(2313, 'Negeri Johor', 132),
(2314, 'Negeri Sembilan', 132),
(2315, 'Pahang', 132),
(2316, 'Penang', 132),
(2317, 'Perak', 132),
(2318, 'Perlis', 132),
(2319, 'Pulau Pinang', 132),
(2320, 'Sabah', 132),
(2321, 'Sarawak', 132),
(2322, 'Selangor', 132),
(2323, 'Sembilan', 132),
(2324, 'Terengganu', 132),
(2325, 'Alif Alif', 133),
(2326, 'Alif Dhaal', 133),
(2327, 'Baa', 133),
(2328, 'Dhaal', 133),
(2329, 'Faaf', 133),
(2330, 'Gaaf Alif', 133),
(2331, 'Gaaf Dhaal', 133),
(2332, 'Ghaviyani', 133),
(2333, 'Haa Alif', 133),
(2334, 'Haa Dhaal', 133),
(2335, 'Kaaf', 133),
(2336, 'Laam', 133),
(2337, 'Lhaviyani', 133),
(2338, 'Male', 133),
(2339, 'Miim', 133),
(2340, 'Nuun', 133),
(2341, 'Raa', 133),
(2342, 'Shaviyani', 133),
(2343, 'Siin', 133),
(2344, 'Thaa', 133),
(2345, 'Vaav', 133),
(2346, 'Bamako', 134),
(2347, 'Gao', 134),
(2348, 'Kayes', 134),
(2349, 'Kidal', 134),
(2350, 'Koulikoro', 134),
(2351, 'Mopti', 134),
(2352, 'Segou', 134),
(2353, 'Sikasso', 134),
(2354, 'Tombouctou', 134),
(2355, 'Gozo and Comino', 135),
(2356, 'Inner Harbour', 135),
(2357, 'Northern', 135),
(2358, 'Outer Harbour', 135),
(2359, 'South Eastern', 135),
(2360, 'Valletta', 135),
(2361, 'Western', 135),
(2362, 'Castletown', 136),
(2363, 'Douglas', 136),
(2364, 'Laxey', 136),
(2365, 'Onchan', 136),
(2366, 'Peel', 136),
(2367, 'Port Erin', 136),
(2368, 'Port Saint Mary', 136),
(2369, 'Ramsey', 136),
(2370, 'Ailinlaplap', 137),
(2371, 'Ailuk', 137),
(2372, 'Arno', 137),
(2373, 'Aur', 137),
(2374, 'Bikini', 137),
(2375, 'Ebon', 137),
(2376, 'Enewetak', 137),
(2377, 'Jabat', 137),
(2378, 'Jaluit', 137),
(2379, 'Kili', 137),
(2380, 'Kwajalein', 137),
(2381, 'Lae', 137),
(2382, 'Lib', 137),
(2383, 'Likiep', 137),
(2384, 'Majuro', 137),
(2385, 'Maloelap', 137),
(2386, 'Mejit', 137),
(2387, 'Mili', 137),
(2388, 'Namorik', 137),
(2389, 'Namu', 137),
(2390, 'Rongelap', 137),
(2391, 'Ujae', 137),
(2392, 'Utrik', 137),
(2393, 'Wotho', 137),
(2394, 'Wotje', 137),
(2395, 'Fort-de-France', 138),
(2396, 'La Trinite', 138),
(2397, 'Le Marin', 138),
(2398, 'Saint-Pierre', 138),
(2399, 'Adrar', 139),
(2400, 'Assaba', 139),
(2401, 'Brakna', 139),
(2402, 'Dhakhlat Nawadibu', 139),
(2403, 'Hudh-al-Gharbi', 139),
(2404, 'Hudh-ash-Sharqi', 139),
(2405, 'Inshiri', 139),
(2406, 'Nawakshut', 139),
(2407, 'Qidimagha', 139),
(2408, 'Qurqul', 139),
(2409, 'Taqant', 139),
(2410, 'Tiris Zammur', 139),
(2411, 'Trarza', 139),
(2412, 'Black River', 140),
(2413, 'Eau Coulee', 140),
(2414, 'Flacq', 140),
(2415, 'Floreal', 140),
(2416, 'Grand Port', 140),
(2417, 'Moka', 140),
(2418, 'Pamplempousses', 140),
(2419, 'Plaines Wilhelm', 140),
(2420, 'Port Louis', 140),
(2421, 'Riviere du Rempart', 140),
(2422, 'Rodrigues', 140),
(2423, 'Rose Hill', 140),
(2424, 'Savanne', 140),
(2425, 'Mayotte', 141),
(2426, 'Pamanzi', 141),
(2427, 'Aguascalientes', 142),
(2428, 'Baja California', 142),
(2429, 'Baja California Sur', 142),
(2430, 'Campeche', 142),
(2431, 'Chiapas', 142),
(2432, 'Chihuahua', 142),
(2433, 'Coahuila', 142),
(2434, 'Colima', 142),
(2435, 'Distrito Federal', 142),
(2436, 'Durango', 142),
(2437, 'Estado de Mexico', 142),
(2438, 'Guanajuato', 142),
(2439, 'Guerrero', 142),
(2440, 'Hidalgo', 142),
(2441, 'Jalisco', 142),
(2442, 'Mexico', 142),
(2443, 'Michoacan', 142),
(2444, 'Morelos', 142),
(2445, 'Nayarit', 142),
(2446, 'Nuevo Leon', 142),
(2447, 'Oaxaca', 142),
(2448, 'Puebla', 142),
(2449, 'Queretaro', 142),
(2450, 'Quintana Roo', 142),
(2451, 'San Luis Potosi', 142),
(2452, 'Sinaloa', 142),
(2453, 'Sonora', 142),
(2454, 'Tabasco', 142),
(2455, 'Tamaulipas', 142),
(2456, 'Tlaxcala', 142),
(2457, 'Veracruz', 142),
(2458, 'Yucatan', 142),
(2459, 'Zacatecas', 142),
(2460, 'Chuuk', 143),
(2461, 'Kusaie', 143),
(2462, 'Pohnpei', 143),
(2463, 'Yap', 143),
(2464, 'Balti', 144),
(2465, 'Cahul', 144),
(2466, 'Chisinau', 144),
(2467, 'Chisinau Oras', 144),
(2468, 'Edinet', 144),
(2469, 'Gagauzia', 144),
(2470, 'Lapusna', 144),
(2471, 'Orhei', 144),
(2472, 'Soroca', 144),
(2473, 'Taraclia', 144),
(2474, 'Tighina', 144),
(2475, 'Transnistria', 144),
(2476, 'Ungheni', 144),
(2477, 'Fontvieille', 145),
(2478, 'La Condamine', 145),
(2479, 'Monaco-Ville', 145),
(2480, 'Monte Carlo', 145),
(2481, 'Arhangaj', 146),
(2482, 'Bajan-Olgij', 146),
(2483, 'Bajanhongor', 146),
(2484, 'Bulgan', 146),
(2485, 'Darhan-Uul', 146),
(2486, 'Dornod', 146),
(2487, 'Dornogovi', 146),
(2488, 'Dundgovi', 146),
(2489, 'Govi-Altaj', 146),
(2490, 'Govisumber', 146),
(2491, 'Hentij', 146),
(2492, 'Hovd', 146),
(2493, 'Hovsgol', 146),
(2494, 'Omnogovi', 146),
(2495, 'Orhon', 146),
(2496, 'Ovorhangaj', 146),
(2497, 'Selenge', 146),
(2498, 'Suhbaatar', 146),
(2499, 'Tov', 146),
(2500, 'Ulaanbaatar', 146),
(2501, 'Uvs', 146),
(2502, 'Zavhan', 146),
(2503, 'Montserrat', 147),
(2504, 'Agadir', 148),
(2505, 'Casablanca', 148),
(2506, 'Chaouia-Ouardigha', 148),
(2507, 'Doukkala-Abda', 148),
(2508, 'Fes-Boulemane', 148),
(2509, 'Gharb-Chrarda-Beni Hssen', 148),
(2510, 'Guelmim', 148),
(2511, 'Kenitra', 148),
(2512, 'Marrakech-Tensift-Al Haouz', 148),
(2513, 'Meknes-Tafilalet', 148),
(2514, 'Oriental', 148),
(2515, 'Oujda', 148),
(2516, 'Province de Tanger', 148),
(2517, 'Rabat-Sale-Zammour-Zaer', 148),
(2518, 'Sala Al Jadida', 148),
(2519, 'Settat', 148),
(2520, 'Souss Massa-Draa', 148),
(2521, 'Tadla-Azilal', 148),
(2522, 'Tangier-Tetouan', 148),
(2523, 'Taza-Al Hoceima-Taounate', 148),
(2524, 'Wilaya de Casablanca', 148),
(2525, 'Wilaya de Rabat-Sale', 148),
(2526, 'Cabo Delgado', 149),
(2527, 'Gaza', 149),
(2528, 'Inhambane', 149),
(2529, 'Manica', 149),
(2530, 'Maputo', 149),
(2531, 'Maputo Provincia', 149),
(2532, 'Nampula', 149),
(2533, 'Niassa', 149),
(2534, 'Sofala', 149),
(2535, 'Tete', 149),
(2536, 'Zambezia', 149),
(2537, 'Ayeyarwady', 150),
(2538, 'Bago', 150),
(2539, 'Chin', 150),
(2540, 'Kachin', 150),
(2541, 'Kayah', 150),
(2542, 'Kayin', 150),
(2543, 'Magway', 150),
(2544, 'Mandalay', 150),
(2545, 'Mon', 150),
(2546, 'Nay Pyi Taw', 150),
(2547, 'Rakhine', 150),
(2548, 'Sagaing', 150),
(2549, 'Shan', 150),
(2550, 'Tanintharyi', 150),
(2551, 'Yangon', 150),
(2552, 'Caprivi', 151),
(2553, 'Erongo', 151),
(2554, 'Hardap', 151),
(2555, 'Karas', 151),
(2556, 'Kavango', 151),
(2557, 'Khomas', 151),
(2558, 'Kunene', 151),
(2559, 'Ohangwena', 151),
(2560, 'Omaheke', 151),
(2561, 'Omusati', 151),
(2562, 'Oshana', 151),
(2563, 'Oshikoto', 151),
(2564, 'Otjozondjupa', 151),
(2565, 'Yaren', 152),
(2566, 'Bagmati', 153),
(2567, 'Bheri', 153),
(2568, 'Dhawalagiri', 153),
(2569, 'Gandaki', 153),
(2570, 'Janakpur', 153),
(2571, 'Karnali', 153),
(2572, 'Koshi', 153),
(2573, 'Lumbini', 153),
(2574, 'Mahakali', 153),
(2575, 'Mechi', 153),
(2576, 'Narayani', 153),
(2577, 'Rapti', 153),
(2578, 'Sagarmatha', 153),
(2579, 'Seti', 153),
(2580, 'Bonaire', 154),
(2581, 'Curacao', 154),
(2582, 'Saba', 154),
(2583, 'Sint Eustatius', 154),
(2584, 'Sint Maarten', 154),
(2585, 'Amsterdam', 155),
(2586, 'Benelux', 155),
(2587, 'Drenthe', 155),
(2588, 'Flevoland', 155),
(2589, 'Friesland', 155),
(2590, 'Gelderland', 155),
(2591, 'Groningen', 155),
(2592, 'Limburg', 155),
(2593, 'Noord-Brabant', 155),
(2594, 'Noord-Holland', 155),
(2595, 'Overijssel', 155),
(2596, 'South Holland', 155),
(2597, 'Utrecht', 155),
(2598, 'Zeeland', 155),
(2599, 'Zuid-Holland', 155),
(2600, 'Iles', 156),
(2601, 'Nord', 156),
(2602, 'Sud', 156),
(2603, 'Area Outside Region', 157),
(2604, 'Auckland', 157),
(2605, 'Bay of Plenty', 157),
(2606, 'Canterbury', 157),
(2607, 'Christchurch', 157),
(2608, 'Gisborne', 157),
(2609, 'Hawkes Bay', 157),
(2610, 'Manawatu-Wanganui', 157),
(2611, 'Marlborough', 157),
(2612, 'Nelson', 157),
(2613, 'Northland', 157),
(2614, 'Otago', 157),
(2615, 'Rodney', 157),
(2616, 'Southland', 157),
(2617, 'Taranaki', 157),
(2618, 'Tasman', 157),
(2619, 'Waikato', 157),
(2620, 'Wellington', 157),
(2621, 'West Coast', 157),
(2622, 'Atlantico Norte', 158),
(2623, 'Atlantico Sur', 158),
(2624, 'Boaco', 158),
(2625, 'Carazo', 158),
(2626, 'Chinandega', 158),
(2627, 'Chontales', 158),
(2628, 'Esteli', 158),
(2629, 'Granada', 158),
(2630, 'Jinotega', 158),
(2631, 'Leon', 158),
(2632, 'Madriz', 158),
(2633, 'Managua', 158),
(2634, 'Masaya', 158),
(2635, 'Matagalpa', 158),
(2636, 'Nueva Segovia', 158),
(2637, 'Rio San Juan', 158),
(2638, 'Rivas', 158),
(2639, 'Agadez', 159),
(2640, 'Diffa', 159),
(2641, 'Dosso', 159),
(2642, 'Maradi', 159),
(2643, 'Niamey', 159),
(2644, 'Tahoua', 159),
(2645, 'Tillabery', 159),
(2646, 'Zinder', 159),
(2647, 'Abia', 160),
(2648, 'Abuja Federal Capital Territor', 160),
(2649, 'Adamawa', 160),
(2650, 'Akwa Ibom', 160),
(2651, 'Anambra', 160),
(2652, 'Bauchi', 160),
(2653, 'Bayelsa', 160),
(2654, 'Benue', 160),
(2655, 'Borno', 160),
(2656, 'Cross River', 160),
(2657, 'Delta', 160),
(2658, 'Ebonyi', 160),
(2659, 'Edo', 160),
(2660, 'Ekiti', 160),
(2661, 'Enugu', 160),
(2662, 'Gombe', 160),
(2663, 'Imo', 160),
(2664, 'Jigawa', 160),
(2665, 'Kaduna', 160),
(2666, 'Kano', 160),
(2667, 'Katsina', 160),
(2668, 'Kebbi', 160),
(2669, 'Kogi', 160),
(2670, 'Kwara', 160),
(2671, 'Lagos', 160),
(2672, 'Nassarawa', 160),
(2673, 'Niger', 160),
(2674, 'Ogun', 160),
(2675, 'Ondo', 160),
(2676, 'Osun', 160),
(2677, 'Oyo', 160),
(2678, 'Plateau', 160),
(2679, 'Rivers', 160),
(2680, 'Sokoto', 160),
(2681, 'Taraba', 160),
(2682, 'Yobe', 160),
(2683, 'Zamfara', 160),
(2684, 'Niue', 161),
(2685, 'Norfolk Island', 162),
(2686, 'Northern Islands', 163),
(2687, 'Rota', 163),
(2688, 'Saipan', 163),
(2689, 'Tinian', 163),
(2690, 'Akershus', 164),
(2691, 'Aust Agder', 164),
(2692, 'Bergen', 164),
(2693, 'Buskerud', 164),
(2694, 'Finnmark', 164),
(2695, 'Hedmark', 164),
(2696, 'Hordaland', 164),
(2697, 'Moere og Romsdal', 164),
(2698, 'Nord Trondelag', 164),
(2699, 'Nordland', 164),
(2700, 'Oestfold', 164),
(2701, 'Oppland', 164),
(2702, 'Oslo', 164),
(2703, 'Rogaland', 164),
(2704, 'Soer Troendelag', 164),
(2705, 'Sogn og Fjordane', 164),
(2706, 'Stavern', 164),
(2707, 'Sykkylven', 164),
(2708, 'Telemark', 164),
(2709, 'Troms', 164),
(2710, 'Vest Agder', 164),
(2711, 'Vestfold', 164),
(2712, 'ÃƒÂ˜stfold', 164),
(2713, 'Al Buraimi', 165),
(2714, 'Dhufar', 165),
(2715, 'Masqat', 165),
(2716, 'Musandam', 165),
(2717, 'Rusayl', 165),
(2718, 'Wadi Kabir', 165),
(2719, 'ad-Dakhiliyah', 165),
(2720, 'adh-Dhahirah', 165),
(2721, 'al-Batinah', 165),
(2722, 'ash-Sharqiyah', 165),
(2723, 'Baluchistan', 166),
(2724, 'Federal Capital Area', 166),
(2725, 'Federally administered Tribal ', 166),
(2726, 'North-West Frontier', 166),
(2727, 'Northern Areas', 166),
(2728, 'Punjab', 166),
(2729, 'Sind', 166),
(2730, 'Aimeliik', 167),
(2731, 'Airai', 167),
(2732, 'Angaur', 167),
(2733, 'Hatobohei', 167),
(2734, 'Kayangel', 167),
(2735, 'Koror', 167),
(2736, 'Melekeok', 167),
(2737, 'Ngaraard', 167),
(2738, 'Ngardmau', 167),
(2739, 'Ngaremlengui', 167),
(2740, 'Ngatpang', 167),
(2741, 'Ngchesar', 167),
(2742, 'Ngerchelong', 167),
(2743, 'Ngiwal', 167),
(2744, 'Peleliu', 167),
(2745, 'Sonsorol', 167),
(2746, 'Ariha', 168),
(2747, 'Bayt Lahm', 168),
(2748, 'Bethlehem', 168),
(2749, 'Dayr-al-Balah', 168),
(2750, 'Ghazzah', 168),
(2751, 'Ghazzah ash-Shamaliyah', 168),
(2752, 'Janin', 168),
(2753, 'Khan Yunis', 168),
(2754, 'Nabulus', 168),
(2755, 'Qalqilyah', 168),
(2756, 'Rafah', 168),
(2757, 'Ram Allah wal-Birah', 168),
(2758, 'Salfit', 168),
(2759, 'Tubas', 168),
(2760, 'Tulkarm', 168),
(2761, 'al-Khalil', 168),
(2762, 'al-Quds', 168),
(2763, 'Bocas del Toro', 169),
(2764, 'Chiriqui', 169),
(2765, 'Cocle', 169),
(2766, 'Colon', 169),
(2767, 'Darien', 169),
(2768, 'Embera', 169),
(2769, 'Herrera', 169),
(2770, 'Kuna Yala', 169),
(2771, 'Los Santos', 169),
(2772, 'Ngobe Bugle', 169),
(2773, 'Panama', 169),
(2774, 'Veraguas', 169),
(2775, 'East New Britain', 170),
(2776, 'East Sepik', 170),
(2777, 'Eastern Highlands', 170),
(2778, 'Enga', 170),
(2779, 'Fly River', 170),
(2780, 'Gulf', 170),
(2781, 'Madang', 170),
(2782, 'Manus', 170),
(2783, 'Milne Bay', 170),
(2784, 'Morobe', 170),
(2785, 'National Capital District', 170),
(2786, 'New Ireland', 170),
(2787, 'North Solomons', 170),
(2788, 'Oro', 170),
(2789, 'Sandaun', 170),
(2790, 'Simbu', 170),
(2791, 'Southern Highlands', 170),
(2792, 'West New Britain', 170),
(2793, 'Western Highlands', 170),
(2794, 'Alto Paraguay', 171),
(2795, 'Alto Parana', 171),
(2796, 'Amambay', 171),
(2797, 'Asuncion', 171),
(2798, 'Boqueron', 171),
(2799, 'Caaguazu', 171),
(2800, 'Caazapa', 171),
(2801, 'Canendiyu', 171),
(2802, 'Central', 171),
(2803, 'Concepcion', 171),
(2804, 'Cordillera', 171),
(2805, 'Guaira', 171),
(2806, 'Itapua', 171),
(2807, 'Misiones', 171),
(2808, 'Neembucu', 171),
(2809, 'Paraguari', 171),
(2810, 'Presidente Hayes', 171),
(2811, 'San Pedro', 171),
(2812, 'Amazonas', 172),
(2813, 'Ancash', 172),
(2814, 'Apurimac', 172),
(2815, 'Arequipa', 172),
(2816, 'Ayacucho', 172),
(2817, 'Cajamarca', 172),
(2818, 'Cusco', 172),
(2819, 'Huancavelica', 172),
(2820, 'Huanuco', 172),
(2821, 'Ica', 172),
(2822, 'Junin', 172),
(2823, 'La Libertad', 172),
(2824, 'Lambayeque', 172),
(2825, 'Lima y Callao', 172),
(2826, 'Loreto', 172),
(2827, 'Madre de Dios', 172),
(2828, 'Moquegua', 172),
(2829, 'Pasco', 172),
(2830, 'Piura', 172),
(2831, 'Puno', 172),
(2832, 'San Martin', 172),
(2833, 'Tacna', 172),
(2834, 'Tumbes', 172),
(2835, 'Ucayali', 172),
(2836, 'Batangas', 173),
(2837, 'Bicol', 173),
(2838, 'Bulacan', 173),
(2839, 'Cagayan', 173),
(2840, 'Caraga', 173),
(2841, 'Central Luzon', 173),
(2842, 'Central Mindanao', 173),
(2843, 'Central Visayas', 173),
(2844, 'Cordillera', 173),
(2845, 'Davao', 173),
(2846, 'Eastern Visayas', 173),
(2847, 'Greater Metropolitan Area', 173),
(2848, 'Ilocos', 173),
(2849, 'Laguna', 173),
(2850, 'Luzon', 173),
(2851, 'Mactan', 173),
(2852, 'Metropolitan Manila Area', 173),
(2853, 'Muslim Mindanao', 173),
(2854, 'Northern Mindanao', 173),
(2855, 'Southern Mindanao', 173),
(2856, 'Southern Tagalog', 173),
(2857, 'Western Mindanao', 173),
(2858, 'Western Visayas', 173),
(2859, 'Pitcairn Island', 174),
(2860, 'Biale Blota', 175),
(2861, 'Dobroszyce', 175),
(2862, 'Dolnoslaskie', 175),
(2863, 'Dziekanow Lesny', 175),
(2864, 'Hopowo', 175),
(2865, 'Kartuzy', 175),
(2866, 'Koscian', 175),
(2867, 'Krakow', 175),
(2868, 'Kujawsko-Pomorskie', 175),
(2869, 'Lodzkie', 175),
(2870, 'Lubelskie', 175),
(2871, 'Lubuskie', 175),
(2872, 'Malomice', 175),
(2873, 'Malopolskie', 175),
(2874, 'Mazowieckie', 175),
(2875, 'Mirkow', 175),
(2876, 'Opolskie', 175),
(2877, 'Ostrowiec', 175),
(2878, 'Podkarpackie', 175),
(2879, 'Podlaskie', 175),
(2880, 'Polska', 175),
(2881, 'Pomorskie', 175),
(2882, 'Poznan', 175),
(2883, 'Pruszkow', 175),
(2884, 'Rymanowska', 175),
(2885, 'Rzeszow', 175),
(2886, 'Slaskie', 175),
(2887, 'Stare Pole', 175),
(2888, 'Swietokrzyskie', 175),
(2889, 'Warminsko-Mazurskie', 175),
(2890, 'Warsaw', 175),
(2891, 'Wejherowo', 175),
(2892, 'Wielkopolskie', 175),
(2893, 'Wroclaw', 175),
(2894, 'Zachodnio-Pomorskie', 175),
(2895, 'Zukowo', 175),
(2896, 'Abrantes', 176),
(2897, 'Acores', 176),
(2898, 'Alentejo', 176),
(2899, 'Algarve', 176),
(2900, 'Braga', 176),
(2901, 'Centro', 176),
(2902, 'Distrito de Leiria', 176),
(2903, 'Distrito de Viana do Castelo', 176),
(2904, 'Distrito de Vila Real', 176),
(2905, 'Distrito do Porto', 176),
(2906, 'Lisboa e Vale do Tejo', 176),
(2907, 'Madeira', 176),
(2908, 'Norte', 176),
(2909, 'Paivas', 176),
(2910, 'Arecibo', 177),
(2911, 'Bayamon', 177),
(2912, 'Carolina', 177),
(2913, 'Florida', 177),
(2914, 'Guayama', 177),
(2915, 'Humacao', 177),
(2916, 'Mayaguez-Aguadilla', 177),
(2917, 'Ponce', 177),
(2918, 'Salinas', 177),
(2919, 'San Juan', 177),
(2920, 'Doha', 178),
(2921, 'Jarian-al-Batnah', 178),
(2922, 'Umm Salal', 178),
(2923, 'ad-Dawhah', 178),
(2924, 'al-Ghuwayriyah', 178),
(2925, 'al-Jumayliyah', 178),
(2926, 'al-Khawr', 178),
(2927, 'al-Wakrah', 178),
(2928, 'ar-Rayyan', 178),
(2929, 'ash-Shamal', 178),
(2930, 'Saint-Benoit', 179),
(2931, 'Saint-Denis', 179),
(2932, 'Saint-Paul', 179),
(2933, 'Saint-Pierre', 179),
(2934, 'Alba', 180),
(2935, 'Arad', 180),
(2936, 'Arges', 180),
(2937, 'Bacau', 180),
(2938, 'Bihor', 180),
(2939, 'Bistrita-Nasaud', 180),
(2940, 'Botosani', 180),
(2941, 'Braila', 180),
(2942, 'Brasov', 180),
(2943, 'Bucuresti', 180),
(2944, 'Buzau', 180),
(2945, 'Calarasi', 180),
(2946, 'Caras-Severin', 180),
(2947, 'Cluj', 180),
(2948, 'Constanta', 180),
(2949, 'Covasna', 180),
(2950, 'Dambovita', 180),
(2951, 'Dolj', 180),
(2952, 'Galati', 180),
(2953, 'Giurgiu', 180),
(2954, 'Gorj', 180),
(2955, 'Harghita', 180),
(2956, 'Hunedoara', 180),
(2957, 'Ialomita', 180),
(2958, 'Iasi', 180),
(2959, 'Ilfov', 180),
(2960, 'Maramures', 180),
(2961, 'Mehedinti', 180),
(2962, 'Mures', 180),
(2963, 'Neamt', 180),
(2964, 'Olt', 180),
(2965, 'Prahova', 180),
(2966, 'Salaj', 180),
(2967, 'Satu Mare', 180),
(2968, 'Sibiu', 180),
(2969, 'Sondelor', 180),
(2970, 'Suceava', 180),
(2971, 'Teleorman', 180),
(2972, 'Timis', 180),
(2973, 'Tulcea', 180),
(2974, 'Valcea', 180),
(2975, 'Vaslui', 180),
(2976, 'Vrancea', 180),
(2977, 'Adygeja', 181),
(2978, 'Aga', 181),
(2979, 'Alanija', 181),
(2980, 'Altaj', 181),
(2981, 'Amur', 181),
(2982, 'Arhangelsk', 181),
(2983, 'Astrahan', 181),
(2984, 'Bashkortostan', 181),
(2985, 'Belgorod', 181),
(2986, 'Brjansk', 181),
(2987, 'Burjatija', 181),
(2988, 'Chechenija', 181),
(2989, 'Cheljabinsk', 181),
(2990, 'Chita', 181),
(2991, 'Chukotka', 181),
(2992, 'Chuvashija', 181),
(2993, 'Dagestan', 181),
(2994, 'Evenkija', 181),
(2995, 'Gorno-Altaj', 181),
(2996, 'Habarovsk', 181),
(2997, 'Hakasija', 181),
(2998, 'Hanty-Mansija', 181),
(2999, 'Ingusetija', 181),
(3000, 'Irkutsk', 181),
(3001, 'Ivanovo', 181),
(3002, 'Jamalo-Nenets', 181),
(3003, 'Jaroslavl', 181),
(3004, 'Jevrej', 181),
(3005, 'Kabardino-Balkarija', 181),
(3006, 'Kaliningrad', 181),
(3007, 'Kalmykija', 181),
(3008, 'Kaluga', 181),
(3009, 'Kamchatka', 181),
(3010, 'Karachaj-Cherkessija', 181),
(3011, 'Karelija', 181),
(3012, 'Kemerovo', 181),
(3013, 'Khabarovskiy Kray', 181),
(3014, 'Kirov', 181),
(3015, 'Komi', 181),
(3016, 'Komi-Permjakija', 181),
(3017, 'Korjakija', 181),
(3018, 'Kostroma', 181),
(3019, 'Krasnodar', 181),
(3020, 'Krasnojarsk', 181),
(3021, 'Krasnoyarskiy Kray', 181),
(3022, 'Kurgan', 181),
(3023, 'Kursk', 181),
(3024, 'Leningrad', 181),
(3025, 'Lipeck', 181),
(3026, 'Magadan', 181),
(3027, 'Marij El', 181),
(3028, 'Mordovija', 181),
(3029, 'Moscow', 181),
(3030, 'Moskovskaja Oblast', 181),
(3031, 'Moskovskaya Oblast', 181),
(3032, 'Moskva', 181),
(3033, 'Murmansk', 181),
(3034, 'Nenets', 181),
(3035, 'Nizhnij Novgorod', 181),
(3036, 'Novgorod', 181),
(3037, 'Novokusnezk', 181),
(3038, 'Novosibirsk', 181),
(3039, 'Omsk', 181),
(3040, 'Orenburg', 181),
(3041, 'Orjol', 181),
(3042, 'Penza', 181),
(3043, 'Perm', 181),
(3044, 'Primorje', 181),
(3045, 'Pskov', 181),
(3046, 'Pskovskaya Oblast', 181),
(3047, 'Rjazan', 181),
(3048, 'Rostov', 181),
(3049, 'Saha', 181),
(3050, 'Sahalin', 181),
(3051, 'Samara', 181),
(3052, 'Samarskaya', 181),
(3053, 'Sankt-Peterburg', 181),
(3054, 'Saratov', 181),
(3055, 'Smolensk', 181),
(3056, 'Stavropol', 181),
(3057, 'Sverdlovsk', 181),
(3058, 'Tajmyrija', 181),
(3059, 'Tambov', 181),
(3060, 'Tatarstan', 181),
(3061, 'Tjumen', 181),
(3062, 'Tomsk', 181),
(3063, 'Tula', 181),
(3064, 'Tver', 181),
(3065, 'Tyva', 181),
(3066, 'Udmurtija', 181),
(3067, 'Uljanovsk', 181),
(3068, 'Ulyanovskaya Oblast', 181),
(3069, 'Ust-Orda', 181),
(3070, 'Vladimir', 181),
(3071, 'Volgograd', 181),
(3072, 'Vologda', 181),
(3073, 'Voronezh', 181),
(3074, 'Butare', 182),
(3075, 'Byumba', 182),
(3076, 'Cyangugu', 182),
(3077, 'Gikongoro', 182),
(3078, 'Gisenyi', 182),
(3079, 'Gitarama', 182),
(3080, 'Kibungo', 182),
(3081, 'Kibuye', 182),
(3082, 'Kigali-ngali', 182),
(3083, 'Ruhengeri', 182),
(3084, 'Ascension', 183),
(3085, 'Gough Island', 183),
(3086, 'Saint Helena', 183),
(3087, 'Tristan da Cunha', 183),
(3088, 'Christ Church Nichola Town', 184),
(3089, 'Saint Anne Sandy Point', 184),
(3090, 'Saint George Basseterre', 184),
(3091, 'Saint George Gingerland', 184),
(3092, 'Saint James Windward', 184),
(3093, 'Saint John Capesterre', 184),
(3094, 'Saint John Figtree', 184),
(3095, 'Saint Mary Cayon', 184),
(3096, 'Saint Paul Capesterre', 184),
(3097, 'Saint Paul Charlestown', 184),
(3098, 'Saint Peter Basseterre', 184),
(3099, 'Saint Thomas Lowland', 184),
(3100, 'Saint Thomas Middle Island', 184),
(3101, 'Trinity Palmetto Point', 184),
(3102, 'Anse-la-Raye', 185),
(3103, 'Canaries', 185),
(3104, 'Castries', 185),
(3105, 'Choiseul', 185),
(3106, 'Dennery', 185),
(3107, 'Gros Inlet', 185),
(3108, 'Laborie', 185),
(3109, 'Micoud', 185),
(3110, 'Soufriere', 185),
(3111, 'Vieux Fort', 185),
(3112, 'Miquelon-Langlade', 186),
(3113, 'Saint-Pierre', 186),
(3114, 'Charlotte', 187),
(3115, 'Grenadines', 187),
(3116, 'Saint Andrew', 187),
(3117, 'Saint David', 187),
(3118, 'Saint George', 187),
(3119, 'Saint Patrick', 187),
(3120, 'Aana', 188),
(3121, 'Aiga-i-le-Tai', 188),
(3122, 'Atua', 188),
(3123, 'Faasaleleaga', 188),
(3124, 'Gagaemauga', 188),
(3125, 'Gagaifomauga', 188),
(3126, 'Palauli', 188),
(3127, 'Satupaitea', 188),
(3128, 'Tuamasaga', 188),
(3129, 'Vaa-o-Fonoti', 188),
(3130, 'Vaisigano', 188),
(3131, 'Acquaviva', 189),
(3132, 'Borgo Maggiore', 189),
(3133, 'Chiesanuova', 189),
(3134, 'Domagnano', 189),
(3135, 'Faetano', 189),
(3136, 'Fiorentino', 189),
(3137, 'Montegiardino', 189),
(3138, 'San Marino', 189),
(3139, 'Serravalle', 189),
(3140, 'Agua Grande', 190),
(3141, 'Cantagalo', 190),
(3142, 'Lemba', 190),
(3143, 'Lobata', 190),
(3144, 'Me-Zochi', 190),
(3145, 'Pague', 190),
(3146, 'Al Khobar', 191),
(3147, 'Aseer', 191),
(3148, 'Ash Sharqiyah', 191),
(3149, 'Asir', 191),
(3150, 'Central Province', 191),
(3151, 'Eastern Province', 191),
(3152, 'Hail', 191),
(3153, 'Jawf', 191),
(3154, 'Jizan', 191),
(3155, 'Makkah', 191),
(3156, 'Najran', 191),
(3157, 'Qasim', 191),
(3158, 'Tabuk', 191),
(3159, 'Western Province', 191),
(3160, 'al-Bahah', 191),
(3161, 'al-Hudud-ash-Shamaliyah', 191),
(3162, 'al-Madinah', 191),
(3163, 'ar-Riyad', 191),
(3164, 'Dakar', 192),
(3165, 'Diourbel', 192),
(3166, 'Fatick', 192),
(3167, 'Kaolack', 192),
(3168, 'Kolda', 192),
(3169, 'Louga', 192),
(3170, 'Saint-Louis', 192),
(3171, 'Tambacounda', 192),
(3172, 'Thies', 192),
(3173, 'Ziguinchor', 192),
(3174, 'Central Serbia', 193),
(3175, 'Kosovo and Metohija', 193),
(3176, 'Vojvodina', 193),
(3177, 'Anse Boileau', 194),
(3178, 'Anse Royale', 194),
(3179, 'Cascade', 194),
(3180, 'Takamaka', 194),
(3181, 'Victoria', 194),
(3182, 'Eastern', 195),
(3183, 'Northern', 195),
(3184, 'Southern', 195),
(3185, 'Western', 195),
(3186, 'Singapore', 196),
(3187, 'Banskobystricky', 197),
(3188, 'Bratislavsky', 197),
(3189, 'Kosicky', 197),
(3190, 'Nitriansky', 197),
(3191, 'Presovsky', 197),
(3192, 'Trenciansky', 197),
(3193, 'Trnavsky', 197),
(3194, 'Zilinsky', 197),
(3195, 'Benedikt', 198),
(3196, 'Gorenjska', 198),
(3197, 'Gorishka', 198),
(3198, 'Jugovzhodna Slovenija', 198),
(3199, 'Koroshka', 198),
(3200, 'Notranjsko-krashka', 198),
(3201, 'Obalno-krashka', 198),
(3202, 'Obcina Domzale', 198),
(3203, 'Obcina Vitanje', 198),
(3204, 'Osrednjeslovenska', 198),
(3205, 'Podravska', 198),
(3206, 'Pomurska', 198),
(3207, 'Savinjska', 198),
(3208, 'Slovenian Littoral', 198),
(3209, 'Spodnjeposavska', 198),
(3210, 'Zasavska', 198),
(3211, 'Pitcairn', 199),
(3212, 'Central', 200),
(3213, 'Choiseul', 200),
(3214, 'Guadalcanal', 200),
(3215, 'Isabel', 200),
(3216, 'Makira and Ulawa', 200),
(3217, 'Malaita', 200),
(3218, 'Rennell and Bellona', 200),
(3219, 'Temotu', 200),
(3220, 'Western', 200),
(3221, 'Awdal', 201),
(3222, 'Bakol', 201),
(3223, 'Banadir', 201),
(3224, 'Bari', 201),
(3225, 'Bay', 201),
(3226, 'Galgudug', 201),
(3227, 'Gedo', 201),
(3228, 'Hiran', 201),
(3229, 'Jubbada Hose', 201),
(3230, 'Jubbadha Dexe', 201),
(3231, 'Mudug', 201),
(3232, 'Nugal', 201),
(3233, 'Sanag', 201),
(3234, 'Shabellaha Dhexe', 201),
(3235, 'Shabellaha Hose', 201),
(3236, 'Togdher', 201),
(3237, 'Woqoyi Galbed', 201),
(3238, 'Eastern Cape', 202),
(3239, 'Free State', 202),
(3240, 'Gauteng', 202),
(3241, 'Kempton Park', 202),
(3242, 'Kramerville', 202),
(3243, 'KwaZulu Natal', 202),
(3244, 'Limpopo', 202),
(3245, 'Mpumalanga', 202),
(3246, 'North West', 202),
(3247, 'Northern Cape', 202),
(3248, 'Parow', 202),
(3249, 'Table View', 202),
(3250, 'Umtentweni', 202),
(3251, 'Western Cape', 202),
(3252, 'South Georgia', 203),
(3253, 'Central Equatoria', 204),
(3254, 'A Coruna', 205),
(3255, 'Alacant', 205),
(3256, 'Alava', 205),
(3257, 'Albacete', 205),
(3258, 'Almeria', 205),
(3260, 'Asturias', 205),
(3261, 'Avila', 205),
(3262, 'Badajoz', 205),
(3263, 'Balears', 205),
(3264, 'Barcelona', 205),
(3267, 'Burgos', 205),
(3268, 'Caceres', 205),
(3269, 'Cadiz', 205),
(3270, 'Cantabria', 205),
(3271, 'Castello', 205),
(3273, 'Ceuta', 205),
(3274, 'Ciudad Real', 205),
(3281, 'Cordoba', 205),
(3282, 'Cuenca', 205),
(3284, 'Girona', 205),
(3285, 'Granada', 205),
(3286, 'Guadalajara', 205),
(3287, 'Guipuzcoa', 205),
(3288, 'Huelva', 205),
(3289, 'Huesca', 205),
(3290, 'Jaen', 205),
(3291, 'La Rioja', 205),
(3292, 'Las Palmas', 205),
(3293, 'Leon', 205),
(3295, 'Lleida', 205),
(3296, 'Lugo', 205),
(3297, 'Madrid', 205),
(3298, 'Malaga', 205),
(3299, 'Melilla', 205),
(3300, 'Murcia', 205),
(3301, 'Navarra', 205),
(3302, 'Ourense', 205),
(3303, 'Pais Vasco', 205),
(3304, 'Palencia', 205),
(3305, 'Pontevedra', 205),
(3306, 'Salamanca', 205),
(3308, 'Segovia', 205),
(3309, 'Sevilla', 205),
(3310, 'Soria', 205),
(3311, 'Tarragona', 205),
(3312, 'Santa Cruz de Tenerife', 205),
(3313, 'Teruel', 205),
(3314, 'Toledo', 205),
(3315, 'Valencia', 205),
(3316, 'Valladolid', 205),
(3317, 'Vizcaya', 205),
(3318, 'Zamora', 205),
(3319, 'Zaragoza', 205),
(3320, 'Amparai', 206),
(3321, 'Anuradhapuraya', 206),
(3322, 'Badulla', 206),
(3323, 'Boralesgamuwa', 206),
(3324, 'Colombo', 206),
(3325, 'Galla', 206),
(3326, 'Gampaha', 206),
(3327, 'Hambantota', 206),
(3328, 'Kalatura', 206),
(3329, 'Kegalla', 206),
(3330, 'Kilinochchi', 206),
(3331, 'Kurunegala', 206),
(3332, 'Madakalpuwa', 206),
(3333, 'Maha Nuwara', 206),
(3334, 'Malwana', 206),
(3335, 'Mannarama', 206),
(3336, 'Matale', 206),
(3337, 'Matara', 206),
(3338, 'Monaragala', 206),
(3339, 'Mullaitivu', 206),
(3340, 'North Eastern Province', 206),
(3341, 'North Western Province', 206),
(3342, 'Nuwara Eliya', 206),
(3343, 'Polonnaruwa', 206),
(3344, 'Puttalama', 206),
(3345, 'Ratnapuraya', 206),
(3346, 'Southern Province', 206),
(3347, 'Tirikunamalaya', 206),
(3348, 'Tuscany', 206),
(3349, 'Vavuniyawa', 206),
(3350, 'Western Province', 206),
(3351, 'Yapanaya', 206),
(3352, 'kadawatha', 206),
(3353, 'Aali-an-Nil', 207),
(3354, 'Bahr-al-Jabal', 207),
(3355, 'Central Equatoria', 207),
(3356, 'Gharb Bahr-al-Ghazal', 207),
(3357, 'Gharb Darfur', 207),
(3358, 'Gharb Kurdufan', 207),
(3359, 'Gharb-al-Istiwaiyah', 207),
(3360, 'Janub Darfur', 207),
(3361, 'Janub Kurdufan', 207),
(3362, 'Junqali', 207),
(3363, 'Kassala', 207),
(3364, 'Nahr-an-Nil', 207),
(3365, 'Shamal Bahr-al-Ghazal', 207),
(3366, 'Shamal Darfur', 207),
(3367, 'Shamal Kurdufan', 207),
(3368, 'Sharq-al-Istiwaiyah', 207),
(3369, 'Sinnar', 207),
(3370, 'Warab', 207),
(3371, 'Wilayat al Khartum', 207),
(3372, 'al-Bahr-al-Ahmar', 207),
(3373, 'al-Buhayrat', 207),
(3374, 'al-Jazirah', 207),
(3375, 'al-Khartum', 207),
(3376, 'al-Qadarif', 207),
(3377, 'al-Wahdah', 207),
(3378, 'an-Nil-al-Abyad', 207),
(3379, 'an-Nil-al-Azraq', 207),
(3380, 'ash-Shamaliyah', 207),
(3381, 'Brokopondo', 208),
(3382, 'Commewijne', 208),
(3383, 'Coronie', 208),
(3384, 'Marowijne', 208),
(3385, 'Nickerie', 208),
(3386, 'Para', 208),
(3387, 'Paramaribo', 208),
(3388, 'Saramacca', 208),
(3389, 'Wanica', 208),
(3390, 'Svalbard', 209),
(3391, 'Hhohho', 210),
(3392, 'Lubombo', 210),
(3393, 'Manzini', 210),
(3394, 'Shiselweni', 210),
(3395, 'Alvsborgs Lan', 211),
(3396, 'Angermanland', 211),
(3397, 'Blekinge', 211),
(3398, 'Bohuslan', 211),
(3399, 'Dalarna', 211),
(3400, 'Gavleborg', 211),
(3401, 'Gaza', 211),
(3402, 'Gotland', 211),
(3403, 'Halland', 211),
(3404, 'Jamtland', 211),
(3405, 'Jonkoping', 211),
(3406, 'Kalmar', 211),
(3407, 'Kristianstads', 211),
(3408, 'Kronoberg', 211),
(3409, 'Norrbotten', 211),
(3410, 'Orebro', 211),
(3411, 'Ostergotland', 211),
(3412, 'Saltsjo-Boo', 211),
(3413, 'Skane', 211),
(3414, 'Smaland', 211),
(3415, 'Sodermanland', 211),
(3416, 'Stockholm', 211),
(3417, 'Uppsala', 211),
(3418, 'Varmland', 211),
(3419, 'Vasterbotten', 211),
(3420, 'Vastergotland', 211),
(3421, 'Vasternorrland', 211),
(3422, 'Vastmanland', 211),
(3423, 'Vastra Gotaland', 211),
(3424, 'Aargau', 212),
(3425, 'Appenzell Inner-Rhoden', 212),
(3426, 'Appenzell-Ausser Rhoden', 212),
(3427, 'Basel-Landschaft', 212),
(3428, 'Basel-Stadt', 212),
(3429, 'Bern', 212),
(3430, 'Canton Ticino', 212),
(3431, 'Fribourg', 212),
(3432, 'Geneve', 212),
(3433, 'Glarus', 212),
(3434, 'Graubunden', 212),
(3435, 'Heerbrugg', 212),
(3436, 'Jura', 212),
(3437, 'Kanton Aargau', 212),
(3438, 'Luzern', 212),
(3439, 'Morbio Inferiore', 212),
(3440, 'Muhen', 212),
(3441, 'Neuchatel', 212),
(3442, 'Nidwalden', 212),
(3443, 'Obwalden', 212),
(3444, 'Sankt Gallen', 212),
(3445, 'Schaffhausen', 212),
(3446, 'Schwyz', 212),
(3447, 'Solothurn', 212),
(3448, 'Thurgau', 212),
(3449, 'Ticino', 212),
(3450, 'Uri', 212),
(3451, 'Valais', 212),
(3452, 'Vaud', 212),
(3453, 'Vauffelin', 212),
(3454, 'Zug', 212),
(3455, 'Zurich', 212),
(3456, 'Aleppo', 213),
(3457, 'Dara', 213),
(3458, 'Dayr-az-Zawr', 213),
(3459, 'Dimashq', 213),
(3460, 'Halab', 213),
(3461, 'Hamah', 213),
(3462, 'Hims', 213),
(3463, 'Idlib', 213),
(3464, 'Madinat Dimashq', 213),
(3465, 'Tartus', 213),
(3466, 'al-Hasakah', 213),
(3467, 'al-Ladhiqiyah', 213),
(3468, 'al-Qunaytirah', 213),
(3469, 'ar-Raqqah', 213),
(3470, 'as-Suwayda', 213),
(3471, 'Changhua County', 214),
(3472, 'Chiayi County', 214),
(3473, 'Chiayi City', 214),
(3474, 'Taipei City', 214),
(3475, 'Hsinchu County', 214),
(3476, 'Hsinchu City', 214),
(3477, 'Hualien County', 214),
(3480, 'Kaohsiung City', 214),
(3481, 'Keelung City', 214),
(3482, 'Kinmen County', 214),
(3483, 'Miaoli County', 214),
(3484, 'Nantou County', 214),
(3486, 'Penghu County', 214),
(3487, 'Pingtung County', 214),
(3488, 'Taichung City', 214),
(3492, 'Tainan City', 214),
(3493, 'New Taipei City', 214),
(3495, 'Taitung County', 214),
(3496, 'Taoyuan City', 214),
(3497, 'Yilan County', 214),
(3498, 'YunLin County', 214),
(3500, 'Dushanbe', 215),
(3501, 'Gorno-Badakhshan', 215),
(3502, 'Karotegin', 215),
(3503, 'Khatlon', 215),
(3504, 'Sughd', 215),
(3505, 'Arusha', 216),
(3506, 'Dar es Salaam', 216),
(3507, 'Dodoma', 216),
(3508, 'Iringa', 216),
(3509, 'Kagera', 216),
(3510, 'Kigoma', 216),
(3511, 'Kilimanjaro', 216),
(3512, 'Lindi', 216),
(3513, 'Mara', 216),
(3514, 'Mbeya', 216),
(3515, 'Morogoro', 216),
(3516, 'Mtwara', 216),
(3517, 'Mwanza', 216),
(3518, 'Pwani', 216),
(3519, 'Rukwa', 216),
(3520, 'Ruvuma', 216),
(3521, 'Shinyanga', 216),
(3522, 'Singida', 216),
(3523, 'Tabora', 216),
(3524, 'Tanga', 216),
(3525, 'Zanzibar and Pemba', 216),
(3526, 'Amnat Charoen', 217),
(3527, 'Ang Thong', 217),
(3528, 'Bangkok', 217),
(3529, 'Buri Ram', 217),
(3530, 'Chachoengsao', 217),
(3531, 'Chai Nat', 217),
(3532, 'Chaiyaphum', 217),
(3533, 'Changwat Chaiyaphum', 217),
(3534, 'Chanthaburi', 217),
(3535, 'Chiang Mai', 217),
(3536, 'Chiang Rai', 217),
(3537, 'Chon Buri', 217),
(3538, 'Chumphon', 217),
(3539, 'Kalasin', 217),
(3540, 'Kamphaeng Phet', 217),
(3541, 'Kanchanaburi', 217),
(3542, 'Khon Kaen', 217),
(3543, 'Krabi', 217),
(3544, 'Krung Thep', 217),
(3545, 'Lampang', 217),
(3546, 'Lamphun', 217),
(3547, 'Loei', 217),
(3548, 'Lop Buri', 217),
(3549, 'Mae Hong Son', 217),
(3550, 'Maha Sarakham', 217),
(3551, 'Mukdahan', 217),
(3552, 'Nakhon Nayok', 217),
(3553, 'Nakhon Pathom', 217),
(3554, 'Nakhon Phanom', 217),
(3555, 'Nakhon Ratchasima', 217),
(3556, 'Nakhon Sawan', 217),
(3557, 'Nakhon Si Thammarat', 217),
(3558, 'Nan', 217),
(3559, 'Narathiwat', 217),
(3560, 'Nong Bua Lam Phu', 217),
(3561, 'Nong Khai', 217),
(3562, 'Nonthaburi', 217),
(3563, 'Pathum Thani', 217),
(3564, 'Pattani', 217),
(3565, 'Phangnga', 217),
(3566, 'Phatthalung', 217),
(3567, 'Phayao', 217),
(3568, 'Phetchabun', 217),
(3569, 'Phetchaburi', 217),
(3570, 'Phichit', 217),
(3571, 'Phitsanulok', 217),
(3572, 'Phra Nakhon Si Ayutthaya', 217),
(3573, 'Phrae', 217),
(3574, 'Phuket', 217),
(3575, 'Prachin Buri', 217),
(3576, 'Prachuap Khiri Khan', 217),
(3577, 'Ranong', 217),
(3578, 'Ratchaburi', 217),
(3579, 'Rayong', 217),
(3580, 'Roi Et', 217),
(3581, 'Sa Kaeo', 217),
(3582, 'Sakon Nakhon', 217),
(3583, 'Samut Prakan', 217),
(3584, 'Samut Sakhon', 217),
(3585, 'Samut Songkhran', 217),
(3586, 'Saraburi', 217),
(3587, 'Satun', 217),
(3588, 'Si Sa Ket', 217),
(3589, 'Sing Buri', 217),
(3590, 'Songkhla', 217),
(3591, 'Sukhothai', 217),
(3592, 'Suphan Buri', 217),
(3593, 'Surat Thani', 217),
(3594, 'Surin', 217),
(3595, 'Tak', 217),
(3596, 'Trang', 217),
(3597, 'Trat', 217),
(3598, 'Ubon Ratchathani', 217),
(3599, 'Udon Thani', 217),
(3600, 'Uthai Thani', 217),
(3601, 'Uttaradit', 217),
(3602, 'Yala', 217),
(3603, 'Yasothon', 217),
(3604, 'Centre', 218),
(3605, 'Kara', 218),
(3606, 'Maritime', 218),
(3607, 'Plateaux', 218),
(3608, 'Savanes', 218),
(3609, 'Atafu', 219),
(3610, 'Fakaofo', 219),
(3611, 'Nukunonu', 219),
(3612, 'Eua', 220),
(3613, 'Haapai', 220),
(3614, 'Niuas', 220),
(3615, 'Tongatapu', 220),
(3616, 'Vavau', 220),
(3617, 'Arima-Tunapuna-Piarco', 221),
(3618, 'Caroni', 221),
(3619, 'Chaguanas', 221),
(3620, 'Couva-Tabaquite-Talparo', 221),
(3621, 'Diego Martin', 221),
(3622, 'Glencoe', 221),
(3623, 'Penal Debe', 221),
(3624, 'Point Fortin', 221),
(3625, 'Port of Spain', 221),
(3626, 'Princes Town', 221),
(3627, 'Saint George', 221),
(3628, 'San Fernando', 221),
(3629, 'San Juan', 221),
(3630, 'Sangre Grande', 221),
(3631, 'Siparia', 221),
(3632, 'Tobago', 221),
(3633, 'Aryanah', 222),
(3634, 'Bajah', 222),
(3635, 'Bin Arus', 222),
(3636, 'Binzart', 222),
(3637, 'Gouvernorat de Ariana', 222),
(3638, 'Gouvernorat de Nabeul', 222),
(3639, 'Gouvernorat de Sousse', 222),
(3640, 'Hammamet Yasmine', 222),
(3641, 'Jundubah', 222),
(3642, 'Madaniyin', 222),
(3643, 'Manubah', 222),
(3644, 'Monastir', 222),
(3645, 'Nabul', 222),
(3646, 'Qabis', 222),
(3647, 'Qafsah', 222),
(3648, 'Qibili', 222),
(3649, 'Safaqis', 222),
(3650, 'Sfax', 222),
(3651, 'Sidi Bu Zayd', 222),
(3652, 'Silyanah', 222),
(3653, 'Susah', 222),
(3654, 'Tatawin', 222),
(3655, 'Tawzar', 222),
(3656, 'Tunis', 222),
(3657, 'Zaghwan', 222),
(3658, 'al-Kaf', 222),
(3659, 'al-Mahdiyah', 222),
(3660, 'al-Munastir', 222),
(3661, 'al-Qasrayn', 222),
(3662, 'al-Qayrawan', 222),
(3663, 'Adana', 223),
(3664, 'Adiyaman', 223),
(3665, 'Afyon', 223),
(3666, 'Agri', 223),
(3667, 'Aksaray', 223),
(3668, 'Amasya', 223),
(3669, 'Ankara', 223),
(3670, 'Antalya', 223),
(3671, 'Ardahan', 223),
(3672, 'Artvin', 223),
(3673, 'Aydin', 223),
(3674, 'Balikesir', 223),
(3675, 'Bartin', 223),
(3676, 'Batman', 223),
(3677, 'Bayburt', 223),
(3678, 'Bilecik', 223),
(3679, 'Bingol', 223),
(3680, 'Bitlis', 223),
(3681, 'Bolu', 223),
(3682, 'Burdur', 223),
(3683, 'Bursa', 223),
(3684, 'Canakkale', 223),
(3685, 'Cankiri', 223),
(3686, 'Corum', 223),
(3687, 'Denizli', 223),
(3688, 'Diyarbakir', 223),
(3689, 'Duzce', 223),
(3690, 'Edirne', 223),
(3691, 'Elazig', 223),
(3692, 'Erzincan', 223),
(3693, 'Erzurum', 223),
(3694, 'Eskisehir', 223),
(3695, 'Gaziantep', 223),
(3696, 'Giresun', 223),
(3697, 'Gumushane', 223),
(3698, 'Hakkari', 223),
(3699, 'Hatay', 223),
(3700, 'Icel', 223),
(3701, 'Igdir', 223),
(3702, 'Isparta', 223),
(3703, 'Istanbul', 223),
(3704, 'Izmir', 223),
(3705, 'Kahramanmaras', 223),
(3706, 'Karabuk', 223),
(3707, 'Karaman', 223),
(3708, 'Kars', 223),
(3709, 'Karsiyaka', 223),
(3710, 'Kastamonu', 223),
(3711, 'Kayseri', 223),
(3712, 'Kilis', 223),
(3713, 'Kirikkale', 223),
(3714, 'Kirklareli', 223),
(3715, 'Kirsehir', 223),
(3716, 'Kocaeli', 223),
(3717, 'Konya', 223),
(3718, 'Kutahya', 223),
(3719, 'Lefkosa', 223),
(3720, 'Malatya', 223),
(3721, 'Manisa', 223),
(3722, 'Mardin', 223),
(3723, 'Mugla', 223),
(3724, 'Mus', 223),
(3725, 'Nevsehir', 223),
(3726, 'Nigde', 223),
(3727, 'Ordu', 223),
(3728, 'Osmaniye', 223),
(3729, 'Rize', 223),
(3730, 'Sakarya', 223),
(3731, 'Samsun', 223),
(3732, 'Sanliurfa', 223),
(3733, 'Siirt', 223),
(3734, 'Sinop', 223),
(3735, 'Sirnak', 223),
(3736, 'Sivas', 223),
(3737, 'Tekirdag', 223),
(3738, 'Tokat', 223),
(3739, 'Trabzon', 223),
(3740, 'Tunceli', 223),
(3741, 'Usak', 223),
(3742, 'Van', 223),
(3743, 'Yalova', 223),
(3744, 'Yozgat', 223),
(3745, 'Zonguldak', 223),
(3746, 'Ahal', 224),
(3747, 'Asgabat', 224),
(3748, 'Balkan', 224),
(3749, 'Dasoguz', 224),
(3750, 'Lebap', 224),
(3751, 'Mari', 224),
(3752, 'Grand Turk', 225),
(3753, 'South Caicos and East Caicos', 225),
(3754, 'Funafuti', 226),
(3755, 'Nanumanga', 226),
(3756, 'Nanumea', 226),
(3757, 'Niutao', 226),
(3758, 'Nui', 226),
(3759, 'Nukufetau', 226),
(3760, 'Nukulaelae', 226),
(3761, 'Vaitupu', 226),
(3762, 'Central', 227),
(3763, 'Eastern', 227),
(3764, 'Northern', 227),
(3765, 'Western', 227),
(3766, 'Cherkaska', 228),
(3767, 'Chernihivska', 228),
(3768, 'Chernivetska', 228),
(3769, 'Crimea', 228),
(3770, 'Dnipropetrovska', 228),
(3771, 'Donetska', 228),
(3772, 'Ivano-Frankivska', 228),
(3773, 'Kharkiv', 228),
(3774, 'Kharkov', 228),
(3775, 'Khersonska', 228),
(3776, 'Khmelnytska', 228),
(3777, 'Kirovohrad', 228),
(3778, 'Krym', 228),
(3779, 'Kyyiv', 228),
(3780, 'Kyyivska', 228),
(3781, 'Lvivska', 228),
(3782, 'Luhanska', 228),
(3783, 'Mykolayivska', 228),
(3784, 'Odeska', 228),
(3785, 'Odessa', 228),
(3786, 'Poltavska', 228),
(3787, 'Rivnenska', 228),
(3788, 'Sevastopol', 228),
(3789, 'Sumska', 228),
(3790, 'Ternopilska', 228),
(3791, 'Volynska', 228),
(3792, 'Vynnytska', 228),
(3793, 'Zakarpatska', 228),
(3794, 'Zaporizhia', 228),
(3795, 'Zhytomyrska', 228),
(3796, 'Abu Zabi', 229),
(3797, 'Ajman', 229),
(3798, 'Dubai', 229),
(3799, 'Ras al-Khaymah', 229),
(3800, 'Sharjah', 229),
(3801, 'Sharjha', 229),
(3802, 'Umm al Qaywayn', 229),
(3803, 'al-Fujayrah', 229),
(3804, 'ash-Shariqah', 229),
(3805, 'Aberdeen', 230),
(3806, 'Aberdeenshire', 230),
(3807, 'Argyll', 230),
(3808, 'Armagh', 230),
(3809, 'Bedfordshire', 230),
(3810, 'Belfast', 230),
(3811, 'Berkshire', 230),
(3812, 'Birmingham', 230),
(3813, 'Brechin', 230),
(3814, 'Bridgnorth', 230),
(3815, 'Bristol', 230),
(3816, 'Buckinghamshire', 230),
(3817, 'Cambridge', 230),
(3818, 'Cambridgeshire', 230),
(3819, 'Channel Islands', 230),
(3820, 'Cheshire', 230),
(3821, 'Cleveland', 230),
(3822, 'Co Fermanagh', 230),
(3823, 'Conwy', 230),
(3824, 'Cornwall', 230),
(3825, 'Coventry', 230),
(3826, 'Craven Arms', 230),
(3827, 'Cumbria', 230),
(3828, 'Denbighshire', 230),
(3829, 'Derby', 230),
(3830, 'Derbyshire', 230),
(3831, 'Devon', 230),
(3832, 'Dial Code Dungannon', 230),
(3833, 'Didcot', 230),
(3834, 'Dorset', 230),
(3835, 'Dunbartonshire', 230),
(3836, 'Durham', 230),
(3837, 'East Dunbartonshire', 230),
(3838, 'East Lothian', 230),
(3839, 'East Midlands', 230),
(3840, 'East Sussex', 230),
(3841, 'East Yorkshire', 230),
(3842, 'England', 230),
(3843, 'Essex', 230),
(3844, 'Fermanagh', 230),
(3845, 'Fife', 230),
(3846, 'Flintshire', 230),
(3847, 'Fulham', 230),
(3848, 'Gainsborough', 230),
(3849, 'Glocestershire', 230),
(3850, 'Gwent', 230),
(3851, 'Hampshire', 230),
(3852, 'Hants', 230),
(3853, 'Herefordshire', 230),
(3854, 'Hertfordshire', 230),
(3855, 'Ireland', 230),
(3856, 'Isle Of Man', 230),
(3857, 'Isle of Wight', 230),
(3858, 'Kenford', 230),
(3859, 'Kent', 230),
(3860, 'Kilmarnock', 230),
(3861, 'Lanarkshire', 230),
(3862, 'Lancashire', 230),
(3863, 'Leicestershire', 230),
(3864, 'Lincolnshire', 230),
(3865, 'Llanymynech', 230),
(3866, 'London', 230),
(3867, 'Ludlow', 230),
(3868, 'Manchester', 230),
(3869, 'Mayfair', 230),
(3870, 'Merseyside', 230),
(3871, 'Mid Glamorgan', 230),
(3872, 'Middlesex', 230),
(3873, 'Mildenhall', 230),
(3874, 'Monmouthshire', 230),
(3875, 'Newton Stewart', 230),
(3876, 'Norfolk', 230),
(3877, 'North Humberside', 230),
(3878, 'North Yorkshire', 230),
(3879, 'Northamptonshire', 230),
(3880, 'Northants', 230),
(3881, 'Northern Ireland', 230),
(3882, 'Northumberland', 230),
(3883, 'Nottinghamshire', 230),
(3884, 'Oxford', 230),
(3885, 'Powys', 230),
(3886, 'Roos-shire', 230),
(3887, 'SUSSEX', 230),
(3888, 'Sark', 230),
(3889, 'Scotland', 230),
(3890, 'Scottish Borders', 230),
(3891, 'Shropshire', 230),
(3892, 'Somerset', 230),
(3893, 'South Glamorgan', 230),
(3894, 'South Wales', 230),
(3895, 'South Yorkshire', 230),
(3896, 'Southwell', 230),
(3897, 'Staffordshire', 230),
(3898, 'Strabane', 230),
(3899, 'Suffolk', 230),
(3900, 'Surrey', 230),
(3901, 'Sussex', 230),
(3902, 'Twickenham', 230),
(3903, 'Tyne and Wear', 230),
(3904, 'Tyrone', 230),
(3905, 'Utah', 230),
(3906, 'Wales', 230),
(3907, 'Warwickshire', 230),
(3908, 'West Lothian', 230),
(3909, 'West Midlands', 230),
(3910, 'West Sussex', 230),
(3911, 'West Yorkshire', 230),
(3912, 'Whissendine', 230),
(3913, 'Wiltshire', 230),
(3914, 'Wokingham', 230),
(3915, 'Worcestershire', 230),
(3916, 'Wrexham', 230),
(3917, 'Wurttemberg', 230),
(3918, 'Yorkshire', 230),
(3919, 'Alabama', 231),
(3920, 'Alaska', 231),
(3921, 'Arizona', 231),
(3922, 'Arkansas', 231),
(3923, 'Byram', 231),
(3924, 'California', 231),
(3925, 'Cokato', 231),
(3926, 'Colorado', 231),
(3927, 'Connecticut', 231),
(3928, 'Delaware', 231),
(3929, 'District of Columbia', 231),
(3930, 'Florida', 231),
(3931, 'Georgia', 231),
(3932, 'Hawaii', 231),
(3933, 'Idaho', 231),
(3934, 'Illinois', 231),
(3935, 'Indiana', 231),
(3936, 'Iowa', 231),
(3937, 'Kansas', 231),
(3938, 'Kentucky', 231),
(3939, 'Louisiana', 231),
(3940, 'Lowa', 231),
(3941, 'Maine', 231),
(3942, 'Maryland', 231),
(3943, 'Massachusetts', 231),
(3944, 'Medfield', 231),
(3945, 'Michigan', 231),
(3946, 'Minnesota', 231),
(3947, 'Mississippi', 231),
(3948, 'Missouri', 231),
(3949, 'Montana', 231),
(3950, 'Nebraska', 231),
(3951, 'Nevada', 231),
(3952, 'New Hampshire', 231),
(3953, 'New Jersey', 231),
(3954, 'New Jersy', 231),
(3955, 'New Mexico', 231),
(3956, 'New York', 231),
(3957, 'North Carolina', 231),
(3958, 'North Dakota', 231),
(3959, 'Ohio', 231),
(3960, 'Oklahoma', 231),
(3961, 'Ontario', 231),
(3962, 'Oregon', 231),
(3963, 'Pennsylvania', 231),
(3964, 'Ramey', 231),
(3965, 'Rhode Island', 231),
(3966, 'South Carolina', 231),
(3967, 'South Dakota', 231),
(3968, 'Sublimity', 231),
(3969, 'Tennessee', 231),
(3970, 'Texas', 231),
(3971, 'Trimble', 231),
(3972, 'Utah', 231),
(3973, 'Vermont', 231),
(3974, 'Virginia', 231),
(3975, 'Washington', 231),
(3976, 'West Virginia', 231),
(3977, 'Wisconsin', 231),
(3978, 'Wyoming', 231),
(3979, 'United States Minor Outlying I', 232),
(3980, 'Artigas', 233),
(3981, 'Canelones', 233),
(3982, 'Cerro Largo', 233),
(3983, 'Colonia', 233),
(3984, 'Durazno', 233),
(3985, 'FLorida', 233),
(3986, 'Flores', 233),
(3987, 'Lavalleja', 233),
(3988, 'Maldonado', 233),
(3989, 'Montevideo', 233),
(3990, 'Paysandu', 233),
(3991, 'Rio Negro', 233),
(3992, 'Rivera', 233),
(3993, 'Rocha', 233),
(3994, 'Salto', 233),
(3995, 'San Jose', 233),
(3996, 'Soriano', 233),
(3997, 'Tacuarembo', 233),
(3998, 'Treinta y Tres', 233),
(3999, 'Andijon', 234),
(4000, 'Buhoro', 234),
(4001, 'Buxoro Viloyati', 234),
(4002, 'Cizah', 234),
(4003, 'Fargona', 234),
(4004, 'Horazm', 234),
(4005, 'Kaskadar', 234),
(4006, 'Korakalpogiston', 234),
(4007, 'Namangan', 234),
(4008, 'Navoi', 234),
(4009, 'Samarkand', 234),
(4010, 'Sirdare', 234),
(4011, 'Surhondar', 234),
(4012, 'Toskent', 234),
(4013, 'Malampa', 235),
(4014, 'Penama', 235),
(4015, 'Sanma', 235),
(4016, 'Shefa', 235),
(4017, 'Tafea', 235),
(4018, 'Torba', 235),
(4019, 'Vatican City State (Holy See)', 236),
(4020, 'Amazonas', 237),
(4021, 'Anzoategui', 237),
(4022, 'Apure', 237),
(4023, 'Aragua', 237),
(4024, 'Barinas', 237),
(4025, 'Bolivar', 237),
(4026, 'Carabobo', 237),
(4027, 'Cojedes', 237),
(4028, 'Delta Amacuro', 237),
(4029, 'Distrito Federal', 237),
(4030, 'Falcon', 237),
(4031, 'Guarico', 237),
(4032, 'Lara', 237),
(4033, 'Merida', 237),
(4034, 'Miranda', 237),
(4035, 'Monagas', 237),
(4036, 'Nueva Esparta', 237),
(4037, 'Portuguesa', 237),
(4038, 'Sucre', 237),
(4039, 'Tachira', 237),
(4040, 'Trujillo', 237),
(4041, 'Vargas', 237),
(4042, 'Yaracuy', 237),
(4043, 'Zulia', 237),
(4044, 'Bac Giang', 238),
(4045, 'Binh Dinh', 238),
(4046, 'Binh Duong', 238),
(4047, 'Da Nang', 238),
(4048, 'Dong Bang Song Cuu Long', 238),
(4049, 'Dong Bang Song Hong', 238),
(4050, 'Dong Nai', 238),
(4051, 'Dong Nam Bo', 238),
(4052, 'Duyen Hai Mien Trung', 238),
(4053, 'Hanoi', 238),
(4054, 'Hung Yen', 238),
(4055, 'Khu Bon Cu', 238),
(4056, 'Long An', 238),
(4057, 'Mien Nui Va Trung Du', 238),
(4058, 'Thai Nguyen', 238),
(4059, 'Thanh Pho Ho Chi Minh', 238),
(4060, 'Thu Do Ha Noi', 238),
(4061, 'Tinh Can Tho', 238),
(4062, 'Tinh Da Nang', 238),
(4063, 'Tinh Gia Lai', 238),
(4064, 'Anegada', 239),
(4065, 'Jost van Dyke', 239),
(4066, 'Tortola', 239),
(4067, 'Saint Croix', 240),
(4068, 'Saint John', 240),
(4069, 'Saint Thomas', 240),
(4070, 'Alo', 241),
(4071, 'Singave', 241),
(4072, 'Wallis', 241),
(4073, 'Bu Jaydur', 242),
(4074, 'Wad-adh-Dhahab', 242),
(4075, 'al-Ayun', 242),
(4076, 'as-Samarah', 242),
(4077, 'Adan', 243),
(4078, 'Abyan', 243),
(4079, 'Dhamar', 243),
(4080, 'Hadramaut', 243),
(4081, 'Hajjah', 243),
(4082, 'Hudaydah', 243),
(4083, 'Ibb', 243),
(4084, 'Lahij', 243),
(4085, 'Marib', 243),
(4086, 'Madinat Sana', 243),
(4087, 'Sadah', 243),
(4088, 'Sana', 243),
(4089, 'Shabwah', 243),
(4090, 'Taizz', 243),
(4091, 'al-Bayda', 243),
(4092, 'al-Hudaydah', 243),
(4093, 'al-Jawf', 243),
(4094, 'al-Mahrah', 243),
(4095, 'al-Mahwit', 243),
(4096, 'Central Serbia', 244),
(4097, 'Kosovo and Metohija', 244),
(4098, 'Montenegro', 244),
(4099, 'Republic of Serbia', 244),
(4100, 'Serbia', 244),
(4101, 'Vojvodina', 244),
(4102, 'Central', 245),
(4103, 'Copperbelt', 245),
(4104, 'Eastern', 245),
(4105, 'Luapala', 245),
(4106, 'Lusaka', 245),
(4107, 'North-Western', 245),
(4108, 'Northern', 245),
(4109, 'Southern', 245),
(4110, 'Western', 245),
(4111, 'Bulawayo', 246),
(4112, 'Harare', 246),
(4113, 'Manicaland', 246),
(4114, 'Mashonaland Central', 246),
(4115, 'Mashonaland East', 246),
(4116, 'Mashonaland West', 246),
(4117, 'Masvingo', 246),
(4118, 'Matabeleland North', 246),
(4119, 'Matabeleland South', 246),
(4120, 'Midlands', 246),
(4121, 'Lienchiang County', 214);

-- --------------------------------------------------------

--
-- Table structure for table `status_logs`
--

CREATE TABLE `status_logs` (
  `id` int(11) NOT NULL,
  `user_id` int(11) DEFAULT NULL,
  `trackable_type` varchar(255) DEFAULT NULL,
  `trackable_id` int(11) DEFAULT NULL,
  `status` varchar(90) DEFAULT NULL,
  `created_at` timestamp NOT NULL DEFAULT current_timestamp(),
  `updated_at` timestamp NOT NULL DEFAULT current_timestamp() ON UPDATE current_timestamp()
) ENGINE=InnoDB DEFAULT CHARSET=utf8mb4 COLLATE=utf8mb4_general_ci;

--
-- Dumping data for table `status_logs`
--

INSERT INTO `status_logs` (`id`, `user_id`, `trackable_type`, `trackable_id`, `status`, `created_at`, `updated_at`) VALUES
(1, 37, 'order', 2, 'Accepted', '2025-09-18 03:59:33', '2025-09-24 11:35:11'),
(2, 37, 'order', 2, 'Preparing', '2025-09-18 04:05:26', '2025-09-24 11:35:14'),
(3, 37, 'order', 2, 'Ready', '2025-09-18 04:08:21', '2025-09-24 11:35:35'),
(4, 37, 'order', 2, 'Dispatched', '2025-09-18 04:14:20', '2025-09-24 11:35:17'),
(5, 37, 'order', 2, 'Out for Delivery', '2025-09-18 04:14:49', '2025-09-24 11:35:24'),
(6, 37, 'order', 3, 'Accepted', '2025-09-18 06:02:04', '2025-09-24 11:35:22'),
(7, 37, 'order', 3, 'Preparing', '2025-09-18 06:02:16', '2025-09-24 11:35:29'),
(8, 37, 'order', 3, 'Ready', '2025-09-18 06:02:27', '2025-09-24 11:35:20'),
(9, 37, 'order', 3, 'Dispatched', '2025-09-18 06:06:17', '2025-09-24 11:35:27'),
(10, 37, 'order', 3, 'Out for Delivery', '2025-09-18 06:06:26', '2025-09-24 11:35:32'),
(11, 37, 'order', 3, 'Accepted', '2025-10-10 00:12:26', '2025-10-10 00:12:26');

-- --------------------------------------------------------

--
-- Table structure for table `stores`
--

CREATE TABLE `stores` (
  `id` int(11) NOT NULL,
  `user_id` int(11) DEFAULT NULL,
  `address` varchar(500) DEFAULT NULL,
  `description` text DEFAULT NULL,
  `country_id` int(11) DEFAULT NULL,
  `state_id` int(11) DEFAULT NULL,
  `city_id` int(11) DEFAULT NULL,
  `country` varchar(90) DEFAULT NULL,
  `state` varchar(90) DEFAULT NULL,
  `city` varchar(90) DEFAULT NULL,
  `landmark` varchar(255) DEFAULT NULL,
  `postcode` varchar(30) DEFAULT NULL,
  `latitude` varchar(30) DEFAULT NULL,
  `longitude` varchar(30) DEFAULT NULL,
  `contact_person_name` varchar(90) DEFAULT NULL,
  `dial_code_contact_iso` varchar(4) DEFAULT NULL,
  `dial_code_contact` varchar(6) DEFAULT NULL,
  `contact_person_phone` varchar(16) DEFAULT NULL,
  `service_tax` int(11) DEFAULT NULL,
  `commission_charge` int(11) DEFAULT NULL,
  `delivery_time` int(11) DEFAULT NULL,
  `website` varchar(500) DEFAULT NULL,
  `is_popular` tinyint(4) NOT NULL DEFAULT 0,
  `is_active` tinyint(4) NOT NULL DEFAULT 0,
  `is_cod` tinyint(4) NOT NULL DEFAULT 1,
  `is_online_payment` tinyint(4) NOT NULL DEFAULT 1,
  `orders_count` int(11) DEFAULT NULL,
  `rating` float(8,2) DEFAULT NULL,
  `rating_count` int(11) DEFAULT 0,
  `wallet` float(8,2) DEFAULT NULL,
  `always_open` tinyint(4) NOT NULL DEFAULT 1,
  `is_non_veg` tinyint(4) NOT NULL DEFAULT 0,
  `created_at` timestamp NOT NULL DEFAULT current_timestamp(),
  `updated_at` timestamp NOT NULL DEFAULT current_timestamp() ON UPDATE current_timestamp()
) ENGINE=InnoDB DEFAULT CHARSET=utf8mb4 COLLATE=utf8mb4_general_ci;

--
-- Dumping data for table `stores`
--

INSERT INTO `stores` (`id`, `user_id`, `address`, `description`, `country_id`, `state_id`, `city_id`, `country`, `state`, `city`, `landmark`, `postcode`, `latitude`, `longitude`, `contact_person_name`, `dial_code_contact_iso`, `dial_code_contact`, `contact_person_phone`, `service_tax`, `commission_charge`, `delivery_time`, `website`, `is_popular`, `is_active`, `is_cod`, `is_online_payment`, `orders_count`, `rating`, `rating_count`, `wallet`, `always_open`, `is_non_veg`, `created_at`, `updated_at`) VALUES
(1, 6, 'Amazo Mall', 'Lorem ipsum is a dummy or placeholder text commonly used in graphic design, publishing, and web development.', 101, 32, 3203, 'India', 'Punjab', 'Jalandhar', NULL, '144342', '31.3944', '75.61', 'Garry', 'IN', '+91', '9876698700', NULL, NULL, 30, NULL, 1, 1, 1, 1, 0, 0.00, 0, 432.00, 0, 1, '2025-08-04 23:03:06', '2025-09-25 05:11:17'),
(3, 40, 'New sabzi mandi, Maqsudan', 'Lorem Ipsum is simply dummy text of the printing and typesetting industry. Lorem Ipsum has been the industry\'s standard dummy text ever since the 1500s, when an unknown printer took a galley of type and scrambled it to make a type specimen book.', 101, 32, 3203, 'India', 'Punjab', 'Jalandhar', 'Outside Mandi', '144008', '31.35727', '75.5546', 'Tarsem', 'IN', '+91', '9872098720', 2, 10, 30, NULL, 1, 1, 1, 1, 0, 4.50, 1, 395.00, 1, 1, '2025-09-18 00:42:27', '2025-10-07 04:14:48'),
(4, 41, '3rd Floor Park Plaza', 'There are many variations of passages of Lorem Ipsum available, but the majority have suffered alteration in some form, by injected humour, or randomised words which don\'t look even slightly believable. If you are going to use a passage of Lorem Ipsum, you need to be sure there isn\'t anything embarrassing hidden in the middle of text. All the Lorem Ipsum generators on the Internet tend to repeat predefined chunks as necessary, making this the first true generator on the Internet. It uses a dictionary of over 200 Latin words, combined with a handful of model sentence structures, to generate Lorem Ipsum which looks reasonable. The generated Lorem Ipsum is therefore always free from repetition, injected humour, or non-characteristic words etc.', 101, 32, 3203, 'India', 'Punjab', 'Jalandhar', 'Near Bank', '144009', '31.317606488558503', '75.59059300661622', 'Parken', 'IN', '+91', '9872290000', 2, 10, 30, NULL, 0, 0, 1, 1, 0, NULL, 0, NULL, 1, 0, '2025-10-07 04:21:20', '2025-10-07 04:21:20');

-- --------------------------------------------------------

--
-- Table structure for table `subscriptions`
--

CREATE TABLE `subscriptions` (
  `id` int(11) NOT NULL,
  `user_id` int(11) NOT NULL,
  `name` varchar(90) DEFAULT NULL,
  `package_id` int(11) NOT NULL,
  `amount` float(10,2) NOT NULL,
  `status` varchar(30) NOT NULL DEFAULT 'active',
  `stripe_subscription_id` varchar(255) DEFAULT NULL,
  `next_billing_date` date DEFAULT NULL,
  `canceled_at` datetime DEFAULT NULL,
  `created_at` timestamp NULL DEFAULT current_timestamp(),
  `updated_at` timestamp NOT NULL DEFAULT current_timestamp() ON UPDATE current_timestamp()
) ENGINE=InnoDB DEFAULT CHARSET=utf8mb4 COLLATE=utf8mb4_general_ci;

--
-- Dumping data for table `subscriptions`
--

INSERT INTO `subscriptions` (`id`, `user_id`, `name`, `package_id`, `amount`, `status`, `stripe_subscription_id`, `next_billing_date`, `canceled_at`, `created_at`, `updated_at`) VALUES
(1, 40, 'main', 2, 7.00, 'complete', 'sub_1SBUUqH73FPpLAwLInjgiV9L', '2025-10-26', NULL, '2025-09-25 23:12:32', '2025-09-26 00:17:11'),
(2, 6, 'main', 2, 7.00, 'canceled', 'sub_1SBUepH73FPpLAwLWurNHCpW', '2025-10-26', '2025-09-26 05:57:44', '2025-09-26 00:27:30', '2025-09-26 00:27:44');

-- --------------------------------------------------------

--
-- Table structure for table `transactions`
--

CREATE TABLE `transactions` (
  `id` int(11) NOT NULL,
  `user_id` int(11) NOT NULL,
  `transactionable_type` varchar(255) DEFAULT NULL,
  `transactionable_id` int(11) NOT NULL,
  `subscription_id` int(11) DEFAULT NULL,
  `amount` float(10,2) DEFAULT NULL,
  `sub_amount` float(10,2) DEFAULT NULL,
  `tax` float(10,2) DEFAULT NULL,
  `discount` float(10,2) DEFAULT NULL,
  `currency` varchar(4) DEFAULT NULL,
  `txn_id` varchar(190) DEFAULT NULL,
  `txn_details` text DEFAULT NULL,
  `contact_details` text DEFAULT NULL,
  `package_details` text DEFAULT NULL,
  `payment_mode` varchar(60) DEFAULT NULL,
  `start_date` date DEFAULT NULL,
  `end_date` date DEFAULT NULL,
  `status` varchar(90) DEFAULT NULL,
  `created_at` timestamp NOT NULL DEFAULT current_timestamp(),
  `updated_at` timestamp NOT NULL DEFAULT current_timestamp() ON UPDATE current_timestamp()
) ENGINE=InnoDB DEFAULT CHARSET=utf8mb4 COLLATE=utf8mb4_general_ci;

--
-- Dumping data for table `transactions`
--

INSERT INTO `transactions` (`id`, `user_id`, `transactionable_type`, `transactionable_id`, `subscription_id`, `amount`, `sub_amount`, `tax`, `discount`, `currency`, `txn_id`, `txn_details`, `contact_details`, `package_details`, `payment_mode`, `start_date`, `end_date`, `status`, `created_at`, `updated_at`) VALUES
(2, 37, 'order', 2, NULL, 480.00, 440.00, 40.00, 0.00, '₹', 'pi_3S8deQH73FPpLAwL0REaPH66', '{\"id\":\"pi_3S8deQH73FPpLAwL0REaPH66\",\"object\":\"payment_intent\",\"amount\":48000,\"amount_capturable\":0,\"amount_details\":{\"tip\":[]},\"amount_received\":48000,\"application\":null,\"application_fee_amount\":null,\"automatic_payment_methods\":{\"allow_redirects\":\"always\",\"enabled\":true},\"canceled_at\":null,\"cancellation_reason\":null,\"capture_method\":\"automatic_async\",\"client_secret\":\"pi_3S8deQH73FPpLAwL0REaPH66_secret_k5uB3CiTRY5f4TTJj7duVeqvr\",\"confirmation_method\":\"automatic\",\"created\":1758185834,\"currency\":\"inr\",\"customer\":null,\"description\":null,\"excluded_payment_method_types\":null,\"invoice\":null,\"last_payment_error\":null,\"latest_charge\":\"ch_3S8deQH73FPpLAwL0qXkYfZK\",\"livemode\":false,\"metadata\":[],\"next_action\":null,\"on_behalf_of\":null,\"payment_method\":\"pm_1S8deFH73FPpLAwLQF6fLMH2\",\"payment_method_configuration_details\":{\"id\":\"pmc_1RRWJ3H73FPpLAwLMGRqthl5\",\"parent\":null},\"payment_method_options\":{\"card\":{\"installments\":null,\"mandate_options\":null,\"network\":null,\"request_three_d_secure\":\"automatic\"},\"link\":{\"persistent_token\":null}},\"payment_method_types\":[\"card\",\"link\"],\"processing\":null,\"receipt_email\":null,\"review\":null,\"setup_future_usage\":null,\"shipping\":null,\"source\":null,\"statement_descriptor\":null,\"statement_descriptor_suffix\":null,\"status\":\"succeeded\",\"transfer_data\":null,\"transfer_group\":null}', '{\"email\":\"satwantbambra@gmail.com\",\"phone\":\"9872038507\",\"message\":\"Order Payment\"}', NULL, 'stripe', NULL, NULL, 'success', '2025-09-18 03:27:15', '2025-09-23 12:00:47'),
(3, 37, 'wallet', 1, NULL, 100.00, 100.00, 0.00, NULL, '₹', 'pi_3S8dwuH73FPpLAwL1JbhgMAk', '{\"id\":\"pi_3S8dwuH73FPpLAwL1JbhgMAk\",\"object\":\"payment_intent\",\"amount\":10000,\"amount_capturable\":0,\"amount_details\":{\"tip\":[]},\"amount_received\":10000,\"application\":null,\"application_fee_amount\":null,\"automatic_payment_methods\":{\"allow_redirects\":\"always\",\"enabled\":true},\"canceled_at\":null,\"cancellation_reason\":null,\"capture_method\":\"automatic_async\",\"client_secret\":\"pi_3S8dwuH73FPpLAwL1JbhgMAk_secret_vinMjwWFky7pWHA4e5FRPvQtU\",\"confirmation_method\":\"automatic\",\"created\":1758186980,\"currency\":\"inr\",\"customer\":null,\"description\":null,\"excluded_payment_method_types\":null,\"invoice\":null,\"last_payment_error\":null,\"latest_charge\":\"ch_3S8dwuH73FPpLAwL1S8qn7UL\",\"livemode\":false,\"metadata\":[],\"next_action\":null,\"on_behalf_of\":null,\"payment_method\":\"pm_1S8dveH73FPpLAwLhnUO6TJC\",\"payment_method_configuration_details\":{\"id\":\"pmc_1RRWJ3H73FPpLAwLMGRqthl5\",\"parent\":null},\"payment_method_options\":{\"card\":{\"installments\":null,\"mandate_options\":null,\"network\":null,\"request_three_d_secure\":\"automatic\"},\"link\":{\"persistent_token\":null}},\"payment_method_types\":[\"card\",\"link\"],\"processing\":null,\"receipt_email\":null,\"review\":null,\"setup_future_usage\":null,\"shipping\":null,\"source\":null,\"statement_descriptor\":null,\"statement_descriptor_suffix\":null,\"status\":\"succeeded\",\"transfer_data\":null,\"transfer_group\":null}', '{\"email\":\"satwantbambra@gmail.com\",\"phone\":\"9872038507\",\"message\":\"Money added to wallet\"}', NULL, 'stripe', NULL, NULL, 'success', '2025-09-18 03:46:20', '2025-09-24 04:53:43'),
(5, 7, 'ride', 3, NULL, 48.57, 41.57, 0.00, -36.57, '₹', 'pi_3S9KLAH73FPpLAwL1PCmqOiV', '{\"id\":\"pi_3S9KLAH73FPpLAwL1PCmqOiV\",\"object\":\"payment_intent\",\"amount\":4870,\"amount_capturable\":0,\"amount_details\":{\"tip\":[]},\"amount_received\":4870,\"application\":null,\"application_fee_amount\":null,\"automatic_payment_methods\":{\"allow_redirects\":\"always\",\"enabled\":true},\"canceled_at\":null,\"cancellation_reason\":null,\"capture_method\":\"automatic_async\",\"client_secret\":\"pi_3S9KLAH73FPpLAwL1PCmqOiV_secret_LUiNyxrbiXdXZKmNzw9utKQSI\",\"confirmation_method\":\"automatic\",\"created\":1758349932,\"currency\":\"inr\",\"customer\":null,\"description\":null,\"excluded_payment_method_types\":null,\"invoice\":null,\"last_payment_error\":null,\"latest_charge\":\"ch_3S9KLAH73FPpLAwL1zO4ZAjP\",\"livemode\":false,\"metadata\":[],\"next_action\":null,\"on_behalf_of\":null,\"payment_method\":\"pm_1S9KKJH73FPpLAwL4PfVTkc7\",\"payment_method_configuration_details\":{\"id\":\"pmc_1RRWJ3H73FPpLAwLMGRqthl5\",\"parent\":null},\"payment_method_options\":{\"card\":{\"installments\":null,\"mandate_options\":null,\"network\":null,\"request_three_d_secure\":\"automatic\"},\"link\":{\"persistent_token\":null}},\"payment_method_types\":[\"card\",\"link\"],\"processing\":null,\"receipt_email\":null,\"review\":null,\"setup_future_usage\":null,\"shipping\":null,\"source\":null,\"statement_descriptor\":null,\"statement_descriptor_suffix\":null,\"status\":\"succeeded\",\"transfer_data\":null,\"transfer_group\":null}', '{\"email\":\"joesbuttlern@example.com\",\"phone\":\"9988764600\",\"message\":\"Ride Payment\"}', NULL, 'stripe', NULL, NULL, 'success', '2025-09-20 01:02:11', '2025-09-23 12:00:35'),
(6, 5, 'ride', 4, NULL, 99.51, 103.93, 0.00, 4.42, '₹', 'pi_3S9Mj4H73FPpLAwL1e9wLv9u', '{\"id\":\"pi_3S9Mj4H73FPpLAwL1e9wLv9u\",\"object\":\"payment_intent\",\"amount\":9951,\"amount_capturable\":0,\"amount_details\":{\"tip\":[]},\"amount_received\":9951,\"application\":null,\"application_fee_amount\":null,\"automatic_payment_methods\":{\"allow_redirects\":\"always\",\"enabled\":true},\"canceled_at\":null,\"cancellation_reason\":null,\"capture_method\":\"automatic_async\",\"client_secret\":\"pi_3S9Mj4H73FPpLAwL1e9wLv9u_secret_KNhy0h2PPx33WbhljH1Av5aN5\",\"confirmation_method\":\"automatic\",\"created\":1758359102,\"currency\":\"inr\",\"customer\":null,\"description\":null,\"excluded_payment_method_types\":null,\"invoice\":null,\"last_payment_error\":null,\"latest_charge\":\"ch_3S9Mj4H73FPpLAwL1tNAweIB\",\"livemode\":false,\"metadata\":[],\"next_action\":null,\"on_behalf_of\":null,\"payment_method\":\"pm_1S9MioH73FPpLAwL82hUIwB1\",\"payment_method_configuration_details\":{\"id\":\"pmc_1RRWJ3H73FPpLAwLMGRqthl5\",\"parent\":null},\"payment_method_options\":{\"card\":{\"installments\":null,\"mandate_options\":null,\"network\":null,\"request_three_d_secure\":\"automatic\"},\"link\":{\"persistent_token\":null}},\"payment_method_types\":[\"card\",\"link\"],\"processing\":null,\"receipt_email\":null,\"review\":null,\"setup_future_usage\":null,\"shipping\":null,\"source\":null,\"statement_descriptor\":null,\"statement_descriptor_suffix\":null,\"status\":\"succeeded\",\"transfer_data\":null,\"transfer_group\":null}', '{\"email\":\"jaswinder@example.com\",\"phone\":\"9872098000\",\"message\":\"Ride Payment\"}', NULL, 'stripe', NULL, NULL, 'success', '2025-09-20 03:35:03', '2025-09-23 12:08:34'),
(7, 5, 'ride', 5, NULL, 48.00, 48.00, 0.00, 0.00, '₹', 'pi_3SA1rpH73FPpLAwL0DJxl93s', '{\"id\":\"pi_3SA1rpH73FPpLAwL0DJxl93s\",\"object\":\"payment_intent\",\"amount\":4800,\"amount_capturable\":0,\"amount_details\":{\"tip\":[]},\"amount_received\":4800,\"application\":null,\"application_fee_amount\":null,\"automatic_payment_methods\":{\"allow_redirects\":\"always\",\"enabled\":true},\"canceled_at\":null,\"cancellation_reason\":null,\"capture_method\":\"automatic_async\",\"client_secret\":\"pi_3SA1rpH73FPpLAwL0DJxl93s_secret_dIBYgjVYZLtjiamP59i4j9nEM\",\"confirmation_method\":\"automatic\",\"created\":1758517249,\"currency\":\"inr\",\"customer\":null,\"description\":null,\"excluded_payment_method_types\":null,\"invoice\":null,\"last_payment_error\":null,\"latest_charge\":\"ch_3SA1rpH73FPpLAwL0yvkawTP\",\"livemode\":false,\"metadata\":[],\"next_action\":null,\"on_behalf_of\":null,\"payment_method\":\"pm_1SA1r8H73FPpLAwLf8ItYRqA\",\"payment_method_configuration_details\":{\"id\":\"pmc_1RRWJ3H73FPpLAwLMGRqthl5\",\"parent\":null},\"payment_method_options\":{\"card\":{\"installments\":null,\"mandate_options\":null,\"network\":null,\"request_three_d_secure\":\"automatic\"},\"link\":{\"persistent_token\":null}},\"payment_method_types\":[\"card\",\"link\"],\"processing\":null,\"receipt_email\":null,\"review\":null,\"setup_future_usage\":null,\"shipping\":null,\"source\":null,\"statement_descriptor\":null,\"statement_descriptor_suffix\":null,\"status\":\"succeeded\",\"transfer_data\":null,\"transfer_group\":null}', '{\"email\":\"jaswinder@example.com\",\"phone\":\"9872098000\",\"message\":\"Parcel Ride Payment\"}', NULL, 'stripe', NULL, NULL, 'success', '2025-09-21 23:30:47', '2025-09-23 11:58:36'),
(8, 40, 'package', 1, 1, 20.00, 20.00, 0.00, 0.00, NULL, 'sub_1SBTUHH73FPpLAwLQfjYVCzd', '{\"id\":\"sub_1SBTUHH73FPpLAwLQfjYVCzd\",\"object\":\"subscription\",\"application\":null,\"application_fee_percent\":null,\"automatic_tax\":{\"disabled_reason\":null,\"enabled\":false,\"liability\":null},\"billing_cycle_anchor\":1758861748,\"billing_cycle_anchor_config\":null,\"billing_mode\":{\"flexible\":null,\"type\":\"classic\"},\"billing_thresholds\":null,\"cancel_at\":null,\"cancel_at_period_end\":false,\"canceled_at\":null,\"cancellation_details\":{\"comment\":null,\"feedback\":null,\"reason\":null},\"collection_method\":\"charge_automatically\",\"created\":1758861748,\"currency\":\"usd\",\"current_period_end\":1761453748,\"current_period_start\":1758861748,\"customer\":\"cus_T7ivkiaRdA8nin\",\"days_until_due\":null,\"default_payment_method\":\"pm_1SBTUGH73FPpLAwLee12ze06\",\"default_source\":null,\"default_tax_rates\":[],\"description\":null,\"discount\":null,\"discounts\":[],\"ended_at\":null,\"invoice_settings\":{\"account_tax_ids\":null,\"issuer\":{\"type\":\"self\"}},\"items\":{\"object\":\"list\",\"data\":[{\"id\":\"si_T7iwSWMaRX1m5Z\",\"object\":\"subscription_item\",\"billing_thresholds\":null,\"created\":1758861749,\"current_period_end\":1761453748,\"current_period_start\":1758861748,\"discounts\":[],\"metadata\":[],\"plan\":{\"id\":\"price_1SBTTzH73FPpLAwLuUo9iVbT\",\"object\":\"plan\",\"active\":false,\"aggregate_usage\":null,\"amount\":2000,\"amount_decimal\":\"2000\",\"billing_scheme\":\"per_unit\",\"created\":1758861731,\"currency\":\"usd\",\"interval\":\"month\",\"interval_count\":1,\"livemode\":false,\"metadata\":[],\"meter\":null,\"nickname\":null,\"product\":\"prod_SrgWsN6BWhA7Tg\",\"tiers_mode\":null,\"transform_usage\":null,\"trial_period_days\":null,\"usage_type\":\"licensed\"},\"price\":{\"id\":\"price_1SBTTzH73FPpLAwLuUo9iVbT\",\"object\":\"price\",\"active\":false,\"billing_scheme\":\"per_unit\",\"created\":1758861731,\"currency\":\"usd\",\"custom_unit_amount\":null,\"livemode\":false,\"lookup_key\":null,\"metadata\":[],\"nickname\":null,\"product\":\"prod_SrgWsN6BWhA7Tg\",\"recurring\":{\"aggregate_usage\":null,\"interval\":\"month\",\"interval_count\":1,\"meter\":null,\"trial_period_days\":null,\"usage_type\":\"licensed\"},\"tax_behavior\":\"unspecified\",\"tiers_mode\":null,\"transform_quantity\":null,\"type\":\"recurring\",\"unit_amount\":2000,\"unit_amount_decimal\":\"2000\"},\"quantity\":1,\"subscription\":\"sub_1SBTUHH73FPpLAwLQfjYVCzd\",\"tax_rates\":[]}],\"has_more\":false,\"total_count\":1,\"url\":\"\\/v1\\/subscription_items?subscription=sub_1SBTUHH73FPpLAwLQfjYVCzd\"},\"latest_invoice\":\"in_1SBTUHH73FPpLAwLFmsX0qzF\",\"livemode\":false,\"metadata\":[],\"next_pending_invoice_item_invoice\":null,\"on_behalf_of\":null,\"pause_collection\":null,\"payment_settings\":{\"payment_method_options\":{\"acss_debit\":null,\"bancontact\":null,\"card\":{\"network\":null,\"request_three_d_secure\":\"automatic\"},\"customer_balance\":null,\"konbini\":null,\"sepa_debit\":null,\"us_bank_account\":null},\"payment_method_types\":[\"card\"],\"save_default_payment_method\":\"off\"},\"pending_invoice_item_interval\":null,\"pending_setup_intent\":null,\"pending_update\":null,\"plan\":{\"id\":\"price_1SBTTzH73FPpLAwLuUo9iVbT\",\"object\":\"plan\",\"active\":false,\"aggregate_usage\":null,\"amount\":2000,\"amount_decimal\":\"2000\",\"billing_scheme\":\"per_unit\",\"created\":1758861731,\"currency\":\"usd\",\"interval\":\"month\",\"interval_count\":1,\"livemode\":false,\"metadata\":[],\"meter\":null,\"nickname\":null,\"product\":\"prod_SrgWsN6BWhA7Tg\",\"tiers_mode\":null,\"transform_usage\":null,\"trial_period_days\":null,\"usage_type\":\"licensed\"},\"quantity\":1,\"schedule\":null,\"start_date\":1758861748,\"status\":\"active\",\"test_clock\":null,\"transfer_data\":null,\"trial_end\":null,\"trial_settings\":{\"end_behavior\":{\"missing_payment_method\":\"create_invoice\"}},\"trial_start\":null}', '{\"email\":\"restro@example.com\",\"phone\":\"9815547009\"}', '{\"id\":1,\"name\":\"Basic Plan\",\"description\":\"Basic\",\"duration_id\":2,\"price\":\"20.00\",\"status\":1,\"type\":\"Paid\",\"ios_subscription_id\":null,\"android_subscription_id\":null,\"deleted_at\":null,\"created_at\":\"2025-08-14 05:57:27\",\"updated_at\":\"2025-09-05 10:02:24\",\"delete_url\":\"http:\\/\\/localhost\\/topsyapp\\/store\\/packages\\/1\",\"status_url\":\"http:\\/\\/localhost\\/topsyapp\\/store\\/packages\\/changestatus\"}', 'stripe', '2025-09-26', '2025-10-26', 'paid', '2025-09-25 23:12:32', '2025-09-25 23:12:32'),
(9, 40, 'package', 2, 1, 7.00, 7.00, 0.00, 0.00, NULL, 'sub_1SBUUqH73FPpLAwLInjgiV9L', '{\"id\":\"sub_1SBUUqH73FPpLAwLInjgiV9L\",\"object\":\"subscription\",\"application\":null,\"application_fee_percent\":null,\"automatic_tax\":{\"disabled_reason\":null,\"enabled\":false,\"liability\":null},\"billing_cycle_anchor\":1758865628,\"billing_cycle_anchor_config\":null,\"billing_mode\":{\"flexible\":null,\"type\":\"classic\"},\"billing_thresholds\":null,\"cancel_at\":null,\"cancel_at_period_end\":false,\"canceled_at\":null,\"cancellation_details\":{\"comment\":null,\"feedback\":null,\"reason\":null},\"collection_method\":\"charge_automatically\",\"created\":1758865628,\"currency\":\"usd\",\"current_period_end\":1761457628,\"current_period_start\":1758865628,\"customer\":\"cus_T7ivkiaRdA8nin\",\"days_until_due\":null,\"default_payment_method\":\"pm_1SBUUpH73FPpLAwLUlrigXlA\",\"default_source\":null,\"default_tax_rates\":[],\"description\":null,\"discount\":null,\"discounts\":[],\"ended_at\":null,\"invoice_settings\":{\"account_tax_ids\":null,\"issuer\":{\"type\":\"self\"}},\"items\":{\"object\":\"list\",\"data\":[{\"id\":\"si_T7jygEj0kfu9zp\",\"object\":\"subscription_item\",\"billing_thresholds\":null,\"created\":1758865628,\"current_period_end\":1761457628,\"current_period_start\":1758865628,\"discounts\":[],\"metadata\":[],\"plan\":{\"id\":\"price_1SBUUZH73FPpLAwL5p2n1Jgj\",\"object\":\"plan\",\"active\":false,\"aggregate_usage\":null,\"amount\":700,\"amount_decimal\":\"700\",\"billing_scheme\":\"per_unit\",\"created\":1758865611,\"currency\":\"usd\",\"interval\":\"month\",\"interval_count\":1,\"livemode\":false,\"metadata\":[],\"meter\":null,\"nickname\":null,\"product\":\"prod_T7jyrvJJsrvyLu\",\"tiers_mode\":null,\"transform_usage\":null,\"trial_period_days\":null,\"usage_type\":\"licensed\"},\"price\":{\"id\":\"price_1SBUUZH73FPpLAwL5p2n1Jgj\",\"object\":\"price\",\"active\":false,\"billing_scheme\":\"per_unit\",\"created\":1758865611,\"currency\":\"usd\",\"custom_unit_amount\":null,\"livemode\":false,\"lookup_key\":null,\"metadata\":[],\"nickname\":null,\"product\":\"prod_T7jyrvJJsrvyLu\",\"recurring\":{\"aggregate_usage\":null,\"interval\":\"month\",\"interval_count\":1,\"meter\":null,\"trial_period_days\":null,\"usage_type\":\"licensed\"},\"tax_behavior\":\"unspecified\",\"tiers_mode\":null,\"transform_quantity\":null,\"type\":\"recurring\",\"unit_amount\":700,\"unit_amount_decimal\":\"700\"},\"quantity\":1,\"subscription\":\"sub_1SBUUqH73FPpLAwLInjgiV9L\",\"tax_rates\":[]}],\"has_more\":false,\"total_count\":1,\"url\":\"\\/v1\\/subscription_items?subscription=sub_1SBUUqH73FPpLAwLInjgiV9L\"},\"latest_invoice\":\"in_1SBUUqH73FPpLAwLPYzco18v\",\"livemode\":false,\"metadata\":[],\"next_pending_invoice_item_invoice\":null,\"on_behalf_of\":null,\"pause_collection\":null,\"payment_settings\":{\"payment_method_options\":{\"acss_debit\":null,\"bancontact\":null,\"card\":{\"network\":null,\"request_three_d_secure\":\"automatic\"},\"customer_balance\":null,\"konbini\":null,\"sepa_debit\":null,\"us_bank_account\":null},\"payment_method_types\":[\"card\"],\"save_default_payment_method\":\"off\"},\"pending_invoice_item_interval\":null,\"pending_setup_intent\":null,\"pending_update\":null,\"plan\":{\"id\":\"price_1SBUUZH73FPpLAwL5p2n1Jgj\",\"object\":\"plan\",\"active\":false,\"aggregate_usage\":null,\"amount\":700,\"amount_decimal\":\"700\",\"billing_scheme\":\"per_unit\",\"created\":1758865611,\"currency\":\"usd\",\"interval\":\"month\",\"interval_count\":1,\"livemode\":false,\"metadata\":[],\"meter\":null,\"nickname\":null,\"product\":\"prod_T7jyrvJJsrvyLu\",\"tiers_mode\":null,\"transform_usage\":null,\"trial_period_days\":null,\"usage_type\":\"licensed\"},\"quantity\":1,\"schedule\":null,\"start_date\":1758865628,\"status\":\"active\",\"test_clock\":null,\"transfer_data\":null,\"trial_end\":null,\"trial_settings\":{\"end_behavior\":{\"missing_payment_method\":\"create_invoice\"}},\"trial_start\":null}', '{\"email\":\"restro@example.com\",\"phone\":\"9815547009\"}', '{\"id\":2,\"name\":\"Weekly Enterprise\",\"description\":\"Weekly Basic Plan\",\"duration_id\":14,\"price\":\"7.00\",\"status\":1,\"type\":\"Paid\",\"ios_subscription_id\":null,\"android_subscription_id\":null,\"deleted_at\":null,\"created_at\":\"2025-09-26 05:14:11\",\"updated_at\":\"2025-09-26 05:14:11\",\"delete_url\":\"http:\\/\\/localhost\\/topsyapp\\/store\\/packages\\/2\",\"status_url\":\"http:\\/\\/localhost\\/topsyapp\\/store\\/packages\\/changestatus\"}', 'stripe', '2025-09-26', '2025-10-26', 'paid', '2025-09-26 00:17:11', '2025-09-26 00:17:11'),
(10, 6, 'package', 2, 2, 7.00, 7.00, 0.00, 0.00, NULL, 'sub_1SBUepH73FPpLAwLWurNHCpW', '{\"id\":\"sub_1SBUepH73FPpLAwLWurNHCpW\",\"object\":\"subscription\",\"application\":null,\"application_fee_percent\":null,\"automatic_tax\":{\"disabled_reason\":null,\"enabled\":false,\"liability\":null},\"billing_cycle_anchor\":1758866247,\"billing_cycle_anchor_config\":null,\"billing_mode\":{\"flexible\":null,\"type\":\"classic\"},\"billing_thresholds\":null,\"cancel_at\":null,\"cancel_at_period_end\":false,\"canceled_at\":null,\"cancellation_details\":{\"comment\":null,\"feedback\":null,\"reason\":null},\"collection_method\":\"charge_automatically\",\"created\":1758866247,\"currency\":\"usd\",\"current_period_end\":1761458247,\"current_period_start\":1758866247,\"customer\":\"cus_SrgWR8EOaCurjc\",\"days_until_due\":null,\"default_payment_method\":\"pm_1SBUenH73FPpLAwLjbmIACIN\",\"default_source\":null,\"default_tax_rates\":[],\"description\":null,\"discount\":null,\"discounts\":[],\"ended_at\":null,\"invoice_settings\":{\"account_tax_ids\":null,\"issuer\":{\"type\":\"self\"}},\"items\":{\"object\":\"list\",\"data\":[{\"id\":\"si_T7k9r3AFXyJYcj\",\"object\":\"subscription_item\",\"billing_thresholds\":null,\"created\":1758866247,\"current_period_end\":1761458247,\"current_period_start\":1758866247,\"discounts\":[],\"metadata\":[],\"plan\":{\"id\":\"price_1SBUeWH73FPpLAwLtIwrCt4Y\",\"object\":\"plan\",\"active\":false,\"aggregate_usage\":null,\"amount\":700,\"amount_decimal\":\"700\",\"billing_scheme\":\"per_unit\",\"created\":1758866228,\"currency\":\"usd\",\"interval\":\"month\",\"interval_count\":1,\"livemode\":false,\"metadata\":[],\"meter\":null,\"nickname\":null,\"product\":\"prod_T7jyrvJJsrvyLu\",\"tiers_mode\":null,\"transform_usage\":null,\"trial_period_days\":null,\"usage_type\":\"licensed\"},\"price\":{\"id\":\"price_1SBUeWH73FPpLAwLtIwrCt4Y\",\"object\":\"price\",\"active\":false,\"billing_scheme\":\"per_unit\",\"created\":1758866228,\"currency\":\"usd\",\"custom_unit_amount\":null,\"livemode\":false,\"lookup_key\":null,\"metadata\":[],\"nickname\":null,\"product\":\"prod_T7jyrvJJsrvyLu\",\"recurring\":{\"aggregate_usage\":null,\"interval\":\"month\",\"interval_count\":1,\"meter\":null,\"trial_period_days\":null,\"usage_type\":\"licensed\"},\"tax_behavior\":\"unspecified\",\"tiers_mode\":null,\"transform_quantity\":null,\"type\":\"recurring\",\"unit_amount\":700,\"unit_amount_decimal\":\"700\"},\"quantity\":1,\"subscription\":\"sub_1SBUepH73FPpLAwLWurNHCpW\",\"tax_rates\":[]}],\"has_more\":false,\"total_count\":1,\"url\":\"\\/v1\\/subscription_items?subscription=sub_1SBUepH73FPpLAwLWurNHCpW\"},\"latest_invoice\":\"in_1SBUepH73FPpLAwLMnN7siuO\",\"livemode\":false,\"metadata\":[],\"next_pending_invoice_item_invoice\":null,\"on_behalf_of\":null,\"pause_collection\":null,\"payment_settings\":{\"payment_method_options\":{\"acss_debit\":null,\"bancontact\":null,\"card\":{\"network\":null,\"request_three_d_secure\":\"automatic\"},\"customer_balance\":null,\"konbini\":null,\"sepa_debit\":null,\"us_bank_account\":null},\"payment_method_types\":[\"card\"],\"save_default_payment_method\":\"off\"},\"pending_invoice_item_interval\":null,\"pending_setup_intent\":null,\"pending_update\":null,\"plan\":{\"id\":\"price_1SBUeWH73FPpLAwLtIwrCt4Y\",\"object\":\"plan\",\"active\":false,\"aggregate_usage\":null,\"amount\":700,\"amount_decimal\":\"700\",\"billing_scheme\":\"per_unit\",\"created\":1758866228,\"currency\":\"usd\",\"interval\":\"month\",\"interval_count\":1,\"livemode\":false,\"metadata\":[],\"meter\":null,\"nickname\":null,\"product\":\"prod_T7jyrvJJsrvyLu\",\"tiers_mode\":null,\"transform_usage\":null,\"trial_period_days\":null,\"usage_type\":\"licensed\"},\"quantity\":1,\"schedule\":null,\"start_date\":1758866247,\"status\":\"active\",\"test_clock\":null,\"transfer_data\":null,\"trial_end\":null,\"trial_settings\":{\"end_behavior\":{\"missing_payment_method\":\"create_invoice\"}},\"trial_start\":null}', '{\"email\":\"amazo@gmail.com\",\"phone\":\"9876598765\"}', '{\"id\":2,\"name\":\"Weekly Enterprise\",\"description\":\"Weekly Basic Plan\",\"duration_id\":14,\"price\":\"7.00\",\"status\":1,\"type\":\"Paid\",\"ios_subscription_id\":null,\"android_subscription_id\":null,\"deleted_at\":null,\"created_at\":\"2025-09-26 10:44:11\",\"updated_at\":\"2025-09-26 10:44:11\",\"delete_url\":\"http:\\/\\/localhost\\/topsyapp\\/store\\/packages\\/2\",\"status_url\":\"http:\\/\\/localhost\\/topsyapp\\/store\\/packages\\/changestatus\"}', 'stripe', '2025-09-26', '2025-10-26', 'paid', '2025-09-26 00:27:30', '2025-09-26 00:27:30'),
(11, 37, 'wallet', 38, NULL, 100.00, 100.00, 0.00, 0.00, '₹', 'wd6vjl4bmw', '{\"id\":5412515052,\"domain\":\"test\",\"status\":\"success\",\"reference\":\"wd6vjl4bmw\",\"receipt_number\":null,\"amount\":10000,\"message\":null,\"gateway_response\":\"Successful\",\"paid_at\":\"2025-10-09T07:56:38.000Z\",\"created_at\":\"2025-10-09T07:55:55.000Z\",\"channel\":\"card\",\"currency\":\"NGN\",\"ip_address\":\"223.177.162.197\",\"metadata\":{\"user_id\":\"37\",\"amount\":\"100\"},\"log\":{\"start_time\":1759996572,\"time_spent\":24,\"attempts\":1,\"errors\":0,\"success\":true,\"mobile\":false,\"input\":[],\"history\":[{\"type\":\"action\",\"message\":\"Set payment method to: bank_transfer\",\"time\":6},{\"type\":\"action\",\"message\":\"Set payment method to: bank\",\"time\":10},{\"type\":\"action\",\"message\":\"Set payment method to: ussd\",\"time\":14},{\"type\":\"action\",\"message\":\"Set payment method to: card\",\"time\":15},{\"type\":\"action\",\"message\":\"Attempted to pay with card\",\"time\":23},{\"type\":\"success\",\"message\":\"Successfully paid with card\",\"time\":24}]},\"fees\":150,\"fees_split\":null,\"authorization\":{\"authorization_code\":\"AUTH_fg45cg5xdc\",\"bin\":\"408408\",\"last4\":\"4081\",\"exp_month\":\"12\",\"exp_year\":\"2030\",\"channel\":\"card\",\"card_type\":\"visa \",\"bank\":\"TEST BANK\",\"country_code\":\"NG\",\"brand\":\"visa\",\"reusable\":true,\"signature\":\"SIG_yhQxghTQHNLpmSahej3k\",\"account_name\":null,\"receiver_bank_account_number\":null,\"receiver_bank\":null},\"customer\":{\"id\":311160717,\"first_name\":null,\"last_name\":null,\"email\":\"satwantbambra@gmail.com\",\"customer_code\":\"CUS_kio29sw5wr3urjq\",\"phone\":null,\"metadata\":null,\"risk_action\":\"default\",\"international_format_phone\":null},\"plan\":null,\"split\":[],\"order_id\":null,\"paidAt\":\"2025-10-09T07:56:38.000Z\",\"createdAt\":\"2025-10-09T07:55:55.000Z\",\"requested_amount\":10000,\"pos_transaction_data\":null,\"source\":null,\"fees_breakdown\":null,\"connect\":null,\"transaction_date\":\"2025-10-09T07:55:55.000Z\",\"plan_object\":[],\"subaccount\":[]}', '{\"email\":\"satwantbambra@gmail.com\",\"phone\":\"9872038507\",\"message\":\"Money added to wallet\"}', NULL, 'paystack', NULL, NULL, 'success', '2025-10-09 02:29:45', '2025-10-09 02:29:45');

-- --------------------------------------------------------

--
-- Table structure for table `vehicles`
--

CREATE TABLE `vehicles` (
  `id` int(11) NOT NULL,
  `user_id` int(11) NOT NULL,
  `driver_id` int(11) NOT NULL,
  `vehicle_parent_category_id` int(11) NOT NULL,
  `vehicle_category_id` int(11) NOT NULL,
  `vehicle_brand_id` int(11) NOT NULL,
  `vehicle_model_id` int(11) NOT NULL,
  `vehicle_data` text DEFAULT NULL,
  `vehicle_year` int(11) DEFAULT NULL,
  `vehicle_color` varchar(10) DEFAULT NULL,
  `registration_number` varchar(90) DEFAULT NULL,
  `license_plate` varchar(90) DEFAULT NULL,
  `vehicle_image` varchar(255) DEFAULT NULL,
  `insurance_image` varchar(255) DEFAULT NULL,
  `road_worthiness_image` varchar(255) DEFAULT NULL,
  `vehicle_registration_image` varchar(255) DEFAULT NULL,
  `status` tinyint(4) NOT NULL DEFAULT 0,
  `created_at` timestamp NOT NULL DEFAULT current_timestamp(),
  `updated_at` timestamp NOT NULL DEFAULT current_timestamp() ON UPDATE current_timestamp(),
  `deleted_at` datetime DEFAULT NULL
) ENGINE=InnoDB DEFAULT CHARSET=utf8mb4 COLLATE=utf8mb4_general_ci;

--
-- Dumping data for table `vehicles`
--

INSERT INTO `vehicles` (`id`, `user_id`, `driver_id`, `vehicle_parent_category_id`, `vehicle_category_id`, `vehicle_brand_id`, `vehicle_model_id`, `vehicle_data`, `vehicle_year`, `vehicle_color`, `registration_number`, `license_plate`, `vehicle_image`, `insurance_image`, `road_worthiness_image`, `vehicle_registration_image`, `status`, `created_at`, `updated_at`, `deleted_at`) VALUES
(1, 4, 1, 1, 5, 1, 3, NULL, 2022, '6', 'REG003944', 'PB039933', 'vehicles/vehicle_image/au57dFP0xwSx3DNBf87jLqszDU7esfWr6iiSLEND.webp', 'vehicles/insurance_image/cNDOGfbLCOVpkllqkfZQpa9BAUzr6qH3pPlkWyGn.png', NULL, 'vehicles/vehicle_registration_image/th4g30I5Wu2LbdCD98FH0Dqwf0dXbEruxyE5h5RE.webp', 1, '2025-07-29 06:11:19', '2025-09-17 23:34:01', NULL),
(2, 5, 2, 1, 9, 14, 139, NULL, 2015, '7', 'REG0039440000', 'PB09 4367', 'vehicles/vehicle_image/11yAjFdmNl2y8OpAW0QRZhDuimJ0q3dKKGiOoqKz.jpg', 'vehicles/insurance_image/QOCPL5wGqZbTFTPfZuclyzAt61qLqenHO9mBzv0g.jpg', 'vehicles/road_worthiness_image/7muCxSnICcArzQmT1opa7B8i8Xa1bFBN9J9NXOgN.png', 'vehicles/vehicle_registration_image/MLjBoTtG7B9UxYTXDcnkU0uN0rqulgPhBU4bFMlp.jpg', 1, '2025-07-31 04:29:35', '2025-09-18 03:59:57', NULL),
(3, 7, 3, 14, 15, 1, 178, NULL, 2015, '99', 'REG000001', 'PB09 D0001', 'vehicles/vehicle_image/DFfYPhx3c1svZcEDbXaF5fsEzuYE0e8ZiJlQiOLP.jpg', 'vehicles/insurance_image/O5JfVs3qs4cvlfLHE2H9TbFw38gZ0A24SOW3rsFI.png', NULL, 'vehicles/vehicle_registration_image/7a8uFjef5Tjg9k1Wmnln2KRY2YLYcuvbNgcQboLb.jpg', 1, '2025-08-28 04:56:29', '2025-09-21 23:05:28', NULL);

-- --------------------------------------------------------

--
-- Table structure for table `vehicle_brands`
--

CREATE TABLE `vehicle_brands` (
  `id` bigint(20) UNSIGNED NOT NULL,
  `name` varchar(50) NOT NULL,
  `image` varchar(100) DEFAULT NULL,
  `status` tinyint(1) NOT NULL DEFAULT 0,
  `created_at` timestamp NULL DEFAULT NULL,
  `updated_at` timestamp NULL DEFAULT NULL
) ENGINE=InnoDB DEFAULT CHARSET=latin1 COLLATE=latin1_swedish_ci;

--
-- Dumping data for table `vehicle_brands`
--

INSERT INTO `vehicle_brands` (`id`, `name`, `image`, `status`, `created_at`, `updated_at`) VALUES
(1, 'Honda', '', 1, '2023-08-22 05:04:38', '2023-08-22 05:04:38'),
(2, 'Toyota', '', 1, '2023-08-22 05:05:46', '2023-08-22 05:05:46'),
(3, 'Tata', '', 1, '2023-08-22 05:06:41', '2023-08-22 05:06:41'),
(5, 'Holden', '', 1, '2025-02-28 09:47:51', '2025-02-28 09:47:51'),
(6, 'Jeep Cherokee', '', 1, '2025-02-28 09:49:07', '2025-02-28 09:49:07'),
(7, 'BMW', '', 1, '2025-05-06 05:34:18', '2025-05-06 05:34:18'),
(8, 'Ford', '', 1, '2025-05-06 05:47:27', '2025-05-06 05:47:27'),
(9, 'Kia', '', 1, '2025-05-06 05:55:44', '2025-05-06 05:56:39'),
(10, 'Hyundai', '', 1, '2025-05-06 06:00:09', '2025-05-06 06:00:09'),
(11, 'Mazda', '', 1, '2025-05-06 06:03:30', '2025-05-06 06:03:30'),
(12, 'Subaru', '', 1, '2025-05-06 06:03:36', '2025-05-06 06:03:36'),
(13, 'Mistibushi', '', 1, '2025-05-06 06:03:50', '2025-05-06 06:03:50'),
(14, 'Isuzu', '', 1, '2025-05-06 06:03:59', '2025-05-06 06:03:59'),
(15, 'Nissan', '', 1, '2025-05-06 06:04:05', '2025-05-06 06:04:05'),
(17, 'Tesla', '', 1, '2025-05-06 06:04:18', '2025-05-06 06:04:18'),
(19, 'Alfa Romeo', '', 1, '2025-05-06 06:04:34', '2025-05-06 06:04:34'),
(20, 'Alpine', '', 1, '2025-05-06 06:04:40', '2025-05-06 06:04:40'),
(21, 'Volkswagen', '', 1, '2025-05-06 06:04:53', '2025-05-06 06:04:53'),
(22, 'Lexus', '', 1, '2025-05-06 06:05:01', '2025-05-06 06:05:01'),
(23, 'Land Rover', '', 1, '2025-05-06 06:05:20', '2025-05-06 06:05:20'),
(24, 'LDV', '', 1, '2025-05-06 06:05:26', '2025-05-06 06:05:26'),
(25, 'Audi', '', 1, '2025-05-06 06:05:38', '2025-05-06 06:05:38'),
(26, 'Skoda', '', 1, '2025-05-06 06:05:44', '2025-05-06 06:05:44'),
(27, 'Renault', '', 1, '2025-05-06 06:05:49', '2025-05-06 06:05:49'),
(28, 'Jaguar', '', 1, '2025-05-06 06:05:59', '2025-05-06 06:05:59'),
(29, 'Volvo', '', 1, '2025-05-06 06:06:11', '2025-05-06 06:06:11'),
(30, 'Mercedes Benz', '', 1, '2025-05-06 06:06:22', '2025-05-06 06:06:22'),
(32, 'MG', '', 1, '2025-06-07 06:17:11', '2025-06-07 06:17:11');

-- --------------------------------------------------------

--
-- Table structure for table `vehicle_categories`
--

CREATE TABLE `vehicle_categories` (
  `id` int(11) NOT NULL,
  `parent_id` int(11) DEFAULT NULL,
  `name` varchar(500) NOT NULL,
  `description` varchar(500) DEFAULT NULL,
  `image` varchar(255) DEFAULT NULL,
  `map_icon` varchar(255) DEFAULT NULL,
  `status` tinyint(4) NOT NULL DEFAULT 0,
  `type` varchar(290) DEFAULT NULL,
  `created_at` timestamp NOT NULL DEFAULT current_timestamp(),
  `updated_at` timestamp NOT NULL DEFAULT current_timestamp() ON UPDATE current_timestamp(),
  `deleted_at` datetime DEFAULT NULL
) ENGINE=InnoDB DEFAULT CHARSET=utf8mb4 COLLATE=utf8mb4_general_ci;

--
-- Dumping data for table `vehicle_categories`
--

INSERT INTO `vehicle_categories` (`id`, `parent_id`, `name`, `description`, `image`, `map_icon`, `status`, `type`, `created_at`, `updated_at`, `deleted_at`) VALUES
(1, NULL, 'Car', NULL, 'categories/2TPvJ7ygR1fbRYIzEVqg6Ifb8p2vP0eRdet4DzNA.png', NULL, 1, 'Ride', '2025-07-25 10:52:44', '2025-09-18 22:26:15', NULL),
(2, NULL, 'Van', NULL, NULL, NULL, 1, 'Ride', '2025-07-25 10:52:44', '2025-09-18 00:03:22', '2025-09-18 05:33:22'),
(3, 1, 'Sedan', NULL, 'categories/iKqZixj2sPuvq9TCBS00cLRIZV0m9v8O2dovaKQ0.png', NULL, 1, NULL, '2025-07-25 10:54:31', '2025-09-18 00:25:36', NULL),
(4, 1, 'Hatchback', NULL, 'categories/RCiQdYKV1jzITX7BbEaNlvOnogADJOoRuIs8LcN1.png', NULL, 1, NULL, '2025-07-25 10:54:31', '2025-09-18 00:25:13', NULL),
(5, 1, 'SUV', NULL, 'categories/lplMbYfX8fndr8LcLUv7rVGzGpjpIOxxad2mzDVV.png', NULL, 1, NULL, '2025-07-25 10:54:31', '2025-09-18 00:27:44', NULL),
(6, 1, 'MUV', NULL, 'categories/ELqKVl62it5Nh7INOmDosn6tsdCyscJ8YRXzVGjx.png', NULL, 1, NULL, '2025-07-25 10:54:31', '2025-09-18 00:24:15', NULL),
(7, 1, 'Coupe', NULL, 'categories/gIiluMb8CMpMs2FHrmY0Pif8f3LJmOq3nCP0XC7R.png', NULL, 1, NULL, '2025-07-25 10:54:31', '2025-09-18 00:22:56', NULL),
(8, 1, 'Convertibles', NULL, 'categories/r98zun26ctnqRywy6aZUa2oQcmc1uR9pvOWYLcJO.png', NULL, 1, NULL, '2025-07-25 10:54:31', '2025-09-18 00:22:29', NULL),
(9, 1, 'Pickup Trucks', NULL, 'categories/I8n0aBwAHoGHxeeFBVwMTFBZvjDpEerxksIlLblf.png', NULL, 1, NULL, '2025-07-25 10:54:31', '2025-09-18 00:22:03', NULL),
(10, 2, 'Luton vans', NULL, NULL, NULL, 1, NULL, '2025-07-25 10:54:31', '2025-09-18 00:03:22', '2025-09-18 05:33:22'),
(11, 2, 'Box vans', NULL, NULL, NULL, 1, NULL, '2025-07-25 10:54:31', '2025-09-18 00:03:22', '2025-09-18 05:33:22'),
(12, 2, 'Crew vans', NULL, NULL, NULL, 1, NULL, '2025-07-25 10:54:31', '2025-09-18 00:03:22', '2025-09-18 05:33:22'),
(13, 2, 'Minibus', NULL, NULL, 'categories/z0nfKIHhQj1SEVE0LBKoylfXpz5IB2WaIfmdKF8f.png', 1, NULL, '2025-07-25 10:54:31', '2025-09-18 00:03:22', '2025-09-18 05:33:22'),
(14, NULL, 'Bike', '', 'categories/eDRS6rykLZqX1e0IATlPUSEeMGyfQhcxwjQzfjWi.png', NULL, 1, 'Delivery', '2025-08-28 04:24:24', '2025-09-18 00:04:49', NULL),
(15, 14, 'Bike', '', 'categories/4OMygymYUMVP40aUC5avwgEBMfHMpR4tDKS4Np0q.png', 'categories/RTOAj064TwIKn1NWMJWj71oAnEZv9jwGBfoRgSy7.webp', 1, NULL, '2025-08-28 04:28:25', '2025-09-18 00:21:11', NULL);

-- --------------------------------------------------------

--
-- Table structure for table `vehicle_models`
--

CREATE TABLE `vehicle_models` (
  `id` bigint(20) UNSIGNED NOT NULL,
  `vehicle_parent_id` int(11) DEFAULT 0,
  `vehicle_category_id` int(11) NOT NULL,
  `vehicle_brand_id` int(11) NOT NULL,
  `name` varchar(255) NOT NULL,
  `image` varchar(255) DEFAULT NULL,
  `status` tinyint(1) NOT NULL,
  `created_at` timestamp NULL DEFAULT NULL,
  `updated_at` timestamp NULL DEFAULT NULL
) ENGINE=InnoDB DEFAULT CHARSET=latin1 COLLATE=latin1_swedish_ci;

--
-- Dumping data for table `vehicle_models`
--

INSERT INTO `vehicle_models` (`id`, `vehicle_parent_id`, `vehicle_category_id`, `vehicle_brand_id`, `name`, `image`, `status`, `created_at`, `updated_at`) VALUES
(1, 1, 3, 1, 'Honda Sedan', '', 1, '2025-07-25 05:40:47', '2025-07-29 23:38:48'),
(2, 1, 4, 1, 'Honda Hatchback', '', 1, '2025-07-25 05:40:47', '2025-07-29 23:39:05'),
(3, 1, 5, 1, 'Honda SUV', '', 1, '2025-07-25 05:40:47', '2025-07-29 23:39:17'),
(4, 1, 6, 1, 'Honda MUV', '', 1, '2025-07-25 05:40:47', '2025-07-29 23:39:25'),
(5, 1, 7, 1, 'Honda Coupe', '', 1, '2025-07-25 05:40:47', '2025-07-29 23:39:33'),
(6, 1, 8, 1, 'Honda Convertibles', '', 1, '2025-07-25 05:40:47', '2025-07-29 23:39:40'),
(7, 1, 9, 1, 'Honda Pickup Truck', '', 1, '2025-07-25 05:40:47', '2025-07-29 23:42:31'),
(12, 1, 3, 2, 'Toyota Sedan', '', 1, '2025-07-25 05:40:47', '2025-07-29 23:41:34'),
(13, 1, 4, 2, 'Toyota Hatchback', '', 1, '2025-07-25 05:40:47', '2025-07-29 23:41:41'),
(14, 1, 5, 2, 'Toyota SUV', '', 1, '2025-07-25 05:40:47', '2025-07-29 23:41:51'),
(15, 1, 6, 2, 'Toyota MUV', '', 1, '2025-07-25 05:40:47', '2025-07-29 23:41:59'),
(16, 1, 7, 2, 'Toyota Coupe', '', 1, '2025-07-25 05:40:47', '2025-07-29 23:42:06'),
(17, 1, 8, 2, 'Toyota Convertibles', '', 1, '2025-07-25 05:40:47', '2025-07-29 23:42:15'),
(18, 1, 9, 2, 'Toyota Pickup Truck', '', 1, '2025-07-25 05:40:47', '2025-07-29 23:42:23'),
(23, 1, 3, 3, 'Tata Sedan', '', 1, '2025-07-25 05:40:47', '2025-07-29 23:42:42'),
(24, 1, 4, 3, 'Tata Hatchback', '', 1, '2025-07-25 05:40:47', '2025-07-29 23:42:48'),
(25, 1, 5, 3, 'Tata SUV', '', 1, '2025-07-25 05:40:47', '2025-07-29 23:42:54'),
(26, 1, 6, 3, 'Tata MUV', '', 1, '2025-07-25 05:40:47', '2025-07-29 23:43:01'),
(27, 1, 7, 3, 'Tata Coupe', '', 1, '2025-07-25 05:40:47', '2025-07-29 23:43:10'),
(28, 1, 8, 3, 'Tata Convertibles', '', 1, '2025-07-25 05:40:47', '2025-07-29 23:43:21'),
(29, 1, 9, 3, 'Tata Pickup Truck', '', 1, '2025-07-25 05:40:47', '2025-07-29 23:43:27'),
(34, 1, 3, 5, 'Holden Sedan', '', 1, '2025-07-25 05:40:47', '2025-07-29 23:43:36'),
(35, 1, 4, 5, 'Holden Hatchback', '', 1, '2025-07-25 05:40:47', '2025-07-29 23:43:44'),
(36, 1, 5, 5, 'Holden SUV', '', 1, '2025-07-25 05:40:47', '2025-07-29 23:43:51'),
(37, 1, 6, 5, 'Holden MUV', '', 1, '2025-07-25 05:40:47', '2025-07-29 23:44:00'),
(38, 1, 7, 5, 'Holden Coupe', '', 1, '2025-07-25 05:40:47', '2025-07-29 23:44:06'),
(39, 1, 8, 5, 'Holden Convertibles', '', 1, '2025-07-25 05:40:47', '2025-07-29 23:44:12'),
(40, 1, 9, 5, 'Holden Pickup Truck', '', 1, '2025-07-25 05:40:47', '2025-07-29 23:44:18'),
(45, 1, 3, 6, 'Jeep Cherokee Sedan', '', 1, '2025-07-25 05:40:47', '2025-07-29 23:44:28'),
(46, 1, 4, 6, 'Jeep Cherokee Hatchback', '', 1, '2025-07-25 05:40:47', '2025-07-29 23:44:34'),
(47, 1, 5, 6, 'Jeep Cherokee SUV', '', 1, '2025-07-25 05:40:47', '2025-07-29 23:44:47'),
(48, 1, 6, 6, 'Jeep Cherokee MUV', '', 1, '2025-07-25 05:40:47', '2025-07-29 23:44:52'),
(49, 1, 7, 6, 'Jeep Cherokee Coupe', '', 1, '2025-07-25 05:40:47', '2025-07-29 23:44:57'),
(50, 1, 8, 6, 'Jeep Cherokee Convertibles', '', 1, '2025-07-25 05:40:47', '2025-07-29 23:45:03'),
(51, 1, 9, 6, 'Jeep Cherokee Pickup Truck', '', 1, '2025-07-25 05:40:47', '2025-07-29 23:45:09'),
(56, 1, 3, 7, 'BMW Sedan', '', 1, '2025-07-25 05:40:47', '2025-07-29 23:45:17'),
(57, 1, 4, 7, 'BMW Hatchback', '', 1, '2025-07-25 05:40:47', '2025-07-29 23:45:26'),
(58, 1, 5, 7, 'BMW SUV', '', 1, '2025-07-25 05:40:47', '2025-07-29 23:45:32'),
(59, 1, 6, 7, 'BMW MUV', '', 1, '2025-07-25 05:40:47', '2025-07-29 23:45:40'),
(60, 1, 7, 7, 'BMW Coupe', '', 1, '2025-07-25 05:40:47', '2025-07-29 23:45:48'),
(61, 1, 8, 7, 'BMW Convertibles', '', 1, '2025-07-25 05:40:47', '2025-07-29 23:45:54'),
(62, 1, 9, 7, 'BMW Pickup Truck', '', 1, '2025-07-25 05:40:47', '2025-07-29 23:45:59'),
(67, 1, 3, 8, 'Ford Sedan', '', 1, '2025-07-25 05:40:47', '2025-07-29 23:46:11'),
(68, 1, 4, 8, 'Ford Hatchback', '', 1, '2025-07-25 05:40:47', '2025-07-29 23:46:17'),
(69, 1, 5, 8, 'Ford SUV', '', 1, '2025-07-25 05:40:47', '2025-07-29 23:46:22'),
(70, 1, 6, 8, 'Ford MUV', '', 1, '2025-07-25 05:40:47', '2025-07-29 23:46:28'),
(71, 1, 7, 8, 'Ford Coupe', '', 1, '2025-07-25 05:40:47', '2025-07-29 23:46:33'),
(72, 1, 8, 8, 'Ford Convertibles', '', 1, '2025-07-25 05:40:47', '2025-07-29 23:46:40'),
(73, 1, 9, 8, 'Ford Pickup Truck', '', 1, '2025-07-25 05:40:47', '2025-07-29 23:46:47'),
(78, 1, 3, 9, 'Kia Sedan', '', 1, '2025-07-25 05:40:47', '2025-07-29 23:46:58'),
(79, 1, 4, 9, 'Kia Hatchback', '', 1, '2025-07-25 05:40:47', '2025-07-29 23:47:04'),
(80, 1, 5, 9, 'Kia SUV', '', 1, '2025-07-25 05:40:47', '2025-07-29 23:47:11'),
(81, 1, 6, 9, 'Kia MUV', '', 1, '2025-07-25 05:40:47', '2025-07-29 23:47:16'),
(82, 1, 7, 9, 'Kia Coupe', '', 1, '2025-07-25 05:40:47', '2025-07-29 23:47:23'),
(83, 1, 8, 9, 'Kia Convertibles', '', 1, '2025-07-25 05:40:47', '2025-07-29 23:47:29'),
(84, 1, 9, 9, 'Kia Pickup Truck', '', 1, '2025-07-25 05:40:47', '2025-07-29 23:47:39'),
(89, 1, 3, 10, 'Hyundai Sedan', '', 1, '2025-07-25 05:40:47', '2025-07-29 23:50:39'),
(90, 1, 4, 10, 'Hyundai Hatchback', '', 1, '2025-07-25 05:40:47', '2025-07-29 23:51:04'),
(91, 1, 5, 10, 'Hyundai SUV', '', 1, '2025-07-25 05:40:47', '2025-07-29 23:51:09'),
(92, 1, 6, 10, 'Hyundai MUV', '', 1, '2025-07-25 05:40:47', '2025-07-29 23:51:16'),
(93, 1, 7, 10, 'Hyundai Coupe', '', 1, '2025-07-25 05:40:47', '2025-07-29 23:51:23'),
(94, 1, 8, 10, 'Hyundai Convertibles', '', 1, '2025-07-25 05:40:47', '2025-07-29 23:51:32'),
(95, 1, 9, 10, 'Hyundai Pickup Truck', '', 1, '2025-07-25 05:40:47', '2025-07-29 23:51:41'),
(100, 1, 3, 11, 'Mazda Sedan', '', 1, '2025-07-25 05:40:47', '2025-07-29 23:50:31'),
(101, 1, 4, 11, 'Mazda Hatchback', '', 1, '2025-07-25 05:40:47', '2025-07-29 23:51:52'),
(102, 1, 5, 11, 'Mazda SUV', '', 1, '2025-07-25 05:40:47', '2025-07-29 23:50:25'),
(103, 1, 6, 11, 'Mazda MUV', '', 1, '2025-07-25 05:40:47', '2025-07-29 23:51:59'),
(104, 1, 7, 11, 'Mazda Coupe', '', 1, '2025-07-25 05:40:47', '2025-07-29 23:52:05'),
(105, 1, 8, 11, 'Mazda Convertibles', '', 1, '2025-07-25 05:40:47', '2025-07-29 23:52:18'),
(106, 1, 9, 11, 'Mazda Pickup Truck', '', 1, '2025-07-25 05:40:47', '2025-07-29 23:52:24'),
(111, 1, 3, 12, 'Subaru Sedan', '', 1, '2025-07-25 05:40:47', '2025-07-29 23:50:15'),
(112, 1, 4, 12, 'Subaru Hatchback', '', 1, '2025-07-25 05:40:47', '2025-07-29 23:52:35'),
(113, 1, 5, 12, 'Subaru SUV', '', 1, '2025-07-25 05:40:47', '2025-07-29 23:50:05'),
(114, 1, 6, 12, 'Subaru MUV', '', 1, '2025-07-25 05:40:47', '2025-07-29 23:52:42'),
(115, 1, 7, 12, 'Subaru Coupe', '', 1, '2025-07-25 05:40:47', '2025-07-29 23:52:48'),
(116, 1, 8, 12, 'Subaru Convertibles', '', 1, '2025-07-25 05:40:47', '2025-07-29 23:52:54'),
(117, 1, 9, 12, 'Subaru Pickup Truck', '', 1, '2025-07-25 05:40:47', '2025-07-29 23:53:02'),
(122, 1, 3, 13, 'Mistibushi Sedan', '', 1, '2025-07-25 05:40:47', '2025-07-29 23:49:57'),
(123, 1, 4, 13, 'Mistibushi Hatchback', '', 1, '2025-07-25 05:40:47', '2025-07-29 23:53:11'),
(124, 1, 5, 13, 'Mistibushi SUV', '', 1, '2025-07-25 05:40:47', '2025-07-29 23:49:50'),
(125, 1, 6, 13, 'Mistibushi MUV', '', 1, '2025-07-25 05:40:47', '2025-07-29 23:53:17'),
(126, 1, 7, 13, 'Mistibushi Coupe', '', 1, '2025-07-25 05:40:47', '2025-07-29 23:53:22'),
(127, 1, 8, 13, 'Mistibushi Convertibles', '', 1, '2025-07-25 05:40:47', '2025-07-29 23:53:30'),
(128, 1, 9, 13, 'Mistibushi Pickup Truck', '', 1, '2025-07-25 05:40:47', '2025-07-29 23:53:37'),
(133, 1, 3, 14, 'Isuzu Sedan', '', 1, '2025-07-25 05:40:47', '2025-07-29 23:49:11'),
(134, 1, 4, 14, 'Isuzu Hatchback', '', 1, '2025-07-25 05:40:47', '2025-07-29 23:53:46'),
(135, 1, 5, 14, 'Isuzu SUV', '', 1, '2025-07-25 05:40:47', '2025-07-29 23:49:04'),
(136, 1, 6, 14, 'Isuzu MUV', '', 1, '2025-07-25 05:40:47', '2025-07-29 23:53:52'),
(137, 1, 7, 14, 'Isuzu Coupe', '', 1, '2025-07-25 05:40:47', '2025-07-29 23:54:03'),
(138, 1, 8, 14, 'Isuzu Convertibles', '', 1, '2025-07-25 05:40:47', '2025-07-29 23:54:08'),
(139, 1, 9, 14, 'Isuzu Pickup Truck', '', 1, '2025-07-25 05:40:47', '2025-07-29 23:54:13'),
(144, 1, 3, 15, 'Nissan Sedan', '', 1, '2025-07-25 05:40:47', '2025-07-29 23:49:17'),
(145, 1, 4, 15, 'Nissan Hatchback', '', 1, '2025-07-25 05:40:47', '2025-07-29 23:54:21'),
(146, 1, 5, 15, 'Nissan SUV', '', 1, '2025-07-25 05:40:47', '2025-07-29 23:48:56'),
(147, 1, 6, 15, 'Nissan MUV', '', 1, '2025-07-25 05:40:47', '2025-07-29 23:54:30'),
(148, 1, 7, 15, 'Nissan Coupe', '', 1, '2025-07-25 05:40:47', '2025-07-29 23:54:36'),
(149, 1, 8, 15, 'Nissan Convertibles', '', 1, '2025-07-25 05:40:47', '2025-07-29 23:54:41'),
(150, 1, 9, 15, 'Nissan Pickup Truck', '', 1, '2025-07-25 05:40:47', '2025-07-29 23:54:46'),
(155, 1, 3, 17, 'Tesla Sedan', '', 1, '2025-07-25 05:40:47', '2025-07-29 23:49:24'),
(156, 1, 4, 17, 'Tesla Hatchback', '', 1, '2025-07-25 05:40:47', '2025-07-29 23:54:55'),
(157, 1, 5, 17, 'Tesla SUV', '', 1, '2025-07-25 05:40:47', '2025-07-29 23:49:30'),
(158, 1, 6, 17, 'Tesla MUV', '', 1, '2025-07-25 05:40:47', '2025-07-29 23:55:04'),
(159, 1, 7, 17, 'Tesla Coupe', '', 1, '2025-07-25 05:40:47', '2025-07-29 23:55:10'),
(160, 1, 8, 17, 'Tesla Convertibles', '', 1, '2025-07-25 05:40:47', '2025-07-29 23:55:15'),
(161, 1, 9, 17, 'Tesla Pickup Truck', '', 1, '2025-07-25 05:40:47', '2025-07-29 23:55:20'),
(166, 1, 3, 19, 'Alfa Romeo Sedan', '', 1, '2025-07-25 05:40:47', '2025-07-29 23:49:36'),
(167, 1, 4, 19, 'Alfa Romeo Hatchback', '', 1, '2025-07-25 05:40:47', '2025-07-29 23:55:32'),
(168, 1, 5, 19, 'Alfa Romeo SUV', '', 1, '2025-07-25 05:40:47', '2025-07-29 23:48:33'),
(169, 1, 6, 19, 'Alfa Romeo MUV', '', 1, '2025-07-25 05:40:47', '2025-07-29 23:55:38'),
(170, 1, 7, 19, 'Alfa Romeo Coupe', '', 1, '2025-07-25 05:40:47', '2025-07-29 23:55:47'),
(171, 1, 8, 19, 'Alfa Romeo Convertibles', '', 1, '2025-07-25 05:40:47', '2025-07-29 23:55:54'),
(172, 1, 9, 19, 'Alfa Romeo Pickup Truck', '', 1, '2025-07-25 05:40:47', '2025-07-29 23:55:58'),
(178, 14, 15, 1, 'Honda CB300', 'models/b9kSK0fAgcU4ZbJTWIaATa7mUOwVlhuDKuwT85Ju.webp', 1, '2025-09-21 23:03:32', '2025-09-21 23:03:32');

-- --------------------------------------------------------

--
-- Table structure for table `wallets`
--

CREATE TABLE `wallets` (
  `id` bigint(20) UNSIGNED NOT NULL,
  `owner_type` varchar(90) NOT NULL,
  `owner_id` bigint(20) UNSIGNED NOT NULL,
  `balance` decimal(10,2) NOT NULL DEFAULT 0.00,
  `pending_dues` decimal(10,2) NOT NULL DEFAULT 0.00,
  `currency` varchar(3) NOT NULL DEFAULT 'INR',
  `created_at` timestamp NULL DEFAULT current_timestamp(),
  `updated_at` timestamp NULL DEFAULT current_timestamp() ON UPDATE current_timestamp()
) ENGINE=InnoDB DEFAULT CHARSET=utf8mb4 COLLATE=utf8mb4_unicode_ci;

--
-- Dumping data for table `wallets`
--

INSERT INTO `wallets` (`id`, `owner_type`, `owner_id`, `balance`, `pending_dues`, `currency`, `created_at`, `updated_at`) VALUES
(1, 'user', 37, 200.00, 14.27, '₹', '2025-09-18 03:46:20', '2025-10-09 02:29:45'),
(5, 'store', 1, 432.00, 0.00, '₹', '2025-09-18 04:44:49', '2025-09-18 04:44:49'),
(6, 'driver', 3, 0.00, 762.95, '₹', '2025-09-18 04:44:49', '2025-09-21 23:57:20'),
(8, 'store', 3, 395.00, 0.00, '₹', '2025-09-18 22:38:32', '2025-10-07 01:23:02'),
(9, 'driver', 2, 89.56, 0.00, '₹', '2025-09-20 03:43:31', '2025-09-20 04:04:44'),
(12, 'driver', 7, 151.20, 0.00, '$', '2025-10-01 05:07:12', '2025-10-01 10:43:02');

-- --------------------------------------------------------

--
-- Table structure for table `wallet_transactions`
--

CREATE TABLE `wallet_transactions` (
  `id` bigint(20) UNSIGNED NOT NULL,
  `wallet_id` bigint(20) UNSIGNED NOT NULL,
  `order_type` enum('ride','order','settlement','referral','wallet') NOT NULL,
  `order_id` bigint(20) UNSIGNED NOT NULL DEFAULT 0,
  `amount` decimal(10,2) NOT NULL,
  `type` enum('credit','debit') NOT NULL COMMENT 'credit to wallet; debit from wallet',
  `payment_mode` enum('online','cash','system') NOT NULL DEFAULT 'system',
  `status` enum('pending','completed','failed') NOT NULL DEFAULT 'completed',
  `description` varchar(255) DEFAULT NULL,
  `idempotency_key` varchar(100) DEFAULT NULL COMMENT 'prevent dupes',
  `created_at` timestamp NULL DEFAULT current_timestamp(),
  `updated_at` timestamp NULL DEFAULT current_timestamp() ON UPDATE current_timestamp()
) ENGINE=InnoDB DEFAULT CHARSET=utf8mb4 COLLATE=utf8mb4_unicode_ci;

--
-- Dumping data for table `wallet_transactions`
--

INSERT INTO `wallet_transactions` (`id`, `wallet_id`, `order_type`, `order_id`, `amount`, `type`, `payment_mode`, `status`, `description`, `idempotency_key`, `created_at`, `updated_at`) VALUES
(1, 1, 'wallet', 37, 100.00, 'credit', 'online', 'completed', 'Money Added to Wallet', 'b4a6f035-40fe-4b88-a78f-2f5d57a35384', '2025-09-18 03:46:20', '2025-09-18 03:46:20'),
(5, 5, 'order', 2, 432.00, 'credit', 'online', 'completed', 'Store earning (online order)', 'debc1d21-b1db-466d-babf-1c03356e76d2-store', '2025-09-18 04:44:49', '2025-09-18 04:44:49'),
(6, 6, 'ride', 1, 40.00, 'credit', 'online', 'completed', 'Delivery earning (online order)', 'debc1d21-b1db-466d-babf-1c03356e76d2-driver', '2025-09-18 04:44:49', '2025-09-18 04:44:49'),
(15, 8, 'order', 3, 956.48, 'credit', 'cash', 'completed', 'Store earning (cash order)', '14c901e0-e054-44c4-b79d-eb31c74bcb89-store', '2025-09-18 22:43:26', '2025-09-18 22:43:26'),
(16, 8, 'order', 3, 117.12, 'debit', 'system', 'completed', 'Store commission due (cash order)', '14c901e0-e054-44c4-b79d-eb31c74bcb89-store-due', '2025-09-18 22:43:26', '2025-09-18 22:43:26'),
(17, 6, 'ride', 2, 40.00, 'credit', 'cash', 'completed', 'Delivery earning (cash order)', '14c901e0-e054-44c4-b79d-eb31c74bcb89-driver', '2025-09-18 22:43:26', '2025-09-18 22:43:26'),
(18, 6, 'ride', 2, 956.48, 'debit', 'system', 'completed', 'Delivery payment due (cash order)', '14c901e0-e054-44c4-b79d-eb31c74bcb89-driver-due', '2025-09-18 22:43:26', '2025-09-18 22:43:26'),
(19, 8, 'settlement', 0, 117.12, 'debit', 'online', 'completed', 'Txn ID: Txnoo094, Fee: 5, Details: google pay', NULL, '2025-09-19 00:42:33', '2025-09-19 00:42:33'),
(20, 8, 'settlement', 0, 1.48, 'debit', 'system', 'completed', 'Txn ID: Done, Fee: , Details: google pay', NULL, '2025-09-19 00:57:19', '2025-09-19 00:57:19'),
(21, 6, 'ride', 3, 70.33, 'credit', 'online', 'completed', 'Ride earning (online)', 'irueibbdfjebrer', '2025-09-20 01:07:21', '2025-09-20 01:07:21'),
(22, 6, 'settlement', 0, 150.33, 'debit', 'system', 'completed', 'After online ride earning', NULL, '2025-09-20 01:07:21', '2025-09-20 01:07:21'),
(23, 9, 'ride', 4, 89.56, 'credit', 'online', 'completed', 'Ride earning (online)', NULL, '2025-09-20 04:04:44', '2025-09-22 05:26:41'),
(25, 6, 'ride', 5, 43.20, 'credit', 'online', 'completed', 'Ride earning (online)', 'newkey', '2025-09-21 23:57:20', '2025-09-21 23:57:20'),
(26, 6, 'settlement', 0, 43.20, 'debit', 'system', 'completed', 'After online ride earning', NULL, '2025-09-21 23:57:20', '2025-09-21 23:57:20'),
(34, 1, 'ride', 5, 14.27, 'debit', 'system', 'completed', 'Ride cancellation', '0bed5f6d-3747-4ace-807c-88b5a01a12f3', '2025-10-01 05:12:09', '2025-10-01 05:12:09'),
(35, 12, 'ride', 5, 151.02, 'credit', 'system', 'completed', 'Ride earning (cancellation)', '1eab4259-f819-4364-aa5b-76dd730378d3', '2025-10-01 05:12:09', '2025-10-01 05:12:09'),
(36, 8, 'wallet', 1, 490.00, 'debit', 'system', 'completed', 'Earning credited (withdrawal request)', NULL, '2025-10-07 01:24:26', '2025-10-07 01:24:26'),
(37, 8, 'wallet', 3, 10.00, 'debit', 'system', 'completed', 'Earning credited (withdrawal request)', NULL, '2025-10-07 01:25:15', '2025-10-07 01:25:15'),
(38, 1, 'wallet', 37, 100.00, 'credit', 'online', 'completed', 'Money Added to Wallet', '6f56212c-e268-4481-8ad4-feda0e31ca04', '2025-10-09 02:29:45', '2025-10-09 02:29:45');

-- --------------------------------------------------------

--
-- Table structure for table `withdrawal_requests`
--

CREATE TABLE `withdrawal_requests` (
  `id` int(11) NOT NULL,
  `user_id` int(11) NOT NULL,
  `amount` float(10,2) DEFAULT NULL,
  `total_amount` float(10,2) NOT NULL,
  `processing_fees` float(10,2) DEFAULT 0.00,
  `currency` varchar(4) DEFAULT NULL,
  `status` enum('Pending','Approved','Rejected','Cancelled') NOT NULL DEFAULT 'Pending',
  `processed_at` datetime DEFAULT NULL,
  `notes` text DEFAULT NULL,
  `details` text DEFAULT NULL,
  `bank_details` text DEFAULT NULL,
  `txn_id` varchar(255) DEFAULT NULL,
  `created_at` timestamp NOT NULL DEFAULT current_timestamp(),
  `updated_at` timestamp NOT NULL DEFAULT current_timestamp() ON UPDATE current_timestamp()
) ENGINE=InnoDB DEFAULT CHARSET=utf8mb4 COLLATE=utf8mb4_general_ci;

--
-- Dumping data for table `withdrawal_requests`
--

INSERT INTO `withdrawal_requests` (`id`, `user_id`, `amount`, `total_amount`, `processing_fees`, `currency`, `status`, `processed_at`, `notes`, `details`, `bank_details`, `txn_id`, `created_at`, `updated_at`) VALUES
(1, 40, 490.00, 500.00, 10.00, '₹', 'Approved', '2025-10-07 06:54:26', NULL, 'Google Pay', '{\"email\":\"restro@example.com\",\"phone\":\"9815547009\",\"payment_method\":null}', 'TXN009004', '2025-10-07 01:19:27', '2025-10-07 01:24:26'),
(2, 40, 50.00, 50.00, 0.00, '₹', 'Pending', NULL, NULL, NULL, '{\"email\":\"restro@example.com\",\"phone\":\"9815547009\",\"payment_method\":null}', NULL, '2025-10-07 01:22:13', '2025-10-07 01:22:13'),
(3, 40, 10.00, 10.00, NULL, '₹', 'Approved', '2025-10-07 06:55:15', NULL, NULL, '{\"email\":\"restro@example.com\",\"phone\":\"9815547009\",\"payment_method\":null}', 'TXN', '2025-10-07 01:23:02', '2025-10-07 01:25:16');

--
-- Indexes for dumped tables
--

--
-- Indexes for table `addresses`
--
ALTER TABLE `addresses`
  ADD PRIMARY KEY (`id`),
  ADD KEY `Index` (`id`,`user_id`,`state_id`,`country_id`,`city_id`);

--
-- Indexes for table `audit_logs`
--
ALTER TABLE `audit_logs`
  ADD PRIMARY KEY (`id`),
  ADD KEY `Index` (`id`,`user_id`) USING BTREE;

--
-- Indexes for table `banners`
--
ALTER TABLE `banners`
  ADD PRIMARY KEY (`id`),
  ADD KEY `Index` (`id`,`record_id`,`user_id`) USING BTREE;

--
-- Indexes for table `business_hours`
--
ALTER TABLE `business_hours`
  ADD PRIMARY KEY (`id`),
  ADD KEY `Index` (`id`,`store_id`) USING BTREE;

--
-- Indexes for table `calendar_events`
--
ALTER TABLE `calendar_events`
  ADD PRIMARY KEY (`id`);

--
-- Indexes for table `cars`
--
ALTER TABLE `cars`
  ADD PRIMARY KEY (`id`),
  ADD KEY `Index` (`id`,`vehicle_parent_category_id`,`vehicle_category_id`,`vehicle_brand_id`,`vehicle_model_id`);

--
-- Indexes for table `carts`
--
ALTER TABLE `carts`
  ADD PRIMARY KEY (`id`),
  ADD KEY `Index` (`id`,`user_id`,`product_id`) USING BTREE;

--
-- Indexes for table `cart_summaries`
--
ALTER TABLE `cart_summaries`
  ADD PRIMARY KEY (`id`);

--
-- Indexes for table `categories`
--
ALTER TABLE `categories`
  ADD PRIMARY KEY (`id`),
  ADD KEY `Index` (`id`,`parent_id`) USING BTREE;

--
-- Indexes for table `category_store`
--
ALTER TABLE `category_store`
  ADD PRIMARY KEY (`id`),
  ADD KEY `Index` (`id`,`store_id`,`category_id`) USING BTREE;

--
-- Indexes for table `chat_conversations`
--
ALTER TABLE `chat_conversations`
  ADD PRIMARY KEY (`id`);

--
-- Indexes for table `chat_messages`
--
ALTER TABLE `chat_messages`
  ADD PRIMARY KEY (`id`),
  ADD KEY `chat_messages_participation_id_foreign` (`participation_id`),
  ADD KEY `chat_messages_conversation_id_foreign` (`conversation_id`);

--
-- Indexes for table `chat_message_notifications`
--
ALTER TABLE `chat_message_notifications`
  ADD PRIMARY KEY (`id`),
  ADD KEY `participation_message_index` (`participation_id`,`message_id`),
  ADD KEY `chat_message_notifications_message_id_foreign` (`message_id`),
  ADD KEY `chat_message_notifications_conversation_id_foreign` (`conversation_id`);

--
-- Indexes for table `chat_participation`
--
ALTER TABLE `chat_participation`
  ADD PRIMARY KEY (`id`),
  ADD UNIQUE KEY `participation_index` (`conversation_id`,`messageable_id`,`messageable_type`);

--
-- Indexes for table `cities`
--
ALTER TABLE `cities`
  ADD PRIMARY KEY (`id`);

--
-- Indexes for table `colors`
--
ALTER TABLE `colors`
  ADD PRIMARY KEY (`id`);

--
-- Indexes for table `contacts`
--
ALTER TABLE `contacts`
  ADD PRIMARY KEY (`id`),
  ADD KEY `Index` (`user_id`);

--
-- Indexes for table `countries`
--
ALTER TABLE `countries`
  ADD PRIMARY KEY (`id`),
  ADD KEY `Index` (`id`,`sortname`,`status`,`dial_code`,`currency_code`,`timezone`) USING BTREE;

--
-- Indexes for table `country_vehicle_category`
--
ALTER TABLE `country_vehicle_category`
  ADD PRIMARY KEY (`id`),
  ADD KEY `Index` (`id`,`country_id`,`vehicle_category_id`) USING BTREE;

--
-- Indexes for table `coupons`
--
ALTER TABLE `coupons`
  ADD PRIMARY KEY (`id`);

--
-- Indexes for table `coupon_usages`
--
ALTER TABLE `coupon_usages`
  ADD PRIMARY KEY (`id`),
  ADD KEY `Index` (`id`,`user_id`,`coupon_id`) USING BTREE;

--
-- Indexes for table `delivery_charges`
--
ALTER TABLE `delivery_charges`
  ADD PRIMARY KEY (`id`);

--
-- Indexes for table `drivers`
--
ALTER TABLE `drivers`
  ADD PRIMARY KEY (`id`),
  ADD KEY `Index` (`id`,`country_id`,`state_id`,`city_id`,`user_id`,`latitude`,`longitude`,`is_active`,`has_ride`) USING BTREE;

--
-- Indexes for table `driver_block_logs`
--
ALTER TABLE `driver_block_logs`
  ADD PRIMARY KEY (`id`);

--
-- Indexes for table `durations`
--
ALTER TABLE `durations`
  ADD PRIMARY KEY (`id`);

--
-- Indexes for table `emails`
--
ALTER TABLE `emails`
  ADD PRIMARY KEY (`id`),
  ADD KEY `Index` (`id`,`user_id`) USING BTREE;

--
-- Indexes for table `email_details`
--
ALTER TABLE `email_details`
  ADD PRIMARY KEY (`id`),
  ADD KEY `Index` (`user_id`,`email_id`) USING BTREE;

--
-- Indexes for table `failed_jobs`
--
ALTER TABLE `failed_jobs`
  ADD PRIMARY KEY (`id`),
  ADD UNIQUE KEY `failed_jobs_uuid_unique` (`uuid`);

--
-- Indexes for table `faqs`
--
ALTER TABLE `faqs`
  ADD PRIMARY KEY (`id`);

--
-- Indexes for table `favorites`
--
ALTER TABLE `favorites`
  ADD PRIMARY KEY (`id`),
  ADD KEY `Index` (`id`,`user_id`,`favoritable_id`,`favoritable_type`);

--
-- Indexes for table `installments`
--
ALTER TABLE `installments`
  ADD PRIMARY KEY (`id`),
  ADD KEY `Index` (`id`,`rental_id`) USING BTREE;

--
-- Indexes for table `jobs`
--
ALTER TABLE `jobs`
  ADD PRIMARY KEY (`id`),
  ADD KEY `jobs_queue_index` (`queue`);

--
-- Indexes for table `job_batches`
--
ALTER TABLE `job_batches`
  ADD PRIMARY KEY (`id`);

--
-- Indexes for table `kanban_boards`
--
ALTER TABLE `kanban_boards`
  ADD PRIMARY KEY (`id`),
  ADD UNIQUE KEY `slug` (`slug`);

--
-- Indexes for table `kanban_tasks`
--
ALTER TABLE `kanban_tasks`
  ADD PRIMARY KEY (`id`),
  ADD KEY `kanban_board_id` (`kanban_board_id`);

--
-- Indexes for table `migrations`
--
ALTER TABLE `migrations`
  ADD PRIMARY KEY (`id`);

--
-- Indexes for table `model_has_permissions`
--
ALTER TABLE `model_has_permissions`
  ADD PRIMARY KEY (`permission_id`,`model_id`,`model_type`),
  ADD KEY `model_has_permissions_model_id_model_type_index` (`model_id`,`model_type`);

--
-- Indexes for table `model_has_roles`
--
ALTER TABLE `model_has_roles`
  ADD PRIMARY KEY (`role_id`,`model_id`,`model_type`),
  ADD KEY `model_has_roles_model_id_model_type_index` (`model_id`,`model_type`);

--
-- Indexes for table `notifications`
--
ALTER TABLE `notifications`
  ADD PRIMARY KEY (`id`);

--
-- Indexes for table `orders`
--
ALTER TABLE `orders`
  ADD PRIMARY KEY (`id`),
  ADD KEY `Index` (`id`,`user_id`,`store_id`);

--
-- Indexes for table `order_items`
--
ALTER TABLE `order_items`
  ADD PRIMARY KEY (`id`),
  ADD KEY `Index` (`id`,`order_id`,`product_id`);

--
-- Indexes for table `packages`
--
ALTER TABLE `packages`
  ADD PRIMARY KEY (`id`),
  ADD KEY `Index` (`id`,`duration_id`);

--
-- Indexes for table `parcel_categories`
--
ALTER TABLE `parcel_categories`
  ADD PRIMARY KEY (`id`),
  ADD KEY `Index` (`id`,`parent_id`);

--
-- Indexes for table `permissions`
--
ALTER TABLE `permissions`
  ADD PRIMARY KEY (`id`),
  ADD UNIQUE KEY `permissions_name_guard_name_unique` (`name`,`guard_name`);

--
-- Indexes for table `products`
--
ALTER TABLE `products`
  ADD PRIMARY KEY (`id`),
  ADD KEY `Index` (`id`,`store_id`,`category_id`);

--
-- Indexes for table `product_images`
--
ALTER TABLE `product_images`
  ADD PRIMARY KEY (`id`),
  ADD KEY `Index` (`id`,`product_id`);

--
-- Indexes for table `referrals`
--
ALTER TABLE `referrals`
  ADD PRIMARY KEY (`id`),
  ADD KEY `Index` (`id`,`user_id`,`refer_id`);

--
-- Indexes for table `rentals`
--
ALTER TABLE `rentals`
  ADD PRIMARY KEY (`id`),
  ADD KEY `Index` (`id`,`car_id`,`driver_id`);

--
-- Indexes for table `reviews`
--
ALTER TABLE `reviews`
  ADD PRIMARY KEY (`id`),
  ADD KEY `Index` (`id`,`reviewable_id`,`user_id`,`driver_id`);

--
-- Indexes for table `ride_pricing_rules`
--
ALTER TABLE `ride_pricing_rules`
  ADD PRIMARY KEY (`id`);

--
-- Indexes for table `ride_pricing_rule_conditions`
--
ALTER TABLE `ride_pricing_rule_conditions`
  ADD PRIMARY KEY (`id`);

--
-- Indexes for table `ride_requests`
--
ALTER TABLE `ride_requests`
  ADD PRIMARY KEY (`id`),
  ADD KEY `Index` (`id`,`user_id`,`driver_id`,`ride_temp_id`);

--
-- Indexes for table `ride_temps`
--
ALTER TABLE `ride_temps`
  ADD PRIMARY KEY (`id`),
  ADD KEY `Index` (`id`,`user_id`,`order_id`,`parcel_category_id`);

--
-- Indexes for table `roles`
--
ALTER TABLE `roles`
  ADD PRIMARY KEY (`id`),
  ADD UNIQUE KEY `roles_name_guard_name_unique` (`name`,`guard_name`);

--
-- Indexes for table `role_has_permissions`
--
ALTER TABLE `role_has_permissions`
  ADD PRIMARY KEY (`permission_id`,`role_id`),
  ADD KEY `role_has_permissions_role_id_foreign` (`role_id`);

--
-- Indexes for table `sessions`
--
ALTER TABLE `sessions`
  ADD PRIMARY KEY (`id`),
  ADD KEY `sessions_user_id_index` (`user_id`),
  ADD KEY `sessions_last_activity_index` (`last_activity`);

--
-- Indexes for table `settings`
--
ALTER TABLE `settings`
  ADD PRIMARY KEY (`id`);

--
-- Indexes for table `sos_alerts`
--
ALTER TABLE `sos_alerts`
  ADD PRIMARY KEY (`id`),
  ADD KEY `Index` (`id`,`user_id`);

--
-- Indexes for table `sos_contacts`
--
ALTER TABLE `sos_contacts`
  ADD PRIMARY KEY (`id`),
  ADD KEY `user_id` (`user_id`);

--
-- Indexes for table `states`
--
ALTER TABLE `states`
  ADD PRIMARY KEY (`id`);

--
-- Indexes for table `status_logs`
--
ALTER TABLE `status_logs`
  ADD PRIMARY KEY (`id`),
  ADD KEY `Index` (`id`,`user_id`,`trackable_id`);

--
-- Indexes for table `stores`
--
ALTER TABLE `stores`
  ADD PRIMARY KEY (`id`),
  ADD KEY `Index` (`id`,`user_id`,`country_id`,`state_id`,`city_id`);

--
-- Indexes for table `subscriptions`
--
ALTER TABLE `subscriptions`
  ADD PRIMARY KEY (`id`),
  ADD KEY `Index` (`id`,`user_id`,`package_id`);

--
-- Indexes for table `transactions`
--
ALTER TABLE `transactions`
  ADD PRIMARY KEY (`id`),
  ADD KEY `Index` (`id`,`user_id`,`transactionable_id`,`subscription_id`);

--
-- Indexes for table `vehicles`
--
ALTER TABLE `vehicles`
  ADD PRIMARY KEY (`id`),
  ADD KEY `Index` (`id`,`user_id`,`driver_id`,`vehicle_parent_category_id`,`vehicle_category_id`,`vehicle_brand_id`,`vehicle_model_id`);

--
-- Indexes for table `vehicle_brands`
--
ALTER TABLE `vehicle_brands`
  ADD PRIMARY KEY (`id`);

--
-- Indexes for table `vehicle_categories`
--
ALTER TABLE `vehicle_categories`
  ADD PRIMARY KEY (`id`),
  ADD KEY `Index` (`id`,`parent_id`);

--
-- Indexes for table `vehicle_models`
--
ALTER TABLE `vehicle_models`
  ADD PRIMARY KEY (`id`),
  ADD KEY `Index` (`id`,`vehicle_parent_id`,`vehicle_category_id`,`vehicle_brand_id`);

--
-- Indexes for table `wallets`
--
ALTER TABLE `wallets`
  ADD PRIMARY KEY (`id`),
  ADD UNIQUE KEY `wallets_owner_type_owner_id_unique` (`owner_type`,`owner_id`);

--
-- Indexes for table `wallet_transactions`
--
ALTER TABLE `wallet_transactions`
  ADD PRIMARY KEY (`id`),
  ADD UNIQUE KEY `idempotency_key` (`idempotency_key`),
  ADD KEY `transactions_order_type_index` (`order_type`),
  ADD KEY `transactions_wallet_id_foreign` (`wallet_id`);

--
-- Indexes for table `withdrawal_requests`
--
ALTER TABLE `withdrawal_requests`
  ADD PRIMARY KEY (`id`),
  ADD KEY `Index` (`id`,`user_id`);

--
-- AUTO_INCREMENT for dumped tables
--

--
-- AUTO_INCREMENT for table `addresses`
--
ALTER TABLE `addresses`
  MODIFY `id` int(11) NOT NULL AUTO_INCREMENT, AUTO_INCREMENT=3;

--
-- AUTO_INCREMENT for table `audit_logs`
--
ALTER TABLE `audit_logs`
  MODIFY `id` bigint(20) NOT NULL AUTO_INCREMENT, AUTO_INCREMENT=5;

--
-- AUTO_INCREMENT for table `banners`
--
ALTER TABLE `banners`
  MODIFY `id` int(11) NOT NULL AUTO_INCREMENT, AUTO_INCREMENT=14;

--
-- AUTO_INCREMENT for table `business_hours`
--
ALTER TABLE `business_hours`
  MODIFY `id` bigint(20) UNSIGNED NOT NULL AUTO_INCREMENT, AUTO_INCREMENT=8;

--
-- AUTO_INCREMENT for table `calendar_events`
--
ALTER TABLE `calendar_events`
  MODIFY `id` bigint(20) UNSIGNED NOT NULL AUTO_INCREMENT, AUTO_INCREMENT=4;

--
-- AUTO_INCREMENT for table `cars`
--
ALTER TABLE `cars`
  MODIFY `id` int(11) NOT NULL AUTO_INCREMENT, AUTO_INCREMENT=2;

--
-- AUTO_INCREMENT for table `carts`
--
ALTER TABLE `carts`
  MODIFY `id` int(11) NOT NULL AUTO_INCREMENT, AUTO_INCREMENT=8;

--
-- AUTO_INCREMENT for table `cart_summaries`
--
ALTER TABLE `cart_summaries`
  MODIFY `id` bigint(20) UNSIGNED NOT NULL AUTO_INCREMENT, AUTO_INCREMENT=5;

--
-- AUTO_INCREMENT for table `categories`
--
ALTER TABLE `categories`
  MODIFY `id` int(11) NOT NULL AUTO_INCREMENT, AUTO_INCREMENT=38;

--
-- AUTO_INCREMENT for table `category_store`
--
ALTER TABLE `category_store`
  MODIFY `id` int(11) NOT NULL AUTO_INCREMENT, AUTO_INCREMENT=18;

--
-- AUTO_INCREMENT for table `chat_conversations`
--
ALTER TABLE `chat_conversations`
  MODIFY `id` bigint(20) UNSIGNED NOT NULL AUTO_INCREMENT, AUTO_INCREMENT=3;

--
-- AUTO_INCREMENT for table `chat_messages`
--
ALTER TABLE `chat_messages`
  MODIFY `id` bigint(20) UNSIGNED NOT NULL AUTO_INCREMENT, AUTO_INCREMENT=34;

--
-- AUTO_INCREMENT for table `chat_message_notifications`
--
ALTER TABLE `chat_message_notifications`
  MODIFY `id` bigint(20) UNSIGNED NOT NULL AUTO_INCREMENT, AUTO_INCREMENT=67;

--
-- AUTO_INCREMENT for table `chat_participation`
--
ALTER TABLE `chat_participation`
  MODIFY `id` bigint(20) UNSIGNED NOT NULL AUTO_INCREMENT, AUTO_INCREMENT=5;

--
-- AUTO_INCREMENT for table `cities`
--
ALTER TABLE `cities`
  MODIFY `id` int(11) NOT NULL AUTO_INCREMENT, AUTO_INCREMENT=48358;

--
-- AUTO_INCREMENT for table `colors`
--
ALTER TABLE `colors`
  MODIFY `id` int(11) NOT NULL AUTO_INCREMENT, AUTO_INCREMENT=144;

--
-- AUTO_INCREMENT for table `contacts`
--
ALTER TABLE `contacts`
  MODIFY `id` int(11) NOT NULL AUTO_INCREMENT;

--
-- AUTO_INCREMENT for table `countries`
--
ALTER TABLE `countries`
  MODIFY `id` int(11) NOT NULL AUTO_INCREMENT, AUTO_INCREMENT=247;

--
-- AUTO_INCREMENT for table `country_vehicle_category`
--
ALTER TABLE `country_vehicle_category`
  MODIFY `id` int(11) NOT NULL AUTO_INCREMENT, AUTO_INCREMENT=19;

--
-- AUTO_INCREMENT for table `coupons`
--
ALTER TABLE `coupons`
  MODIFY `id` int(11) NOT NULL AUTO_INCREMENT, AUTO_INCREMENT=9;

--
-- AUTO_INCREMENT for table `coupon_usages`
--
ALTER TABLE `coupon_usages`
  MODIFY `id` int(11) NOT NULL AUTO_INCREMENT, AUTO_INCREMENT=15;

--
-- AUTO_INCREMENT for table `delivery_charges`
--
ALTER TABLE `delivery_charges`
  MODIFY `id` int(11) NOT NULL AUTO_INCREMENT, AUTO_INCREMENT=10;

--
-- AUTO_INCREMENT for table `drivers`
--
ALTER TABLE `drivers`
  MODIFY `id` int(11) NOT NULL AUTO_INCREMENT, AUTO_INCREMENT=4;

--
-- AUTO_INCREMENT for table `driver_block_logs`
--
ALTER TABLE `driver_block_logs`
  MODIFY `id` bigint(20) UNSIGNED NOT NULL AUTO_INCREMENT, AUTO_INCREMENT=3;

--
-- AUTO_INCREMENT for table `durations`
--
ALTER TABLE `durations`
  MODIFY `id` int(11) NOT NULL AUTO_INCREMENT, AUTO_INCREMENT=15;

--
-- AUTO_INCREMENT for table `emails`
--
ALTER TABLE `emails`
  MODIFY `id` int(11) NOT NULL AUTO_INCREMENT, AUTO_INCREMENT=2;

--
-- AUTO_INCREMENT for table `email_details`
--
ALTER TABLE `email_details`
  MODIFY `id` int(11) NOT NULL AUTO_INCREMENT, AUTO_INCREMENT=2;

--
-- AUTO_INCREMENT for table `failed_jobs`
--
ALTER TABLE `failed_jobs`
  MODIFY `id` bigint(20) UNSIGNED NOT NULL AUTO_INCREMENT, AUTO_INCREMENT=6;

--
-- AUTO_INCREMENT for table `faqs`
--
ALTER TABLE `faqs`
  MODIFY `id` int(11) NOT NULL AUTO_INCREMENT, AUTO_INCREMENT=11;

--
-- AUTO_INCREMENT for table `favorites`
--
ALTER TABLE `favorites`
  MODIFY `id` int(11) NOT NULL AUTO_INCREMENT;

--
-- AUTO_INCREMENT for table `installments`
--
ALTER TABLE `installments`
  MODIFY `id` bigint(20) NOT NULL AUTO_INCREMENT, AUTO_INCREMENT=2;

--
-- AUTO_INCREMENT for table `jobs`
--
ALTER TABLE `jobs`
  MODIFY `id` bigint(20) UNSIGNED NOT NULL AUTO_INCREMENT;

--
-- AUTO_INCREMENT for table `kanban_boards`
--
ALTER TABLE `kanban_boards`
  MODIFY `id` bigint(20) UNSIGNED NOT NULL AUTO_INCREMENT;

--
-- AUTO_INCREMENT for table `kanban_tasks`
--
ALTER TABLE `kanban_tasks`
  MODIFY `id` bigint(20) UNSIGNED NOT NULL AUTO_INCREMENT;

--
-- AUTO_INCREMENT for table `migrations`
--
ALTER TABLE `migrations`
  MODIFY `id` int(10) UNSIGNED NOT NULL AUTO_INCREMENT, AUTO_INCREMENT=8;

--
-- AUTO_INCREMENT for table `orders`
--
ALTER TABLE `orders`
  MODIFY `id` int(11) NOT NULL AUTO_INCREMENT, AUTO_INCREMENT=4;

--
-- AUTO_INCREMENT for table `order_items`
--
ALTER TABLE `order_items`
  MODIFY `id` int(11) NOT NULL AUTO_INCREMENT, AUTO_INCREMENT=7;

--
-- AUTO_INCREMENT for table `packages`
--
ALTER TABLE `packages`
  MODIFY `id` int(11) NOT NULL AUTO_INCREMENT, AUTO_INCREMENT=4;

--
-- AUTO_INCREMENT for table `parcel_categories`
--
ALTER TABLE `parcel_categories`
  MODIFY `id` int(11) NOT NULL AUTO_INCREMENT, AUTO_INCREMENT=6;

--
-- AUTO_INCREMENT for table `permissions`
--
ALTER TABLE `permissions`
  MODIFY `id` bigint(20) UNSIGNED NOT NULL AUTO_INCREMENT, AUTO_INCREMENT=101;

--
-- AUTO_INCREMENT for table `products`
--
ALTER TABLE `products`
  MODIFY `id` int(11) NOT NULL AUTO_INCREMENT, AUTO_INCREMENT=11;

--
-- AUTO_INCREMENT for table `product_images`
--
ALTER TABLE `product_images`
  MODIFY `id` int(11) NOT NULL AUTO_INCREMENT, AUTO_INCREMENT=30;

--
-- AUTO_INCREMENT for table `referrals`
--
ALTER TABLE `referrals`
  MODIFY `id` int(11) NOT NULL AUTO_INCREMENT;

--
-- AUTO_INCREMENT for table `rentals`
--
ALTER TABLE `rentals`
  MODIFY `id` bigint(20) NOT NULL AUTO_INCREMENT, AUTO_INCREMENT=5;

--
-- AUTO_INCREMENT for table `reviews`
--
ALTER TABLE `reviews`
  MODIFY `id` int(11) NOT NULL AUTO_INCREMENT, AUTO_INCREMENT=8;

--
-- AUTO_INCREMENT for table `ride_pricing_rules`
--
ALTER TABLE `ride_pricing_rules`
  MODIFY `id` bigint(20) NOT NULL AUTO_INCREMENT, AUTO_INCREMENT=6;

--
-- AUTO_INCREMENT for table `ride_pricing_rule_conditions`
--
ALTER TABLE `ride_pricing_rule_conditions`
  MODIFY `id` int(11) NOT NULL AUTO_INCREMENT, AUTO_INCREMENT=61;

--
-- AUTO_INCREMENT for table `ride_requests`
--
ALTER TABLE `ride_requests`
  MODIFY `id` int(11) NOT NULL AUTO_INCREMENT, AUTO_INCREMENT=6;

--
-- AUTO_INCREMENT for table `ride_temps`
--
ALTER TABLE `ride_temps`
  MODIFY `id` int(11) NOT NULL AUTO_INCREMENT, AUTO_INCREMENT=10;

--
-- AUTO_INCREMENT for table `roles`
--
ALTER TABLE `roles`
  MODIFY `id` bigint(20) UNSIGNED NOT NULL AUTO_INCREMENT, AUTO_INCREMENT=4;

--
-- AUTO_INCREMENT for table `settings`
--
ALTER TABLE `settings`
  MODIFY `id` int(11) NOT NULL AUTO_INCREMENT, AUTO_INCREMENT=34;

--
-- AUTO_INCREMENT for table `sos_alerts`
--
ALTER TABLE `sos_alerts`
  MODIFY `id` int(11) NOT NULL AUTO_INCREMENT;

--
-- AUTO_INCREMENT for table `sos_contacts`
--
ALTER TABLE `sos_contacts`
  MODIFY `id` bigint(20) UNSIGNED NOT NULL AUTO_INCREMENT, AUTO_INCREMENT=5;

--
-- AUTO_INCREMENT for table `states`
--
ALTER TABLE `states`
  MODIFY `id` int(11) NOT NULL AUTO_INCREMENT, AUTO_INCREMENT=4122;

--
-- AUTO_INCREMENT for table `status_logs`
--
ALTER TABLE `status_logs`
  MODIFY `id` int(11) NOT NULL AUTO_INCREMENT, AUTO_INCREMENT=12;

--
-- AUTO_INCREMENT for table `stores`
--
ALTER TABLE `stores`
  MODIFY `id` int(11) NOT NULL AUTO_INCREMENT, AUTO_INCREMENT=5;

--
-- AUTO_INCREMENT for table `subscriptions`
--
ALTER TABLE `subscriptions`
  MODIFY `id` int(11) NOT NULL AUTO_INCREMENT, AUTO_INCREMENT=3;

--
-- AUTO_INCREMENT for table `transactions`
--
ALTER TABLE `transactions`
  MODIFY `id` int(11) NOT NULL AUTO_INCREMENT, AUTO_INCREMENT=12;

--
-- AUTO_INCREMENT for table `vehicles`
--
ALTER TABLE `vehicles`
  MODIFY `id` int(11) NOT NULL AUTO_INCREMENT, AUTO_INCREMENT=4;

--
-- AUTO_INCREMENT for table `vehicle_brands`
--
ALTER TABLE `vehicle_brands`
  MODIFY `id` bigint(20) UNSIGNED NOT NULL AUTO_INCREMENT, AUTO_INCREMENT=33;

--
-- AUTO_INCREMENT for table `vehicle_categories`
--
ALTER TABLE `vehicle_categories`
  MODIFY `id` int(11) NOT NULL AUTO_INCREMENT, AUTO_INCREMENT=16;

--
-- AUTO_INCREMENT for table `vehicle_models`
--
ALTER TABLE `vehicle_models`
  MODIFY `id` bigint(20) UNSIGNED NOT NULL AUTO_INCREMENT, AUTO_INCREMENT=179;

--
-- AUTO_INCREMENT for table `wallets`
--
ALTER TABLE `wallets`
  MODIFY `id` bigint(20) UNSIGNED NOT NULL AUTO_INCREMENT, AUTO_INCREMENT=13;

--
-- AUTO_INCREMENT for table `wallet_transactions`
--
ALTER TABLE `wallet_transactions`
  MODIFY `id` bigint(20) UNSIGNED NOT NULL AUTO_INCREMENT, AUTO_INCREMENT=39;

--
-- AUTO_INCREMENT for table `withdrawal_requests`
--
ALTER TABLE `withdrawal_requests`
  MODIFY `id` int(11) NOT NULL AUTO_INCREMENT, AUTO_INCREMENT=4;

--
-- Constraints for dumped tables
--

--
-- Constraints for table `chat_messages`
--
ALTER TABLE `chat_messages`
  ADD CONSTRAINT `chat_messages_conversation_id_foreign` FOREIGN KEY (`conversation_id`) REFERENCES `chat_conversations` (`id`) ON DELETE CASCADE,
  ADD CONSTRAINT `chat_messages_participation_id_foreign` FOREIGN KEY (`participation_id`) REFERENCES `chat_participation` (`id`) ON DELETE SET NULL;

--
-- Constraints for table `chat_message_notifications`
--
ALTER TABLE `chat_message_notifications`
  ADD CONSTRAINT `chat_message_notifications_conversation_id_foreign` FOREIGN KEY (`conversation_id`) REFERENCES `chat_conversations` (`id`) ON DELETE CASCADE,
  ADD CONSTRAINT `chat_message_notifications_message_id_foreign` FOREIGN KEY (`message_id`) REFERENCES `chat_messages` (`id`) ON DELETE CASCADE,
  ADD CONSTRAINT `chat_message_notifications_participation_id_foreign` FOREIGN KEY (`participation_id`) REFERENCES `chat_participation` (`id`) ON DELETE CASCADE;

--
-- Constraints for table `chat_participation`
--
ALTER TABLE `chat_participation`
  ADD CONSTRAINT `chat_participation_conversation_id_foreign` FOREIGN KEY (`conversation_id`) REFERENCES `chat_conversations` (`id`) ON DELETE CASCADE;

--
-- Constraints for table `kanban_tasks`
--
ALTER TABLE `kanban_tasks`
  ADD CONSTRAINT `kanban_tasks_ibfk_1` FOREIGN KEY (`kanban_board_id`) REFERENCES `kanban_boards` (`id`) ON DELETE CASCADE;

--
-- Constraints for table `model_has_permissions`
--
ALTER TABLE `model_has_permissions`
  ADD CONSTRAINT `model_has_permissions_permission_id_foreign` FOREIGN KEY (`permission_id`) REFERENCES `permissions` (`id`) ON DELETE CASCADE;

--
-- Constraints for table `model_has_roles`
--
ALTER TABLE `model_has_roles`
  ADD CONSTRAINT `model_has_roles_role_id_foreign` FOREIGN KEY (`role_id`) REFERENCES `roles` (`id`) ON DELETE CASCADE;

--
-- Constraints for table `role_has_permissions`
--
ALTER TABLE `role_has_permissions`
  ADD CONSTRAINT `role_has_permissions_permission_id_foreign` FOREIGN KEY (`permission_id`) REFERENCES `permissions` (`id`) ON DELETE CASCADE,
  ADD CONSTRAINT `role_has_permissions_role_id_foreign` FOREIGN KEY (`role_id`) REFERENCES `roles` (`id`) ON DELETE CASCADE;

--
-- Constraints for table `sos_contacts`
--
ALTER TABLE `sos_contacts`
  ADD CONSTRAINT `sos_contacts_ibfk_1` FOREIGN KEY (`user_id`) REFERENCES `users` (`id`) ON DELETE CASCADE;

--
-- Constraints for table `wallet_transactions`
--
ALTER TABLE `wallet_transactions`
  ADD CONSTRAINT `transactions_wallet_id_foreign` FOREIGN KEY (`wallet_id`) REFERENCES `wallets` (`id`) ON DELETE CASCADE;
COMMIT;

